000
CDUS43 KEAX 260032
CLIDMO


CLIMATE REPORT
NATIONAL WEATHER SERVICE KANSAS CITY/PLEASANT HILL MO
632 PM CST TUE NOV 25 2014


...................................

...THE SEDALIA MO CLIMATE SUMMARY FOR NOVEMBER 25 2014...
VALID TODAY AS OF 0600 PM LOCAL TIME.

CLIMATE NORMAL PERIOD 1981 TO 2010
CLIMATE RECORD PERIOD 9999 TO 9999


WEATHER ITEM   OBSERVED TIME   NORMAL DEPARTURE LAST
                VALUE   (LST)  VALUE  FROM      YEAR
                                      NORMAL
......................................................
TEMPERATURE (F)
 TODAY
  MAXIMUM         41    259 PM  51    -10       37
  MINIMUM         24    722 AM  34    -10       29
  AVERAGE         33            42     -9       33

PRECIPITATION (IN)
  TODAY            0.00          0.10  -0.10     0.00
  MONTH TO DATE    1.26          2.60  -1.34     2.04
  SINCE SEP 1     11.72         10.35   1.37     9.15
  SINCE JAN 1     33.29         38.29  -5.00    39.06

DEGREE DAYS
 HEATING
  TODAY           32            23      9       32
  MONTH TO DATE  639           432    207      500
  SINCE SEP 1    878           722    156      798
  SINCE JUL 1    878           723    155      798

 COOLING
  TODAY            0             0      0        0
  MONTH TO DATE    0             0      0        0
  SINCE SEP 1    192           202    -10      270
  SINCE JAN 1   1409          1487    -78     1485
......................................................


WIND (MPH)
  HIGHEST WIND SPEED    17   HIGHEST WIND DIRECTION    NW (310)
  HIGHEST GUST SPEED    22   HIGHEST GUST DIRECTION    NW (320)
  AVERAGE WIND SPEED     8.6


SKY COVER
  AVERAGE SKY COVER 0.0


WEATHER CONDITIONS
 THE FOLLOWING WEATHER WAS RECORDED TODAY.
  NO SIGNIFICANT WEATHER WAS OBSERVED.


RELATIVE HUMIDITY (PERCENT)
 HIGHEST    69           300 AM
 LOWEST     34           300 PM
 AVERAGE    52

..........................................................


THE SEDALIA MO CLIMATE NORMALS FOR TOMORROW
                         NORMAL
 MAXIMUM TEMPERATURE (F)   50
 MINIMUM TEMPERATURE (F)   33


SUNRISE AND SUNSET
NOVEMBER 25 2014......SUNRISE   705 AM CST   SUNSET   453 PM CST
NOVEMBER 26 2014......SUNRISE   706 AM CST   SUNSET   453 PM CST


-  INDICATES NEGATIVE NUMBERS.
R  INDICATES RECORD WAS SET OR TIED.
MM INDICATES DATA IS MISSING.
T  INDICATES TRACE AMOUNT.




$$
