000
CDUS43 KEAX 200634
CLIDMO


CLIMATE REPORT
NATIONAL WEATHER SERVICE KANSAS CITY/PLEASANT HILL MO
134 AM CDT SUN AUG 20 2017


...................................

...THE SEDALIA MO CLIMATE SUMMARY FOR AUGUST 19 2017...

CLIMATE NORMAL PERIOD 1981 TO 2010
CLIMATE RECORD PERIOD 9999 TO 9999


WEATHER ITEM   OBSERVED TIME   NORMAL DEPARTURE LAST
                VALUE   (LST)  VALUE  FROM      YEAR
                                      NORMAL
......................................................
TEMPERATURE (F)
 YESTERDAY
  MAXIMUM         93    326 PM  89      4       87
  MINIMUM         69    110 AM  67      2       69
  AVERAGE         81            78      3       78

PRECIPITATION (IN)
  YESTERDAY        0.00          0.12  -0.12     0.78
  MONTH TO DATE    2.12          1.82   0.30     2.00
  SINCE JUN 1     10.50         11.12  -0.62    14.75
  SINCE JAN 1     26.69         26.27   0.42    24.01

DEGREE DAYS
 HEATING
  YESTERDAY        0             0      0        0
  MONTH TO DATE    5             0      5        0
  SINCE JUN 1      5             6     -1        0
  SINCE JUL 1      5             0      5        0

 COOLING
  YESTERDAY       16            13      3       13
  MONTH TO DATE  174           263    -89      273
  SINCE JUN 1    914          1004    -90     1152
  SINCE JAN 1   1077          1143    -66     1274
......................................................


WIND (MPH)
  HIGHEST WIND SPEED    10   HIGHEST WIND DIRECTION    SW (220)
  HIGHEST GUST SPEED    13   HIGHEST GUST DIRECTION    SW (220)
  AVERAGE WIND SPEED     4.3


SKY COVER
  AVERAGE SKY COVER 0.0


WEATHER CONDITIONS
 THE FOLLOWING WEATHER WAS RECORDED YESTERDAY.
  NO SIGNIFICANT WEATHER WAS OBSERVED.


RELATIVE HUMIDITY (PERCENT)
 HIGHEST   100          1200 AM
 LOWEST     49           200 PM
 AVERAGE    75

..........................................................


THE SEDALIA MO CLIMATE NORMALS FOR TODAY
                         NORMAL
 MAXIMUM TEMPERATURE (F)   89
 MINIMUM TEMPERATURE (F)   67


SUNRISE AND SUNSET
AUGUST 20 2017........SUNRISE   631 AM CDT   SUNSET   800 PM CDT
AUGUST 21 2017........SUNRISE   632 AM CDT   SUNSET   758 PM CDT


-  INDICATES NEGATIVE NUMBERS.
R  INDICATES RECORD WAS SET OR TIED.
MM INDICATES DATA IS MISSING.
T  INDICATES TRACE AMOUNT.




$$
