000
CDUS43 KEAX 050642
CLIDMO


CLIMATE REPORT
NATIONAL WEATHER SERVICE KANSAS CITY/PLEASANT HILL MO
1241 AM CST THU MAR 5 2015


...................................

...THE SEDALIA MO CLIMATE SUMMARY FOR MARCH 4 2015...

CLIMATE NORMAL PERIOD 1981 TO 2010
CLIMATE RECORD PERIOD 9999 TO 9999


WEATHER ITEM   OBSERVED TIME   NORMAL DEPARTURE LAST
                VALUE   (LST)  VALUE  FROM      YEAR
                                      NORMAL
......................................................
TEMPERATURE (F)
 YESTERDAY
  MAXIMUM         34   1245 AM  52    -18       47
  MINIMUM         20   1159 PM  32    -12       13
  AVERAGE         27            42    -15       30

PRECIPITATION (IN)
  YESTERDAY       MM             0.08  MM        0.00
  MONTH TO DATE    0.06          0.31  -0.25     0.03
  SINCE MAR 1      0.06          0.31  -0.25     0.03
  SINCE JAN 1      2.14          3.91  -1.77     0.97

DEGREE DAYS
 HEATING
  YESTERDAY       38            23     15       35
  MONTH TO DATE  143            95     48      180
  SINCE MAR 1    143            95     48      180
  SINCE JUL 1   3991          3712    279     4399

 COOLING
  YESTERDAY        0             0      0        0
  MONTH TO DATE    0             0      0        0
  SINCE MAR 1      0             0      0        0
  SINCE JAN 1      0             0      0        0
......................................................


WIND (MPH)
  HIGHEST WIND SPEED    25   HIGHEST WIND DIRECTION     N (340)
  HIGHEST GUST SPEED    31   HIGHEST GUST DIRECTION     N (360)
  AVERAGE WIND SPEED    13.0


SKY COVER
  AVERAGE SKY COVER 0.7


WEATHER CONDITIONS
 THE FOLLOWING WEATHER WAS RECORDED YESTERDAY.
  LIGHT SNOW
  FOG


RELATIVE HUMIDITY (PERCENT)
 HIGHEST    84           600 AM
 LOWEST     40           600 PM
 AVERAGE    62

..........................................................


THE SEDALIA MO CLIMATE NORMALS FOR TODAY
                         NORMAL
 MAXIMUM TEMPERATURE (F)   52
 MINIMUM TEMPERATURE (F)   32


SUNRISE AND SUNSET
MARCH  5 2015.........SUNRISE   639 AM CST   SUNSET   609 PM CST
MARCH  6 2015.........SUNRISE   638 AM CST   SUNSET   610 PM CST


-  INDICATES NEGATIVE NUMBERS.
R  INDICATES RECORD WAS SET OR TIED.
MM INDICATES DATA IS MISSING.
T  INDICATES TRACE AMOUNT.




$$
