000
CDUS42 KCAE 290530
CLIDNL


CLIMATE REPORT
NATIONAL WEATHER SERVICE COLUMBIA SC
129 AM EDT SUN MAY 29 2016


...................................

...THE AUGUSTA DANIEL FIELD GA CLIMATE SUMMARY FOR MAY 28 2016...

CLIMATE NORMAL PERIOD 1981 TO 2010
CLIMATE RECORD PERIOD 9999 TO 9999


WEATHER ITEM   OBSERVED TIME   NORMAL DEPARTURE LAST
                VALUE   (LST)  VALUE  FROM      YEAR
                                      NORMAL
......................................................
TEMPERATURE (F)
 YESTERDAY
  MAXIMUM         84    206 PM  86     -2       88
  MINIMUM         65    603 AM  66     -1       71
  AVERAGE         75            76     -1       80

PRECIPITATION (IN)
  YESTERDAY        0.06          0.13  -0.07     0.00
  MONTH TO DATE    3.09          2.74   0.35     1.45
  SINCE MAR 1      8.32         10.00  -1.68     7.51
  SINCE JAN 1     12.93         18.24  -5.31    12.44

DEGREE DAYS
 HEATING
  YESTERDAY        0             0      0        0
  MONTH TO DATE    7             8     -1        2
  SINCE MAR 1    162           354   -192      181
  SINCE JUL 1   1463          2167   -704     2036

 COOLING
  YESTERDAY       10            11     -1       15
  MONTH TO DATE  252           221     31      313
  SINCE MAR 1    479           318    161      504
  SINCE JAN 1    485           322    163      504
......................................................


WIND (MPH)
  HIGHEST WIND SPEED    15   HIGHEST WIND DIRECTION     E (90)
  HIGHEST GUST SPEED    20   HIGHEST GUST DIRECTION     E (80)
  AVERAGE WIND SPEED     5.5


SKY COVER
  AVERAGE SKY COVER 0.4


WEATHER CONDITIONS
 THE FOLLOWING WEATHER WAS RECORDED YESTERDAY.
  LIGHT RAIN


RELATIVE HUMIDITY (PERCENT)
 HIGHEST    81           300 AM
 LOWEST     58          1200 PM

..........................................................


THE AUGUSTA DANIEL FIELD GA CLIMATE NORMALS FOR TODAY
                         NORMAL    RECORD    YEAR
 MAXIMUM TEMPERATURE (F)   87        MM        MM
 MINIMUM TEMPERATURE (F)   67        MM        MM


SUNRISE AND SUNSET
MAY 29 2016...........SUNRISE   620 AM EDT   SUNSET   831 PM EDT
MAY 30 2016...........SUNRISE   620 AM EDT   SUNSET   832 PM EDT


-  INDICATES NEGATIVE NUMBERS.
R  INDICATES RECORD WAS SET OR TIED.
MM INDICATES DATA IS MISSING.
T  INDICATES TRACE AMOUNT.




$$
