000
CDUS42 KCAE 200540
CLIDNL


CLIMATE REPORT
NATIONAL WEATHER SERVICE COLUMBIA SC
140 AM EDT SAT SEP 20 2014


...................................

...THE AUGUSTA DANIEL FIELD GA CLIMATE SUMMARY FOR SEPTEMBER 19 2014...

CLIMATE NORMAL PERIOD 1981 TO 2010
CLIMATE RECORD PERIOD 9999 TO 9999


WEATHER ITEM   OBSERVED TIME   RECORD YEAR NORMAL DEPARTURE LAST
                VALUE   (LST)  VALUE       VALUE  FROM      YEAR
                                                  NORMAL
..................................................................
TEMPERATURE (F)
 YESTERDAY
  MAXIMUM         84    339 PM  MM      MM  84      0       85
  MINIMUM         70   1159 PM  MM      MM  65      5       61
  AVERAGE         77                        75      2       73

PRECIPITATION (IN)
  YESTERDAY        T            MM      MM   0.09  -0.09     0.00
  MONTH TO DATE    3.68                      2.30   1.38     0.58
  SINCE SEP 1      3.68                      2.30   1.38     0.58
  SINCE JAN 1     32.17                     35.46  -3.29    49.65

DEGREE DAYS
 HEATING
  YESTERDAY        0                         0      0        0
  MONTH TO DATE    0                         0      0        0
  SINCE SEP 1      0                         0      0        0
  SINCE JUL 1      0                         0      0        0

 COOLING
  YESTERDAY       12                        10      2        8
  MONTH TO DATE  306                       229     77      277
  SINCE SEP 1    306                       229     77      277
  SINCE JAN 1   2377                      2040    337     1879
..................................................................


WIND (MPH)
  HIGHEST WIND SPEED    18   HIGHEST WIND DIRECTION     E (90)
  HIGHEST GUST SPEED    26   HIGHEST GUST DIRECTION     E (80)
  AVERAGE WIND SPEED     8.1


SKY COVER
  AVERAGE SKY COVER 0.3


WEATHER CONDITIONS
 THE FOLLOWING WEATHER WAS RECORDED YESTERDAY.
  LIGHT RAIN


RELATIVE HUMIDITY (PERCENT)
 HIGHEST    97           600 AM
 LOWEST     58           300 PM

..........................................................


THE AUGUSTA DANIEL FIELD GA CLIMATE NORMALS FOR TODAY
                         NORMAL    RECORD    YEAR
 MAXIMUM TEMPERATURE (F)   84        MM        MM
 MINIMUM TEMPERATURE (F)   65        MM        MM


SUNRISE AND SUNSET
SEPTEMBER 20 2014.....SUNRISE   715 AM EDT   SUNSET   728 PM EDT
SEPTEMBER 21 2014.....SUNRISE   716 AM EDT   SUNSET   726 PM EDT


-  INDICATES NEGATIVE NUMBERS.
R  INDICATES RECORD WAS SET OR TIED.
MM INDICATES DATA IS MISSING.
T  INDICATES TRACE AMOUNT.




$$
