000
CDUS42 KCAE 062217
CLIDNL


CLIMATE REPORT
NATIONAL WEATHER SERVICE COLUMBIA SC
517 PM EST FRI MAR 6 2015


...................................

...THE AUGUSTA DANIEL FIELD GA CLIMATE SUMMARY FOR MARCH 6 2015...
VALID TODAY AS OF 0500 PM LOCAL TIME.

CLIMATE NORMAL PERIOD 1981 TO 2010
CLIMATE RECORD PERIOD 9999 TO 9999


WEATHER ITEM   OBSERVED TIME   NORMAL DEPARTURE LAST
                VALUE   (LST)  VALUE  FROM      YEAR
                                      NORMAL
......................................................
TEMPERATURE (F)
 TODAY
  MAXIMUM         53    417 PM  66    -13       43
  MINIMUM         40    859 AM  45     -5       36
  AVERAGE         47            55     -8

PRECIPITATION (IN)
  TODAY            0.00          0.14  -0.14     0.79
  MONTH TO DATE    0.36          0.81  -0.45     0.83
  SINCE MAR 1      0.36          0.81  -0.45     0.83
  SINCE JAN 1      5.29          9.05  -3.76     7.12

DEGREE DAYS
 HEATING
  TODAY           18            10      8       25
  MONTH TO DATE   56            65     -9      102
  SINCE MAR 1     56            65     -9      102
  SINCE JUL 1   1911          1878     33     1938

 COOLING
  TODAY            0             1     -1        0
  MONTH TO DATE    1             4     -3        0
  SINCE MAR 1      1             4     -3        0
  SINCE JAN 1      1             8     -7        8
......................................................


WIND (MPH)
  HIGHEST WIND SPEED    18   HIGHEST WIND DIRECTION    NE (40)
  HIGHEST GUST SPEED    25   HIGHEST GUST DIRECTION    NE (50)
  AVERAGE WIND SPEED     9.6


SKY COVER
  AVERAGE SKY COVER 0.7


WEATHER CONDITIONS
 THE FOLLOWING WEATHER WAS RECORDED TODAY.
  NO SIGNIFICANT WEATHER WAS OBSERVED.


RELATIVE HUMIDITY (PERCENT)
 HIGHEST    79           500 AM
 LOWEST     41           400 PM

..........................................................


THE AUGUSTA DANIEL FIELD GA CLIMATE NORMALS FOR TOMORROW
                         NORMAL
 MAXIMUM TEMPERATURE (F)   66
 MINIMUM TEMPERATURE (F)   45


SUNRISE AND SUNSET
MARCH  6 2015.........SUNRISE   651 AM EST   SUNSET   629 PM EST
MARCH  7 2015.........SUNRISE   649 AM EST   SUNSET   630 PM EST


-  INDICATES NEGATIVE NUMBERS.
R  INDICATES RECORD WAS SET OR TIED.
MM INDICATES DATA IS MISSING.
T  INDICATES TRACE AMOUNT.




$$
