000
CDUS42 KCAE 280655
CLIDNL


CLIMATE REPORT
NATIONAL WEATHER SERVICE COLUMBIA SC
155 AM EST TUE FEB 28 2017


...................................

...THE AUGUSTA DANIEL FIELD GA CLIMATE SUMMARY FOR FEBRUARY 27 2017...

CLIMATE NORMAL PERIOD 1981 TO 2010
CLIMATE RECORD PERIOD 9999 TO 9999


WEATHER ITEM   OBSERVED TIME   NORMAL DEPARTURE LAST
                VALUE   (LST)  VALUE  FROM      YEAR
                                      NORMAL
......................................................
TEMPERATURE (F)
 YESTERDAY
  MAXIMUM         71    435 PM  64      7       61
  MINIMUM         44    649 AM  43      1       37
  AVERAGE         58            53      5       49

PRECIPITATION (IN)
  YESTERDAY        0.04          0.17  -0.13     0.00
  MONTH TO DATE    1.86          3.87  -2.01     2.94
  SINCE DEC 1     16.57         11.70   4.87    10.09
  SINCE JAN 1     12.36          8.08   4.28     4.61

DEGREE DAYS
 HEATING
  YESTERDAY        7            12     -5       16
  MONTH TO DATE  155           396   -241      356
  SINCE DEC 1    838          1468   -630     1098
  SINCE JUL 1   1007          1802   -795     1289

 COOLING
  YESTERDAY        0             0      0        0
  MONTH TO DATE   16             0     16        6
  SINCE DEC 1     35             6     29       70
  SINCE JAN 1     31             1     30        6
......................................................


WIND (MPH)
  HIGHEST WIND SPEED    18   HIGHEST WIND DIRECTION    SE (140)
  HIGHEST GUST SPEED    30   HIGHEST GUST DIRECTION    SE (140)
  AVERAGE WIND SPEED     5.5


SKY COVER
  AVERAGE SKY COVER 0.1


WEATHER CONDITIONS
 THE FOLLOWING WEATHER WAS RECORDED YESTERDAY.
  LIGHT RAIN


RELATIVE HUMIDITY (PERCENT)
 HIGHEST    78          1100 PM
 LOWEST     35          1200 AM

..........................................................


THE AUGUSTA DANIEL FIELD GA CLIMATE NORMALS FOR TODAY
                         NORMAL    RECORD    YEAR
 MAXIMUM TEMPERATURE (F)   64        MM        MM
 MINIMUM TEMPERATURE (F)   43        MM        MM


SUNRISE AND SUNSET
FEBRUARY 28 2017......SUNRISE   657 AM EST   SUNSET   624 PM EST
MARCH  1 2017.........SUNRISE   656 AM EST   SUNSET   625 PM EST


-  INDICATES NEGATIVE NUMBERS.
R  INDICATES RECORD WAS SET OR TIED.
MM INDICATES DATA IS MISSING.
T  INDICATES TRACE AMOUNT.




$$
