000
CDUS42 KCAE 292136
CLIDNL


CLIMATE REPORT
NATIONAL WEATHER SERVICE COLUMBIA SC
535 PM EDT SUN MAR 29 2015


...................................

...THE AUGUSTA DANIEL FIELD GA CLIMATE SUMMARY FOR MARCH 29 2015...
VALID TODAY AS OF 0500 PM LOCAL TIME.

CLIMATE NORMAL PERIOD 1981 TO 2010
CLIMATE RECORD PERIOD 9999 TO 9999


WEATHER ITEM   OBSERVED TIME   NORMAL DEPARTURE LAST
                VALUE   (LST)  VALUE  FROM      YEAR
                                      NORMAL
......................................................
TEMPERATURE (F)
 TODAY
  MAXIMUM         59    401 PM  71    -12       78
  MINIMUM         37    713 AM  50    -13       52
  AVERAGE         48            61    -13

PRECIPITATION (IN)
  TODAY            0.00          0.16  -0.16     0.03
  MONTH TO DATE    2.51          4.01  -1.50     2.68
  SINCE MAR 1      2.51          4.01  -1.50     2.68
  SINCE JAN 1      7.44         12.25  -4.81     8.97

DEGREE DAYS
 HEATING
  TODAY           17             5     12        0
  MONTH TO DATE  154           239    -85      310
  SINCE MAR 1    154           239    -85      310
  SINCE JUL 1   2009          2052    -43     2146

 COOLING
  TODAY            0             1     -1        0
  MONTH TO DATE   43            27     16        5
  SINCE MAR 1     43            27     16        5
  SINCE JAN 1     43            31     12       13
......................................................


WIND (MPH)
  HIGHEST WIND SPEED    13   HIGHEST WIND DIRECTION    NE (60)
  HIGHEST GUST SPEED    17   HIGHEST GUST DIRECTION     E (70)
  AVERAGE WIND SPEED     6.0


SKY COVER
  AVERAGE SKY COVER 0.0


WEATHER CONDITIONS
 THE FOLLOWING WEATHER WAS RECORDED TODAY.
  NO SIGNIFICANT WEATHER WAS OBSERVED.


RELATIVE HUMIDITY (PERCENT)
 HIGHEST    48           400 AM
 LOWEST     14           400 PM

..........................................................


THE AUGUSTA DANIEL FIELD GA CLIMATE NORMALS FOR TOMORROW
                         NORMAL
 MAXIMUM TEMPERATURE (F)   72
 MINIMUM TEMPERATURE (F)   50


SUNRISE AND SUNSET
MARCH 29 2015.........SUNRISE   720 AM EDT   SUNSET   746 PM EDT
MARCH 30 2015.........SUNRISE   719 AM EDT   SUNSET   747 PM EDT


-  INDICATES NEGATIVE NUMBERS.
R  INDICATES RECORD WAS SET OR TIED.
MM INDICATES DATA IS MISSING.
T  INDICATES TRACE AMOUNT.




$$
