000
CDUS43 KLOT 300632
CLIDPA


CLIMATE REPORT
NATIONAL WEATHER SERVICE CHICAGO IL
132 AM CDT MON MAY 30 2016


...................................

...THE DU PAGE  AIRPORT CLIMATE SUMMARY FOR MAY 29 2016...

CLIMATE NORMAL PERIOD 1981 TO 2010
CLIMATE RECORD PERIOD 1997 TO 2016


WEATHER ITEM   OBSERVED TIME   RECORD YEAR NORMAL DEPARTURE LAST
                VALUE   (LST)  VALUE       VALUE  FROM      YEAR
                                                  NORMAL
..................................................................
TEMPERATURE (F)
 YESTERDAY
  MAXIMUM         79    510 PM  90    2006  75      4       82
  MINIMUM         61    454 AM  40    2008  52      9       63
  AVERAGE         70                        64      6       73

PRECIPITATION (IN)
  YESTERDAY        T             1.82        0.14  -0.14     0.03
  MONTH TO DATE    5.59                      4.32   1.27     4.11
  SINCE MAR 1     11.51                     10.03   1.48     8.85
  SINCE JAN 1     13.71                     12.76   0.95    10.68

SNOWFALL (IN)
  YESTERDAY        0.0
  MONTH TO DATE    0.0
  SINCE JUL 1     21.6

DEGREE DAYS
 HEATING
  YESTERDAY        0                         4     -4        0
  MONTH TO DATE  233                       207     26      165
  SINCE MAR 1   1424                      1518    -94     1574
  SINCE JUL 1   5627                      6273   -646     6766

 COOLING
  YESTERDAY        5                         3      2        8
  MONTH TO DATE   50                        36     14       54
  SINCE MAR 1     56                        40     16       54
  SINCE JAN 1     56                        40     16       54
..................................................................


WIND (MPH)
  RESULTANT WIND SPEED  10   RESULTANT WIND DIRECTION  SW (240)
  HIGHEST WIND SPEED    23   HIGHEST WIND DIRECTION    SW (230)
  HIGHEST GUST SPEED    28   HIGHEST GUST DIRECTION    SW (240)
  AVERAGE WIND SPEED    10.2



WEATHER CONDITIONS
 THE FOLLOWING WEATHER WAS RECORDED YESTERDAY.
  LIGHT RAIN


..........................................................


THE DU PAGE  AIRPORT CLIMATE NORMALS FOR TODAY
                         NORMAL    RECORD    YEAR
 MAXIMUM TEMPERATURE (F)   76        90      2010
 MINIMUM TEMPERATURE (F)   53        43      2005


SUNRISE AND SUNSET
MAY 30 2016...........SUNRISE   521 AM CDT   SUNSET   821 PM CDT
MAY 31 2016...........SUNRISE   520 AM CDT   SUNSET   821 PM CDT


-  INDICATES NEGATIVE NUMBERS.
R  INDICATES RECORD WAS SET OR TIED.
MM INDICATES DATA IS MISSING.
T  INDICATES TRACE AMOUNT.




$$
