000
CDUS43 KLOT 270654
CLIDPA


CLIMATE REPORT
NATIONAL WEATHER SERVICE CHICAGO IL
1253 AM CST THU NOV 27 2014


...................................

...THE DU PAGE  AIRPORT CLIMATE SUMMARY FOR NOVEMBER 26 2014...

CLIMATE NORMAL PERIOD 1981 TO 2010
CLIMATE RECORD PERIOD 1997 TO 2014


WEATHER ITEM   OBSERVED TIME   RECORD YEAR NORMAL DEPARTURE LAST
                VALUE   (LST)  VALUE       VALUE  FROM      YEAR
                                                  NORMAL
..................................................................
TEMPERATURE (F)
 YESTERDAY
  MAXIMUM         29    900 PM  62    2006  43    -14       33
  MINIMUM          9R   252 AM  14    2013  27    -18       14
  AVERAGE         19                        35    -16       24

PRECIPITATION (IN)
  YESTERDAY        0.00          0.85        0.11  -0.11      T
  MONTH TO DATE    1.03                      2.68  -1.65     2.21
  SINCE SEP 1      6.24                      9.16  -2.92     6.82
  SINCE JAN 1     28.86                     34.79  -5.93    34.18

SNOWFALL (IN)
  YESTERDAY        0.0
  MONTH TO DATE    0.9
  SINCE JUL 1      0.9

DEGREE DAYS
 HEATING
  YESTERDAY       46                        30     16       41
  MONTH TO DATE  784                       616    168      719
  SINCE SEP 1   1310                      1118    192     1256
  SINCE JUL 1   1319                      1127    192     1282

 COOLING
  YESTERDAY        0                         0      0        0
  MONTH TO DATE    0                         0      0        0
  SINCE SEP 1     78                        90    -12      118
  SINCE JAN 1    767                       814    -47      745
..................................................................


WIND (MPH)
  RESULTANT WIND SPEED   2   RESULTANT WIND DIRECTION   E (110)
  HIGHEST WIND SPEED    13   HIGHEST WIND DIRECTION    NW (310)
  HIGHEST GUST SPEED    16   HIGHEST GUST DIRECTION    NW (320)
  AVERAGE WIND SPEED     4.8



WEATHER CONDITIONS
 THE FOLLOWING WEATHER WAS RECORDED YESTERDAY.
  FOG
  HAZE


..........................................................


THE DU PAGE  AIRPORT CLIMATE NORMALS FOR TODAY
                         NORMAL    RECORD    YEAR
 MAXIMUM TEMPERATURE (F)   43        63      1998
 MINIMUM TEMPERATURE (F)   26        11      2013


SUNRISE AND SUNSET
NOVEMBER 27 2014......SUNRISE   657 AM CST   SUNSET   424 PM CST
NOVEMBER 28 2014......SUNRISE   658 AM CST   SUNSET   424 PM CST


-  INDICATES NEGATIVE NUMBERS.
R  INDICATES RECORD WAS SET OR TIED.
MM INDICATES DATA IS MISSING.
T  INDICATES TRACE AMOUNT.




$$
