686
CDUS43 KLOT 140632
CLIDPA


CLIMATE REPORT
NATIONAL WEATHER SERVICE CHICAGO IL
1231 AM CST SUN FEB 14 2016


...................................

...THE DU PAGE  AIRPORT CLIMATE SUMMARY FOR FEBRUARY 13 2016...

CLIMATE NORMAL PERIOD 1981 TO 2010
CLIMATE RECORD PERIOD 1997 TO 2016


WEATHER ITEM   OBSERVED TIME   RECORD YEAR NORMAL DEPARTURE LAST
                VALUE   (LST)  VALUE       VALUE  FROM      YEAR
                                                  NORMAL
..................................................................
TEMPERATURE (F)
 YESTERDAY
  MAXIMUM         17    319 PM  45    2001  36    -19       26
  MINIMUM          2    729 AM  -2    2015  19    -17       -2
  AVERAGE         10                        27    -17       12

PRECIPITATION (IN)
  YESTERDAY        0.00          0.45        0.05  -0.05     0.00
  MONTH TO DATE    1.41                      0.56   0.85     0.76
  SINCE DEC 1      7.20                      3.59   3.61     2.21
  SINCE JAN 1      2.10                      1.87   0.23     1.63

SNOWFALL (IN)
  YESTERDAY        0.0
  MONTH TO DATE    0.3
  SINCE JUL 1     17.0

DEGREE DAYS
 HEATING
  YESTERDAY       55                        38     17       53
  MONTH TO DATE  535                       510     25      612
  SINCE DEC 1   2637                      2971   -334     3012
  SINCE JUL 1   3714                      4225   -511     4471

 COOLING
  YESTERDAY        0                         0      0        0
  MONTH TO DATE    0                         0      0        0
  SINCE DEC 1      0                         0      0        0
  SINCE JAN 1      0                         0      0        0
..................................................................


WIND (MPH)
  RESULTANT WIND SPEED   8   RESULTANT WIND DIRECTION  NW (320)
  HIGHEST WIND SPEED    20   HIGHEST WIND DIRECTION     N (340)
  HIGHEST GUST SPEED    25   HIGHEST GUST DIRECTION     N (340)
  AVERAGE WIND SPEED     7.6



WEATHER CONDITIONS
 THE FOLLOWING WEATHER WAS RECORDED YESTERDAY.
  NO SIGNIFICANT WEATHER WAS OBSERVED.


..........................................................


THE DU PAGE  AIRPORT CLIMATE NORMALS FOR TODAY
                         NORMAL    RECORD    YEAR
 MAXIMUM TEMPERATURE (F)   36        56      2006
 MINIMUM TEMPERATURE (F)   19         0      2015


SUNRISE AND SUNSET
FEBRUARY 14 2016......SUNRISE   651 AM CST   SUNSET   524 PM CST
FEBRUARY 15 2016......SUNRISE   649 AM CST   SUNSET   525 PM CST


-  INDICATES NEGATIVE NUMBERS.
R  INDICATES RECORD WAS SET OR TIED.
MM INDICATES DATA IS MISSING.
T  INDICATES TRACE AMOUNT.




$$
