000
CDUS43 KLOT 300634
CLIDPA


CLIMATE REPORT
NATIONAL WEATHER SERVICE CHICAGO IL
133 AM CDT THU MAR 30 2017


...................................

...THE DU PAGE  AIRPORT CLIMATE SUMMARY FOR MARCH 29 2017...

CLIMATE NORMAL PERIOD 1981 TO 2010
CLIMATE RECORD PERIOD 1997 TO 2017


WEATHER ITEM   OBSERVED TIME   RECORD YEAR NORMAL DEPARTURE LAST
                VALUE   (LST)  VALUE       VALUE  FROM      YEAR
                                                  NORMAL
..................................................................
TEMPERATURE (F)
 YESTERDAY
  MAXIMUM         50   1055 AM  78    1998  54     -4       58
  MINIMUM         35    617 AM  19    2008  32      3       29
  AVERAGE         43                        43      0       44

PRECIPITATION (IN)
  YESTERDAY        0.13          0.53        0.09   0.04     0.00
  MONTH TO DATE    1.48                      2.19  -0.71     2.65
  SINCE MAR 1      1.48                      2.19  -0.71     2.65
  SINCE JAN 1      4.89                      4.92  -0.03     4.85

DEGREE DAYS
 HEATING
  YESTERDAY       22                        22      0       21
  MONTH TO DATE  770                       792    -22      653
  SINCE MAR 1    770                       792    -22      653
  SINCE JUL 1   4869                      5547   -678     4856

 COOLING
  YESTERDAY        0                         0      0        0
  MONTH TO DATE    0                         0      0        0
  SINCE MAR 1      0                         0      0        0
  SINCE JAN 1      0                         0      0        0
..................................................................


WIND (MPH)
  RESULTANT WIND SPEED  10   RESULTANT WIND DIRECTION  NE (60)
  HIGHEST WIND SPEED    24   HIGHEST WIND DIRECTION    NE (60)
  HIGHEST GUST SPEED    30   HIGHEST GUST DIRECTION    NE (60)
  AVERAGE WIND SPEED    12.3



WEATHER CONDITIONS
 THE FOLLOWING WEATHER WAS RECORDED YESTERDAY.
  LIGHT RAIN
  FOG


..........................................................


THE DU PAGE  AIRPORT CLIMATE NORMALS FOR TODAY
                         NORMAL    RECORD    YEAR
 MAXIMUM TEMPERATURE (F)   54        78      1998
 MINIMUM TEMPERATURE (F)   32        21      2014
                                             2011
                                             2003


SUNRISE AND SUNSET
MARCH 30 2017.........SUNRISE   639 AM CDT   SUNSET   717 PM CDT
MARCH 31 2017.........SUNRISE   637 AM CDT   SUNSET   718 PM CDT


-  INDICATES NEGATIVE NUMBERS.
R  INDICATES RECORD WAS SET OR TIED.
MM INDICATES DATA IS MISSING.
T  INDICATES TRACE AMOUNT.




$$
