000
CDUS45 KGJT 312334
CLIDRO


CLIMATE REPORT
NATIONAL WEATHER SERVICE GRAND JUNCTION CO
529 PM MDT THU JUL 31 2014


...................................

...THE DURANGO AIRPORT CO CLIMATE SUMMARY FOR JULY 31 2014...
VALID TODAY AS OF 0500 PM LOCAL TIME.

CLIMATE NORMAL PERIOD 1981 TO 2010
CLIMATE RECORD PERIOD 9999 TO 9999


WEATHER ITEM   OBSERVED TIME   RECORD YEAR NORMAL DEPARTURE LAST
                VALUE   (LST)  VALUE       VALUE  FROM      YEAR
                                                  NORMAL
..................................................................
TEMPERATURE (F)
 TODAY
  MAXIMUM         81   1203 PM  MM      MM  85     -4       90
  MINIMUM         53    508 AM  MM      MM  54     -1       49
  AVERAGE         67                        69     -2       70

PRECIPITATION (IN)
  TODAY            0.03         MM      MM   0.08  -0.05     0.00
  MONTH TO DATE    1.30                      1.72  -0.42     2.07
  SINCE JUN 1      1.30                      2.36  -1.06     2.09
  SINCE JAN 1      3.70                      7.79  -4.09     5.84

SNOWFALL (IN)
  TODAY           MM            MM      MM  MM     MM       MM
  MONTH TO DATE   MM                        MM     MM       MM
  SINCE JUN 1     MM                        MM     MM       MM
  SINCE JUL 1     MM                        MM     MM       MM
  SNOW DEPTH      MM

DEGREE DAYS
 HEATING
  TODAY            0                         0      0        0
  MONTH TO DATE    0                         8     -8        0
  SINCE JUN 1     88                       125    -37       40
  SINCE JUL 1      0                        10    -10        0

 COOLING
  TODAY            2                         5     -3        5
  MONTH TO DATE  205                       122     83      191
  SINCE JUN 1    219                       150     69      246
  SINCE JAN 1    224                       151     73      246
..................................................................


WIND (MPH)
  HIGHEST WIND SPEED    22   HIGHEST WIND DIRECTION     N (340)
  HIGHEST GUST SPEED    27   HIGHEST GUST DIRECTION    NW (330)
  AVERAGE WIND SPEED     5.5


SKY COVER
  POSSIBLE SUNSHINE  MM
  AVERAGE SKY COVER 0.5


WEATHER CONDITIONS
 THE FOLLOWING WEATHER WAS RECORDED TODAY.
  THUNDERSTORM
  LIGHT RAIN


RELATIVE HUMIDITY (PERCENT)
 HIGHEST    83           500 AM
 LOWEST     37           400 PM
 AVERAGE    60

..........................................................


THE DURANGO AIRPORT CO CLIMATE NORMALS FOR TOMORROW
                         NORMAL    RECORD    YEAR
 MAXIMUM TEMPERATURE (F)   85        MM        MM
 MINIMUM TEMPERATURE (F)   54        MM        MM


SUNRISE AND SUNSET
JULY 31 2014..........SUNRISE   615 AM MDT   SUNSET   819 PM MDT
AUGUST  1 2014........SUNRISE   616 AM MDT   SUNSET   818 PM MDT


-  INDICATES NEGATIVE NUMBERS.
R  INDICATES RECORD WAS SET OR TIED.
MM INDICATES DATA IS MISSING.
T  INDICATES TRACE AMOUNT.




$$
