000
CDUS44 KEWX 232347
CLIDRT


CLIMATE REPORT
NATIONAL WEATHER SERVICE AUSTIN/SAN ANTONIO, TX
546 PM CST TUE JAN 23 2018


...................................

...THE DEL RIO CLIMATE SUMMARY FOR JANUARY 23 2018...
VALID TODAY AS OF 545 PM LOCAL TIME.

CLIMATE NORMAL PERIOD 1981 TO 2010
CLIMATE RECORD PERIOD 1906 TO 2018


WEATHER ITEM   OBSERVED TIME   RECORD YEAR NORMAL DEPARTURE LAST
                VALUE   (LST)  VALUE       VALUE  FROM      YEAR
                                                  NORMAL
..................................................................
TEMPERATURE (F)
 TODAY
  MAXIMUM         66    438 PM  89    1972  64      2       81
  MINIMUM         26    651 AM  13    1930  41    -15       36
  AVERAGE         46                        53     -7       59

PRECIPITATION (IN)
  TODAY            0.00          1.03 1958   0.03  -0.03     0.00
  MONTH TO DATE    T                         0.52  -0.52     0.18
  SINCE DEC 1      1.74                      1.17   0.57     2.66
  SINCE JAN 1      T                         0.52  -0.52     0.18

SNOWFALL (IN)
  TODAY            0.0
  MONTH TO DATE    T
  SINCE DEC 1      T
  SINCE JUL 1      T
  SNOW DEPTH       0

DEGREE DAYS
 HEATING
  TODAY           19                        12      7        6
  MONTH TO DATE  401                       307     94      203
  SINCE DEC 1    810                       701    109      536
  SINCE JUL 1    961                       898     63      605

 COOLING
  TODAY            0                         0      0        0
  MONTH TO DATE    0                         0      0       12
  SINCE DEC 1     10                         3      7       24
  SINCE JAN 1      0                         0      0       12
..................................................................


WIND (MPH)
  HIGHEST WIND SPEED    17   HIGHEST WIND DIRECTION    SE (150)
  HIGHEST GUST SPEED    22   HIGHEST GUST DIRECTION    SE (150)
  AVERAGE WIND SPEED     4.3



WEATHER CONDITIONS
 THE FOLLOWING WEATHER WAS RECORDED TODAY.
  NO SIGNIFICANT WEATHER WAS OBSERVED.


RELATIVE HUMIDITY (PERCENT)
 HIGHEST    92           600 AM
 LOWEST     15           500 PM
 AVERAGE    54

..........................................................


THE DEL RIO CLIMATE NORMALS FOR TOMORROW
                         NORMAL    RECORD    YEAR
 MAXIMUM TEMPERATURE (F)   65        89      1943
 MINIMUM TEMPERATURE (F)   41        16      1963


SUNRISE AND SUNSET
JANUARY 23 2018.......SUNRISE   737 AM CST   SUNSET   614 PM CST
JANUARY 24 2018.......SUNRISE   737 AM CST   SUNSET   615 PM CST


-  INDICATES NEGATIVE NUMBERS.
R  INDICATES RECORD WAS SET OR TIED.
MM INDICATES DATA IS MISSING.
T  INDICATES TRACE AMOUNT.




$$
