000
CDUS44 KEWX 232232
CLIDRT


CLIMATE REPORT
NATIONAL WEATHER SERVICE AUSTIN/SAN ANTONIO, TX
532 PM CDT MON OCT 23 2017


...................................

...THE DEL RIO CLIMATE SUMMARY FOR OCTOBER 23 2017...
VALID TODAY AS OF 0532 PM LOCAL TIME.

CLIMATE NORMAL PERIOD 1981 TO 2010
CLIMATE RECORD PERIOD 1906 TO 2017


WEATHER ITEM   OBSERVED TIME   RECORD YEAR NORMAL DEPARTURE LAST
                VALUE   (LST)  VALUE       VALUE  FROM      YEAR
                                                  NORMAL
..................................................................
TEMPERATURE (F)
 TODAY
  MAXIMUM         85    333 PM  93    2001  81      4       79
  MINIMUM         54    327 AM  34    1911  59     -5       62
  AVERAGE         70                        70      0       71

PRECIPITATION (IN)
  TODAY            0.00          1.13 1914   0.06  -0.06     0.01
  MONTH TO DATE    0.43                      1.88  -1.45     0.11
  SINCE SEP 1      6.76                      4.08   2.68     6.03
  SINCE JAN 1     22.65                     17.59   5.06    27.88

SNOWFALL (IN)
  TODAY            0.0
  MONTH TO DATE    0.0
  SINCE SEP 1      0.0
  SINCE JUL 1      0.0
  SNOW DEPTH       0

DEGREE DAYS
 HEATING
  TODAY            0                         1     -1        0
  MONTH TO DATE    7                         9     -2        0
  SINCE SEP 1      7                        10     -3        0
  SINCE JUL 1      7                        10     -3        0

 COOLING
  TODAY            5                         6     -1        6
  MONTH TO DATE  209                       193     16      243
  SINCE SEP 1    708                       653     55      713
  SINCE JAN 1   3498                      3288    210     3427
..................................................................


WIND (MPH)
  HIGHEST WIND SPEED    14   HIGHEST WIND DIRECTION     S (160)
  HIGHEST GUST SPEED    17   HIGHEST GUST DIRECTION    SE (150)
  AVERAGE WIND SPEED     7.3



WEATHER CONDITIONS
 THE FOLLOWING WEATHER WAS RECORDED TODAY.
  NO SIGNIFICANT WEATHER WAS OBSERVED.


RELATIVE HUMIDITY (PERCENT)
 HIGHEST    77          1200 AM
 LOWEST     40           400 PM
 AVERAGE    59

..........................................................


THE DEL RIO CLIMATE NORMALS FOR TOMORROW
                         NORMAL    RECORD    YEAR
 MAXIMUM TEMPERATURE (F)   80        98      2001
 MINIMUM TEMPERATURE (F)   59        34      1908


SUNRISE AND SUNSET
OCTOBER 23 2017.......SUNRISE   750 AM CDT   SUNSET   705 PM CDT
OCTOBER 24 2017.......SUNRISE   751 AM CDT   SUNSET   704 PM CDT


-  INDICATES NEGATIVE NUMBERS.
R  INDICATES RECORD WAS SET OR TIED.
MM INDICATES DATA IS MISSING.
T  INDICATES TRACE AMOUNT.




$$
