000
CDUS44 KEWX 182255
CLIDRT


CLIMATE REPORT
NATIONAL WEATHER SERVICE AUSTIN/SAN ANTONIO, TX
554 PM CDT THU SEP 18 2014


...................................

...THE DEL RIO CLIMATE SUMMARY FOR SEPTEMBER 18 2014...
VALID TODAY AS OF 554 PM LOCAL TIME.

CLIMATE NORMAL PERIOD 1981 TO 2010
CLIMATE RECORD PERIOD 1906 TO 2014


WEATHER ITEM   OBSERVED TIME   RECORD YEAR NORMAL DEPARTURE LAST
                VALUE   (LST)  VALUE       VALUE  FROM      YEAR
                                                  NORMAL
..................................................................
TEMPERATURE (F)
 TODAY
  MAXIMUM         92    449 PM 100    2005  90      2       86
                                      1952
  MINIMUM         76    535 AM  55    1951  69      7       75
  AVERAGE         84                        80      4       81

PRECIPITATION (IN)
  TODAY            0.00          2.00 1974   0.06  -0.06     0.02
  MONTH TO DATE    1.42                      1.36   0.06     2.02
  SINCE SEP 1      1.42                      1.36   0.06     2.02
  SINCE JAN 1      8.59                     14.87  -6.28    10.51

SNOWFALL (IN)
  TODAY            0.0
  MONTH TO DATE    0.0
  SINCE SEP 1      0.0
  SINCE JUL 1      0.0
  SNOW DEPTH       0

DEGREE DAYS
 HEATING
  TODAY            0                         0      0        0
  MONTH TO DATE    0                         0      0        0
  SINCE SEP 1      0                         0      0        0
  SINCE JUL 1      0                         0      0        0

 COOLING
  TODAY           19                        15      4       16
  MONTH TO DATE  316                       307      9      347
  SINCE SEP 1    316                       307      9      347
  SINCE JAN 1   3205                      2942    263     3287
..................................................................


WIND (MPH)
  HIGHEST WIND SPEED    16   HIGHEST WIND DIRECTION    SE (140)
  HIGHEST GUST SPEED    23   HIGHEST GUST DIRECTION    SE (150)
  AVERAGE WIND SPEED     8.3



WEATHER CONDITIONS
 THE FOLLOWING WEATHER WAS RECORDED TODAY.
  NO SIGNIFICANT WEATHER WAS OBSERVED.


RELATIVE HUMIDITY (PERCENT)
 HIGHEST    88           900 AM
 LOWEST     49           400 PM
 AVERAGE    69

..........................................................


THE DEL RIO CLIMATE NORMALS FOR TOMORROW
                         NORMAL    RECORD    YEAR
 MAXIMUM TEMPERATURE (F)   90       100      1977
                                             1952
                                             1912
 MINIMUM TEMPERATURE (F)   69        52      1991


SUNRISE AND SUNSET
SEPTEMBER 18 2014.....SUNRISE   730 AM CDT   SUNSET   745 PM CDT
SEPTEMBER 19 2014.....SUNRISE   730 AM CDT   SUNSET   744 PM CDT


-  INDICATES NEGATIVE NUMBERS.
R  INDICATES RECORD WAS SET OR TIED.
MM INDICATES DATA IS MISSING.
T  INDICATES TRACE AMOUNT.




$$
