000
CDUS44 KEWX 310658
CLIDRT


CLIMATE REPORT
NATIONAL WEATHER SERVICE AUSTIN/SAN ANTONIO, TX
154 AM CDT FRI OCT 31 2014


...................................

...THE DEL RIO CLIMATE SUMMARY FOR OCTOBER 30 2014...

CLIMATE NORMAL PERIOD 1981 TO 2010
CLIMATE RECORD PERIOD 1906 TO 2014


WEATHER ITEM   OBSERVED TIME   RECORD YEAR NORMAL DEPARTURE LAST
                VALUE   (LST)  VALUE       VALUE  FROM      YEAR
                                                  NORMAL
..................................................................
TEMPERATURE (F)
 YESTERDAY
  MAXIMUM         86    337 PM  88    1992  78      8       80
  MINIMUM         65    729 AM  32    1993  57      8       73
                                      1917
  AVERAGE         76                        67      9       77

PRECIPITATION (IN)
  YESTERDAY        0.00          0.62 1973   0.04  -0.04     0.00
  MONTH TO DATE    1.24                      2.19  -0.95     1.40
  SINCE SEP 1      5.47                      4.39   1.08     5.84
  SINCE JAN 1     12.64                     17.90  -5.26    14.33

SNOWFALL (IN)
  YESTERDAY        0.0
  MONTH TO DATE    0.0
  SINCE SEP 1      0.0
  SINCE JUL 1      0.0

DEGREE DAYS
 HEATING
  YESTERDAY        0                         2     -2        0
  MONTH TO DATE    0                        19    -19        9
  SINCE SEP 1      0                        20    -20        9
  SINCE JUL 1      0                        20    -20        9

 COOLING
  YESTERDAY       11                         4      7       12
  MONTH TO DATE  301                       226     75      232
  SINCE SEP 1    786                       686    100      752
  SINCE JAN 1   3675                      3321    354     3692
..................................................................


WIND (MPH)
  HIGHEST WIND SPEED    14   HIGHEST WIND DIRECTION    SE (140)
  HIGHEST GUST SPEED    19   HIGHEST GUST DIRECTION    SE (140)
  AVERAGE WIND SPEED     6.8


SKY COVER
  AVERAGE SKY COVER 0.1


WEATHER CONDITIONS
 THE FOLLOWING WEATHER WAS RECORDED YESTERDAY.
  FOG
  HAZE


RELATIVE HUMIDITY (PERCENT)
 HIGHEST    87           500 AM
 LOWEST     48           300 PM
 AVERAGE    68

..........................................................


THE DEL RIO CLIMATE NORMALS FOR TODAY
                         NORMAL    RECORD    YEAR
 MAXIMUM TEMPERATURE (F)   78        92      1997
                                             1992
 MINIMUM TEMPERATURE (F)   56        28      1993


SUNRISE AND SUNSET
OCTOBER 31 2014.......SUNRISE   756 AM CDT   SUNSET   658 PM CDT
NOVEMBER  1 2014......SUNRISE   757 AM CDT   SUNSET   657 PM CDT


-  INDICATES NEGATIVE NUMBERS.
R  INDICATES RECORD WAS SET OR TIED.
MM INDICATES DATA IS MISSING.
T  INDICATES TRACE AMOUNT.




$$
