000
CDUS44 KEWX 302256
CLIDRT


CLIMATE REPORT
NATIONAL WEATHER SERVICE AUSTIN/SAN ANTONIO, TX
555 PM CDT SUN APR 30 2017


...................................

...THE DEL RIO CLIMATE SUMMARY FOR APRIL 30 2017...
VALID TODAY AS OF 550 PM LOCAL TIME.

CLIMATE NORMAL PERIOD 1981 TO 2010
CLIMATE RECORD PERIOD 1906 TO 2017


WEATHER ITEM   OBSERVED TIME   RECORD YEAR NORMAL DEPARTURE LAST
                VALUE   (LST)  VALUE       VALUE  FROM      YEAR
                                                  NORMAL
..................................................................
TEMPERATURE (F)
 TODAY
  MAXIMUM         83    444 PM 102    2011  87     -4       91
                                      1951
  MINIMUM         53    627 AM  38    1908  64    -11       58
  AVERAGE         68                        75     -7       75

PRECIPITATION (IN)
  TODAY            0.00          1.70 1922   0.07  -0.07     0.15
  MONTH TO DATE    5.64                      1.65   3.99     4.16
  SINCE MAR 1      6.15                      2.79   3.36     6.24
  SINCE JAN 1      7.12                      4.39   2.73     6.99

SNOWFALL (IN)
  TODAY            0.0
  MONTH TO DATE    0.0
  SINCE MAR 1      0.0
  SINCE JUL 1      0.0
  SNOW DEPTH       0

DEGREE DAYS
 HEATING
  TODAY            0                         0      0        0
  MONTH TO DATE   10                        24    -14       14
  SINCE MAR 1     47                       139    -92       69
  SINCE JUL 1    840                      1375   -535     1049

 COOLING
  TODAY            3                        10     -7       10
  MONTH TO DATE  222                       223     -1      223
  SINCE MAR 1    376                       310     66      320
  SINCE JAN 1    439                       329    110      355
..................................................................


WIND (MPH)
  HIGHEST WIND SPEED    28   HIGHEST WIND DIRECTION    NW (300)
  HIGHEST GUST SPEED    36   HIGHEST GUST DIRECTION    NW (300)
  AVERAGE WIND SPEED    15.6



WEATHER CONDITIONS
 THE FOLLOWING WEATHER WAS RECORDED TODAY.
  NO SIGNIFICANT WEATHER WAS OBSERVED.


RELATIVE HUMIDITY (PERCENT)
 HIGHEST    51           400 AM
 LOWEST     16           400 PM
 AVERAGE    34

..........................................................


THE DEL RIO CLIMATE NORMALS FOR TOMORROW
                         NORMAL    RECORD    YEAR
 MAXIMUM TEMPERATURE (F)   87       104      2002
 MINIMUM TEMPERATURE (F)   64        46      1908


SUNRISE AND SUNSET
APRIL 30 2017.........SUNRISE   702 AM CDT   SUNSET   820 PM CDT
MAY  1 2017...........SUNRISE   702 AM CDT   SUNSET   820 PM CDT


-  INDICATES NEGATIVE NUMBERS.
R  INDICATES RECORD WAS SET OR TIED.
MM INDICATES DATA IS MISSING.
T  INDICATES TRACE AMOUNT.




$$
