000
CDUS44 KEWX 202226
CLIDRT


CLIMATE REPORT
NATIONAL WEATHER SERVICE AUSTIN/SAN ANTONIO, TX
526 PM CDT SUN APR 20 2014


...................................

...THE DEL RIO CLIMATE SUMMARY FOR APRIL 20 2014...
VALID TODAY AS OF 525 PM LOCAL TIME.

CLIMATE NORMAL PERIOD 1981 TO 2010
CLIMATE RECORD PERIOD 1906 TO 2014


WEATHER ITEM   OBSERVED TIME   RECORD YEAR NORMAL DEPARTURE LAST
                VALUE   (LST)  VALUE       VALUE  FROM      YEAR
                                                  NORMAL
..................................................................
TEMPERATURE (F)
 TODAY
  MAXIMUM         75    359 PM 106    1984  85    -10       81
  MINIMUM         65    838 AM  48    1953  61      4       50
  AVERAGE         70                        73     -3       66

PRECIPITATION (IN)
  TODAY            0.07          1.43 1987   0.06   0.01     0.00
  MONTH TO DATE    0.08                      1.00  -0.92     0.36
  SINCE MAR 1      0.40                      2.14  -1.74     0.42
  SINCE JAN 1      0.62                      3.74  -3.12     1.75

SNOWFALL (IN)
  TODAY            0.0
  MONTH TO DATE    0.0
  SINCE MAR 1      0.0
  SINCE JUL 1      0.0
  SNOW DEPTH       0

DEGREE DAYS
 HEATING
  TODAY            0                         1     -1        0
  MONTH TO DATE   14                        24    -10       17
  SINCE MAR 1    148                       138     10      109
  SINCE JUL 1   1555                      1374    181     1002

 COOLING
  TODAY            5                         8     -3        1
  MONTH TO DATE  146                       129     17      155
  SINCE MAR 1    230                       216     14      303
  SINCE JAN 1    275                       235     40      342
..................................................................


WIND (MPH)
  HIGHEST WIND SPEED    18   HIGHEST WIND DIRECTION    SE (150)
  HIGHEST GUST SPEED    24   HIGHEST GUST DIRECTION    SE (140)
  AVERAGE WIND SPEED    11.5



WEATHER CONDITIONS
 THE FOLLOWING WEATHER WAS RECORDED TODAY.
  LIGHT RAIN
  FOG


RELATIVE HUMIDITY (PERCENT)
 HIGHEST    93           600 AM
 LOWEST     54          1200 AM
 AVERAGE    74

..........................................................


THE DEL RIO CLIMATE NORMALS FOR TOMORROW
                         NORMAL    RECORD    YEAR
 MAXIMUM TEMPERATURE (F)   85        97      1997
                                             1995
 MINIMUM TEMPERATURE (F)   61        47      1953


SUNRISE AND SUNSET
APRIL 20 2014.........SUNRISE   712 AM CDT   SUNSET   813 PM CDT
APRIL 21 2014.........SUNRISE   711 AM CDT   SUNSET   814 PM CDT


-  INDICATES NEGATIVE NUMBERS.
R  INDICATES RECORD WAS SET OR TIED.
MM INDICATES DATA IS MISSING.
T  INDICATES TRACE AMOUNT.




$$
