000
CDUS44 KDRT 062226
CLIDRT


CLIMATE REPORT
NATIONAL WEATHER SERVICE AUSTIN/SAN ANTONIO, TX
425 PM CST SAT FEB 6 2016


...................................

...THE DEL RIO CLIMATE SUMMARY FOR FEBRUARY 6 2016...
VALID TODAY AS OF 425 PM LOCAL TIME.

CLIMATE NORMAL PERIOD 1981 TO 2010
CLIMATE RECORD PERIOD 1906 TO 2016


WEATHER ITEM   OBSERVED TIME   RECORD YEAR NORMAL DEPARTURE LAST
                VALUE   (LST)  VALUE       VALUE  FROM      YEAR
                                                  NORMAL
..................................................................
TEMPERATURE (F)
 TODAY
  MAXIMUM         66    359 PM  87    1911  67     -1       53
  MINIMUM         35    558 AM  22    1989  43     -8       47
  AVERAGE         51                        55     -4       50

PRECIPITATION (IN)
  TODAY            0.00          0.31 1935   0.03  -0.03     0.00
  MONTH TO DATE    0.00                      0.16  -0.16     0.18
  SINCE DEC 1      1.02                      1.53  -0.51     1.20
  SINCE JAN 1      0.68                      0.88  -0.20     0.95

SNOWFALL (IN)
  TODAY            0.0
  MONTH TO DATE    0.0
  SINCE DEC 1      T
  SINCE JUL 1      T
  SNOW DEPTH       0

DEGREE DAYS
 HEATING
  TODAY           14                        11      3       15
  MONTH TO DATE   71                        66      5       86
  SINCE DEC 1    738                       859   -121      834
  SINCE JUL 1    881                      1056   -175     1106

 COOLING
  TODAY            0                         0      0        0
  MONTH TO DATE    5                         0      5        0
  SINCE DEC 1      6                         6      0        6
  SINCE JAN 1      5                         3      2        0
..................................................................


WIND (MPH)
  HIGHEST WIND SPEED    15   HIGHEST WIND DIRECTION     W (290)
  HIGHEST GUST SPEED    24   HIGHEST GUST DIRECTION     W (280)
  AVERAGE WIND SPEED     8.1



WEATHER CONDITIONS
 THE FOLLOWING WEATHER WAS RECORDED TODAY.
  NO SIGNIFICANT WEATHER WAS OBSERVED.


RELATIVE HUMIDITY (PERCENT)
 HIGHEST    70          1200 AM
 LOWEST     15           400 PM
 AVERAGE    43

..........................................................


THE DEL RIO CLIMATE NORMALS FOR TOMORROW
                         NORMAL    RECORD    YEAR
 MAXIMUM TEMPERATURE (F)   67        93      1937
 MINIMUM TEMPERATURE (F)   43        20      1933


SUNRISE AND SUNSET
FEBRUARY  6 2016......SUNRISE   730 AM CST   SUNSET   626 PM CST
FEBRUARY  7 2016......SUNRISE   729 AM CST   SUNSET   627 PM CST


-  INDICATES NEGATIVE NUMBERS.
R  INDICATES RECORD WAS SET OR TIED.
MM INDICATES DATA IS MISSING.
T  INDICATES TRACE AMOUNT.




$$
