000
CDUS44 KEWX 240708
CLIDRT


CLIMATE REPORT
NATIONAL WEATHER SERVICE AUSTIN/SAN ANTONIO, TX
202 AM CDT FRI OCT 24 2014


...................................

...THE DEL RIO CLIMATE SUMMARY FOR OCTOBER 23 2014...

CLIMATE NORMAL PERIOD 1981 TO 2010
CLIMATE RECORD PERIOD 1906 TO 2014


WEATHER ITEM   OBSERVED TIME   RECORD YEAR NORMAL DEPARTURE LAST
                VALUE   (LST)  VALUE       VALUE  FROM      YEAR
                                                  NORMAL
..................................................................
TEMPERATURE (F)
 YESTERDAY
  MAXIMUM         80    352 PM  93    2001  81     -1       80
  MINIMUM         63    629 AM  34    1911  59      4       47
  AVERAGE         72                        70      2       64

PRECIPITATION (IN)
  YESTERDAY        0.00          1.13 1914   0.06  -0.06     0.00
  MONTH TO DATE    1.24                      1.88  -0.64     1.40
  SINCE SEP 1      5.47                      4.08   1.39     5.84
  SINCE JAN 1     12.64                     17.59  -4.95    14.33

SNOWFALL (IN)
  YESTERDAY        0.0
  MONTH TO DATE    0.0
  SINCE SEP 1      0.0
  SINCE JUL 1      0.0

DEGREE DAYS
 HEATING
  YESTERDAY        0                         1     -1        1
  MONTH TO DATE    0                         9     -9        9
  SINCE SEP 1      0                        10    -10        9
  SINCE JUL 1      0                        10    -10        9

 COOLING
  YESTERDAY        7                         6      1        0
  MONTH TO DATE  237                       193     44      177
  SINCE SEP 1    722                       653     69      697
  SINCE JAN 1   3611                      3288    323     3637
..................................................................


WIND (MPH)
  HIGHEST WIND SPEED    13   HIGHEST WIND DIRECTION     S (160)
  HIGHEST GUST SPEED    17   HIGHEST GUST DIRECTION     S (160)
  AVERAGE WIND SPEED     5.6


SKY COVER
  AVERAGE SKY COVER 0.6


WEATHER CONDITIONS
 THE FOLLOWING WEATHER WAS RECORDED YESTERDAY.
  FOG
  FOG W/VISIBILITY <= 1/4 MILE


RELATIVE HUMIDITY (PERCENT)
 HIGHEST   100          1200 AM
 LOWEST     62           200 PM
 AVERAGE    81

..........................................................


THE DEL RIO CLIMATE NORMALS FOR TODAY
                         NORMAL    RECORD    YEAR
 MAXIMUM TEMPERATURE (F)   80        98      2001
 MINIMUM TEMPERATURE (F)   59        34      1908


SUNRISE AND SUNSET
OCTOBER 24 2014.......SUNRISE   751 AM CDT   SUNSET   704 PM CDT
OCTOBER 25 2014.......SUNRISE   752 AM CDT   SUNSET   703 PM CDT


-  INDICATES NEGATIVE NUMBERS.
R  INDICATES RECORD WAS SET OR TIED.
MM INDICATES DATA IS MISSING.
T  INDICATES TRACE AMOUNT.




$$
