000
CDUS43 KDTX 250539
CLIDTW


CLIMATE REPORT
NATIONAL WEATHER SERVICE DETROIT/PONTIAC MI
138 AM EDT WED MAY 25 2016


...................................

...THE DETROIT MI CLIMATE SUMMARY FOR MAY 24 2016...

CLIMATE NORMAL PERIOD 1981 TO 2010
CLIMATE RECORD PERIOD 1874 TO 2016


WEATHER ITEM   OBSERVED TIME   RECORD YEAR NORMAL DEPARTURE LAST
                VALUE   (LST)  VALUE       VALUE  FROM      YEAR
                                                  NORMAL
..................................................................
TEMPERATURE (F)
 YESTERDAY
  MAXIMUM         85    442 PM  87    2007  72     13       79
                                      1977
                                      1933
  MINIMUM         52    517 AM  33    1925  52      0       53
  AVERAGE         69                        62      7       66

PRECIPITATION (IN)
  YESTERDAY        0.00          1.26 1950   0.12  -0.12      T
  MONTH TO DATE    2.03                      2.58  -0.55     2.84
  SINCE MAR 1      9.20                      7.76   1.44     6.25
  SINCE JAN 1     12.56                     11.74   0.82     9.05

SNOWFALL (IN)
  YESTERDAY        0.0           T    1925   0.0    0.0      0.0
  MONTH TO DATE    T                         0.0    0.0      0.0
  SINCE MAR 1      8.7                       8.6    0.1      2.8
  SINCE JUL 1     35.3                      42.5   -7.2     47.5
  SNOW DEPTH       0

DEGREE DAYS
 HEATING
  YESTERDAY        0                         5     -5        0
  MONTH TO DATE  192                       181     11       96
  SINCE MAR 1   1416                      1522   -106     1474
  SINCE JUL 1   5181                      6075   -894     6585

 COOLING
  YESTERDAY        4                         2      2        1
  MONTH TO DATE    6                        24    -18       62
  SINCE MAR 1      6                        30    -24       62
  SINCE JAN 1      6                        30    -24       62
..................................................................


WIND (MPH)
  HIGHEST WIND SPEED    16   HIGHEST WIND DIRECTION    SW (230)
  HIGHEST GUST SPEED    21   HIGHEST GUST DIRECTION    SW (240)
  AVERAGE WIND SPEED     6.6


SKY COVER
  POSSIBLE SUNSHINE  MM
  AVERAGE SKY COVER 0.4


WEATHER CONDITIONS
 THE FOLLOWING WEATHER WAS RECORDED YESTERDAY.
  HAZE


RELATIVE HUMIDITY (PERCENT)
 HIGHEST    83           200 AM
 LOWEST     28           100 PM
 AVERAGE    56

..........................................................


THE DETROIT MI CLIMATE NORMALS FOR TODAY
                         NORMAL    RECORD    YEAR
 MAXIMUM TEMPERATURE (F)   73        90      2012
 MINIMUM TEMPERATURE (F)   52        35      1992


SUNRISE AND SUNSET
MAY 25 2016...........SUNRISE   603 AM EDT   SUNSET   858 PM EDT
MAY 26 2016...........SUNRISE   603 AM EDT   SUNSET   859 PM EDT


-  INDICATES NEGATIVE NUMBERS.
R  INDICATES RECORD WAS SET OR TIED.
MM INDICATES DATA IS MISSING.
T  INDICATES TRACE AMOUNT.




$$
