000
CDUS43 KDTX 270536
CLIDTW


CLIMATE REPORT
NATIONAL WEATHER SERVICE DETROIT/PONTIAC MI
1236 AM EST THU NOV 27 2014


...................................

...THE DETROIT MI CLIMATE SUMMARY FOR NOVEMBER 26 2014...

CLIMATE NORMAL PERIOD 1981 TO 2010
CLIMATE RECORD PERIOD 1874 TO 2014


WEATHER ITEM   OBSERVED TIME   RECORD YEAR NORMAL DEPARTURE LAST
                VALUE   (LST)  VALUE       VALUE  FROM      YEAR
                                                  NORMAL
..................................................................
TEMPERATURE (F)
 YESTERDAY
  MAXIMUM         34    358 PM  65    1896  44    -10       36
  MINIMUM         29    951 AM  10    1949  31     -2       30
  AVERAGE         32                        37     -5       33

PRECIPITATION (IN)
  YESTERDAY        T             1.23 1887   0.09  -0.09      T
  MONTH TO DATE    1.65                      2.42  -0.77     1.80
  SINCE SEP 1      8.72                      8.21   0.51     6.48
  SINCE JAN 1     36.14                     30.64   5.50    37.46

SNOWFALL (IN)
  YESTERDAY        T             2.1  1972   0.1   -0.1       T
  MONTH TO DATE    3.7                       1.1    2.6      0.7
  SINCE SEP 1      3.7                       1.2    2.5      0.7
  SINCE JUL 1      3.7                       1.2    2.5      0.7
  SNOW DEPTH       0

DEGREE DAYS
 HEATING
  YESTERDAY       33                        28      5       32
  MONTH TO DATE  751                       589    162      668
  SINCE SEP 1   1250                      1090    160     1141
  SINCE JUL 1   1263                      1100    163     1153

 COOLING
  YESTERDAY        0                         0      0        0
  MONTH TO DATE    0                         0      0        0
  SINCE SEP 1     72                        92    -20       98
  SINCE JAN 1    704                       803    -99      891
..................................................................


WIND (MPH)
  HIGHEST WIND SPEED     9   HIGHEST WIND DIRECTION     N (350)
  HIGHEST GUST SPEED    12   HIGHEST GUST DIRECTION     N (340)
  AVERAGE WIND SPEED     3.7


SKY COVER
  POSSIBLE SUNSHINE  MM
  AVERAGE SKY COVER 1.0


WEATHER CONDITIONS
 THE FOLLOWING WEATHER WAS RECORDED YESTERDAY.
  LIGHT SNOW
  FOG
  HAZE


RELATIVE HUMIDITY (PERCENT)
 HIGHEST    75           700 AM
 LOWEST     63           200 AM
 AVERAGE    69

..........................................................


THE DETROIT MI CLIMATE NORMALS FOR TODAY
                         NORMAL    RECORD    YEAR
 MAXIMUM TEMPERATURE (F)   43        69      1990
 MINIMUM TEMPERATURE (F)   30         9      1930


SUNRISE AND SUNSET
NOVEMBER 27 2014......SUNRISE   738 AM EST   SUNSET   504 PM EST
NOVEMBER 28 2014......SUNRISE   739 AM EST   SUNSET   503 PM EST


-  INDICATES NEGATIVE NUMBERS.
R  INDICATES RECORD WAS SET OR TIED.
MM INDICATES DATA IS MISSING.
T  INDICATES TRACE AMOUNT.




$$
