494
CDUS43 KDTX 270542
CLIDTW


CLIMATE REPORT
NATIONAL WEATHER SERVICE DETROIT/PONTIAC MI
142 AM EDT TUE SEP 27 2016


...................................

...THE DETROIT MI CLIMATE SUMMARY FOR SEPTEMBER 26 2016...

CLIMATE NORMAL PERIOD 1981 TO 2010
CLIMATE RECORD PERIOD 1874 TO 2016


WEATHER ITEM   OBSERVED TIME   RECORD YEAR NORMAL DEPARTURE LAST
                VALUE   (LST)  VALUE       VALUE  FROM      YEAR
                                                  NORMAL
..................................................................
TEMPERATURE (F)
 YESTERDAY
  MAXIMUM         69    438 PM  91    1998  70     -1       76
  MINIMUM         53   1159 PM  30    1883  50      3       62
  AVERAGE         61                        60      1       69

PRECIPITATION (IN)
  YESTERDAY        0.27          2.08 1880   0.10   0.17     0.00
  MONTH TO DATE    2.56                      2.88  -0.32     1.12
  SINCE SEP 1      2.56                      2.88  -0.32     1.12
  SINCE JAN 1     23.78                     25.31  -1.53    23.10

SNOWFALL (IN)
  YESTERDAY        0.0           0.0    MM   0.0    0.0      0.0
  MONTH TO DATE    0.0                       0.0    0.0      0.0
  SINCE SEP 1      0.0                       0.0    0.0      0.0
  SINCE JUL 1      0.0                       0.0    0.0      0.0
  SNOW DEPTH       0

DEGREE DAYS
 HEATING
  YESTERDAY        4                         6     -2        0
  MONTH TO DATE   11                        75    -64       27
  SINCE SEP 1     11                        75    -64       27
  SINCE JUL 1     11                        85    -74       37

 COOLING
  YESTERDAY        0                         1     -1        4
  MONTH TO DATE  132                        79     53      157
  SINCE SEP 1    132                        79     53      157
  SINCE JAN 1   1155                       790    365      877
..................................................................


WIND (MPH)
  HIGHEST WIND SPEED    24   HIGHEST WIND DIRECTION    SW (240)
  HIGHEST GUST SPEED    29   HIGHEST GUST DIRECTION     W (280)
  AVERAGE WIND SPEED     9.7


SKY COVER
  POSSIBLE SUNSHINE  MM
  AVERAGE SKY COVER 0.8


WEATHER CONDITIONS
 THE FOLLOWING WEATHER WAS RECORDED YESTERDAY.
  HEAVY RAIN
  RAIN
  LIGHT RAIN
  FOG


RELATIVE HUMIDITY (PERCENT)
 HIGHEST   100           800 AM
 LOWEST     37           500 PM
 AVERAGE    69

..........................................................


THE DETROIT MI CLIMATE NORMALS FOR TODAY
                         NORMAL    RECORD    YEAR
 MAXIMUM TEMPERATURE (F)   69        88      1891
 MINIMUM TEMPERATURE (F)   50        34      1899


SUNRISE AND SUNSET
SEPTEMBER 27 2016.....SUNRISE   727 AM EDT   SUNSET   721 PM EDT
SEPTEMBER 28 2016.....SUNRISE   728 AM EDT   SUNSET   719 PM EDT


-  INDICATES NEGATIVE NUMBERS.
R  INDICATES RECORD WAS SET OR TIED.
MM INDICATES DATA IS MISSING.
T  INDICATES TRACE AMOUNT.




$$
