000
CDUS45 KTWC 250749
CLIDUG

CLIMATE REPORT
NATIONAL WEATHER SERVICE TUCSON AZ
1234 AM MST MON JUL 25 2016

...................................

...THE DOUGLAS AZ CLIMATE SUMMARY FOR JULY 24 2016...

CLIMATE NORMAL PERIOD 1981 TO 2010
CLIMATE RECORD PERIOD 1948 TO 2016


WEATHER ITEM   OBSERVED TIME   RECORD YEAR NORMAL DEPARTURE LAST
                VALUE   (LST)  VALUE       VALUE  FROM      YEAR
                                                  NORMAL
..................................................................
TEMPERATURE (F)
 YESTERDAY
  MAXIMUM         97    408 PM 102    1963  93      4       90
  MINIMUM         65    850 PM  58    1958  66     -1       64
  AVERAGE         81                        79      2       77

PRECIPITATION (IN)
  YESTERDAY        0.14          2.00 1957   0.11   0.03     0.01
  MONTH TO DATE    3.45                      2.09   1.36     4.26
  SINCE OCT 1      7.99                      7.65   0.34    10.25
  SINCE JAN 1      6.78                      5.10   1.68     8.28

DEGREE DAYS
 HEATING
  YESTERDAY        0                         0      0        0
  MONTH TO DATE    0                         0      0        0
  SINCE JUN 1      0                         0      0        0
  SINCE JUL 1      0                         0      0        0

 COOLING
  YESTERDAY       16                        14      2       12
  MONTH TO DATE  400                       370     30      336
  SINCE JUN 1    868                       765    103      792
  SINCE JAN 1   1016                       966     50      854
..................................................................


WIND (MPH)
  HIGHEST WIND SPEED    52   HIGHEST WIND DIRECTION    SE (120)
  HIGHEST GUST SPEED    65   HIGHEST GUST DIRECTION    SE (120)
  AVERAGE WIND SPEED    10.8


SKY COVER
  POSSIBLE SUNSHINE  MM
  AVERAGE SKY COVER  MM


WEATHER CONDITIONS
 THE FOLLOWING WEATHER WAS RECORDED YESTERDAY.
  THUNDERSTORM
  HEAVY RAIN
  RAIN
  LIGHT RAIN
  FOG


RELATIVE HUMIDITY (PERCENT)
 HIGHEST    68
 LOWEST     27
 AVERAGE    48

..........................................................


THE DOUGLAS AZ CLIMATE NORMALS FOR TODAY
                         NORMAL    RECORD    YEAR
 MAXIMUM TEMPERATURE (F)   93       103      1963
 MINIMUM TEMPERATURE (F)   66        57      1995


SUNRISE AND SUNSET
JULY 25 2016..........SUNRISE   531 AM MST   SUNSET   719 PM MST
JULY 26 2016..........SUNRISE   531 AM MST   SUNSET   718 PM MST


-  INDICATES NEGATIVE NUMBERS.
R  INDICATES RECORD WAS SET OR TIED.
MM INDICATES DATA IS MISSING.
T  INDICATES TRACE AMOUNT.

$$
