000
CDUS45 KTWC 060737
CLIDUG

CLIMATE REPORT
NATIONAL WEATHER SERVICE TUCSON AZ
1235 AM MST MON JUL 6 2015

...................................

...THE DOUGLAS AZ CLIMATE SUMMARY FOR JULY 5 2015...

CLIMATE NORMAL PERIOD 1981 TO 2010
CLIMATE RECORD PERIOD 1948 TO 2015


WEATHER ITEM   OBSERVED TIME   RECORD YEAR NORMAL DEPARTURE LAST
                VALUE   (LST)  VALUE       VALUE  FROM      YEAR
                                                  NORMAL
..................................................................
TEMPERATURE (F)
 YESTERDAY
  MAXIMUM         83    554 PM 105    2005  96    -13       92
  MINIMUM         67    708 AM  59    1956  65      2       67
  AVERAGE         75                        81     -6       80

PRECIPITATION (IN)
  YESTERDAY        0.64          1.57 2013   0.07   0.57     0.00
  MONTH TO DATE    0.95                      0.29   0.66     0.74
  SINCE OCT 1      6.94                      5.85   1.09     2.21
  SINCE JAN 1      4.97                      3.30   1.67     1.39

DEGREE DAYS
 HEATING
  YESTERDAY        0                         0      0        0
  MONTH TO DATE    0                         0      0        0
  SINCE JUN 1      0                         0      0        0
  SINCE JUL 1      0                         0      0        0

 COOLING
  YESTERDAY       10                        16     -6       15
  MONTH TO DATE   74                        80     -6       81
  SINCE JUN 1    530                       475     55      579
  SINCE JAN 1    592                       676    -84      747
..................................................................


WIND (MPH)
  HIGHEST WIND SPEED    22   HIGHEST WIND DIRECTION    NW (320)
  HIGHEST GUST SPEED    28   HIGHEST GUST DIRECTION    NW (320)
  AVERAGE WIND SPEED     5.6


SKY COVER
  POSSIBLE SUNSHINE  MM
  AVERAGE SKY COVER 0.7


WEATHER CONDITIONS
 THE FOLLOWING WEATHER WAS RECORDED YESTERDAY.
  HEAVY RAIN
  RAIN
  LIGHT RAIN
  FOG


RELATIVE HUMIDITY (PERCENT)
 HIGHEST    93
 LOWEST     47
 AVERAGE    70

..........................................................


THE DOUGLAS AZ CLIMATE NORMALS FOR TODAY
                         NORMAL    RECORD    YEAR
 MAXIMUM TEMPERATURE (F)   96       105      2005
                                             1989
 MINIMUM TEMPERATURE (F)   65        59      1958


SUNRISE AND SUNSET
JULY  6 2015..........SUNRISE   519 AM MST   SUNSET   727 PM MST
JULY  7 2015..........SUNRISE   520 AM MST   SUNSET   727 PM MST


-  INDICATES NEGATIVE NUMBERS.
R  INDICATES RECORD WAS SET OR TIED.
MM INDICATES DATA IS MISSING.
T  INDICATES TRACE AMOUNT.

$$
