000
CDUS45 KTWC 270755
CLIDUG

CLIMATE REPORT
NATIONAL WEATHER SERVICE TUCSON AZ
1253 AM MST SAT MAY 27 2017


...................................

...THE DOUGLAS AZ CLIMATE SUMMARY FOR MAY 26 2017...

CLIMATE NORMAL PERIOD 1981 TO 2010
CLIMATE RECORD PERIOD 1948 TO 2017


WEATHER ITEM   OBSERVED TIME   RECORD YEAR NORMAL DEPARTURE LAST
                VALUE   (LST)  VALUE       VALUE  FROM      YEAR
                                                  NORMAL
..................................................................
TEMPERATURE (F)
 YESTERDAY
  MAXIMUM         91    345 PM 101    1951  91      0       81
  MINIMUM         59    530 AM  41    1959  54      5       55
  AVERAGE         75                        73      2       68

PRECIPITATION (IN)
  YESTERDAY        0.00          0.10 1992   0.01  -0.01     0.00
  MONTH TO DATE    0.07                      0.23  -0.16      T
  SINCE OCT 1      3.12                      4.90  -1.78     2.68
  SINCE JAN 1      1.77                      2.35  -0.58     1.47

DEGREE DAYS
 HEATING
  YESTERDAY        0                         0      0        0
  MONTH TO DATE   44                        20     24       28
  SINCE MAR 1    330                       485   -155      449
  SINCE JUL 1   2123                      2521   -398     2621

 COOLING
  YESTERDAY       10                         8      2        3
  MONTH TO DATE  106                       130    -24      110
  SINCE MAR 1    150                       160    -10      128
  SINCE JAN 1    150                       160    -10      128
..................................................................


WIND (MPH)
  HIGHEST WIND SPEED    31   HIGHEST WIND DIRECTION    SW (220)
  HIGHEST GUST SPEED    39   HIGHEST GUST DIRECTION    SW (240)
  AVERAGE WIND SPEED    15.5


SKY COVER
  POSSIBLE SUNSHINE  MM
  AVERAGE SKY COVER 0.0


WEATHER CONDITIONS
 THE FOLLOWING WEATHER WAS RECORDED YESTERDAY.
  LIGHT RAIN


RELATIVE HUMIDITY (PERCENT)
 HIGHEST    28
 LOWEST      8
 AVERAGE    18

..........................................................


THE DOUGLAS AZ CLIMATE NORMALS FOR TODAY
                         NORMAL    RECORD    YEAR
 MAXIMUM TEMPERATURE (F)   91       102      1951
 MINIMUM TEMPERATURE (F)   55        42      2016


SUNRISE AND SUNSET
MAY 27 2017...........SUNRISE   516 AM MST   SUNSET   716 PM MST
MAY 28 2017...........SUNRISE   515 AM MST   SUNSET   716 PM MST


-  INDICATES NEGATIVE NUMBERS.
R  INDICATES RECORD WAS SET OR TIED.
MM INDICATES DATA IS MISSING.
T  INDICATES TRACE AMOUNT.




$$
