169
CDUS45 KTWC 090030
CLIDUG

CLIMATE REPORT
NATIONAL WEATHER SERVICE TUCSON AZ
529 PM MST MON FEB 8 2016


...................................

...THE DOUGLAS AZ CLIMATE SUMMARY FOR FEBRUARY 8 2016...
VALID TODAY AS OF 0500 PM LOCAL TIME.

CLIMATE NORMAL PERIOD 1981 TO 2010
CLIMATE RECORD PERIOD 1948 TO 2016


WEATHER ITEM   OBSERVED TIME   RECORD YEAR NORMAL DEPARTURE LAST
                VALUE   (LST)  VALUE       VALUE  FROM      YEAR
                                                  NORMAL
..................................................................
TEMPERATURE (F)
 TODAY
  MAXIMUM         73    316 PM  80    1996  65      8       78
                                      1957
  MINIMUM         26    611 AM  16    1974  32     -6       34
  AVERAGE         50                        48      2       56

PRECIPITATION (IN)
  TODAY            0.00                      0.03  -0.03     0.00
  MONTH TO DATE    0.08                      0.21  -0.13     0.00
  SINCE OCT 1      2.45                      3.50  -1.05     3.11
  SINCE JAN 1      1.24                      0.95   0.29     1.14

DEGREE DAYS
 HEATING
  TODAY           15                        17     -2        9
  MONTH TO DATE  197                       136     61       92
  SINCE DEC 1   1522                      1306    216     1245
  SINCE JUL 1   1975                      1741    234     1639
..................................................................


WIND (MPH)
  HIGHEST WIND SPEED    20   HIGHEST WIND DIRECTION     E (80)
  HIGHEST GUST SPEED    24   HIGHEST GUST DIRECTION     E (80)
  AVERAGE WIND SPEED    10.9


SKY COVER
  POSSIBLE SUNSHINE  MM
  AVERAGE SKY COVER 0.0


WEATHER CONDITIONS
 THE FOLLOWING WEATHER WAS RECORDED TODAY.
  NO SIGNIFICANT WEATHER WAS OBSERVED.


RELATIVE HUMIDITY (PERCENT)
 HIGHEST    53
 LOWEST     13
 AVERAGE    33

..........................................................


THE DOUGLAS AZ CLIMATE NORMALS FOR TOMORROW
                         NORMAL    RECORD    YEAR
 MAXIMUM TEMPERATURE (F)   65        80      1951
 MINIMUM TEMPERATURE (F)   32        17      1967


SUNRISE AND SUNSET
FEBRUARY  8 2016......SUNRISE   706 AM MST   SUNSET   559 PM MST
FEBRUARY  9 2016......SUNRISE   706 AM MST   SUNSET   600 PM MST


-  INDICATES NEGATIVE NUMBERS.
R  INDICATES RECORD WAS SET OR TIED.
MM INDICATES DATA IS MISSING.
T  INDICATES TRACE AMOUNT.




$$
