000
CDUS45 KTWC 250050
CLIDUG

CLIMATE REPORT
NATIONAL WEATHER SERVICE TUCSON AZ
547 PM MST THU JUL 24 2014


...................................

...THE DOUGLAS AZ CLIMATE SUMMARY FOR JULY 24 2014...
VALID TODAY AS OF 0500 PM LOCAL TIME.

CLIMATE NORMAL PERIOD 1981 TO 2010
CLIMATE RECORD PERIOD 1948 TO 2014


WEATHER ITEM   OBSERVED TIME   RECORD YEAR NORMAL DEPARTURE LAST
                VALUE   (LST)  VALUE       VALUE  FROM      YEAR
                                                  NORMAL
..................................................................
TEMPERATURE (F)
 TODAY
  MAXIMUM         97    441 PM 102    1963  93      4       87
  MINIMUM         65    555 AM  58    1958  66     -1       67
  AVERAGE         81                        79      2       77

PRECIPITATION (IN)
  TODAY            0.00                      0.11  -0.11     0.64
  MONTH TO DATE    2.81                      2.09   0.72     9.67
  SINCE OCT 1      4.28                      7.65  -3.37    11.28
  SINCE JAN 1      3.46                      5.10  -1.64    10.65

DEGREE DAYS
 COOLING
  TODAY           16                        14      2       12
  MONTH TO DATE  362                       370     -8      339
  SINCE JUN 1    860                       765     95      848
  SINCE JAN 1   1028                       966     62     1048
..................................................................


WIND (MPH)
  HIGHEST WIND SPEED    22   HIGHEST WIND DIRECTION    SE (130)
  HIGHEST GUST SPEED    28   HIGHEST GUST DIRECTION     E (100)
  AVERAGE WIND SPEED     7.6


SKY COVER
  POSSIBLE SUNSHINE  MM
  AVERAGE SKY COVER 0.1


WEATHER CONDITIONS
 THE FOLLOWING WEATHER WAS RECORDED TODAY.
  NO SIGNIFICANT WEATHER WAS OBSERVED.


RELATIVE HUMIDITY (PERCENT)
 HIGHEST    59
 LOWEST     17
 AVERAGE    38

..........................................................


THE DOUGLAS AZ CLIMATE NORMALS FOR TOMORROW
                         NORMAL    RECORD    YEAR
 MAXIMUM TEMPERATURE (F)   93       103      1963
 MINIMUM TEMPERATURE (F)   66        57      1995


SUNRISE AND SUNSET
JULY 24 2014..........SUNRISE   530 AM MST   SUNSET   720 PM MST
JULY 25 2014..........SUNRISE   530 AM MST   SUNSET   719 PM MST


-  INDICATES NEGATIVE NUMBERS.
R  INDICATES RECORD WAS SET OR TIED.
MM INDICATES DATA IS MISSING.
T  INDICATES TRACE AMOUNT.




$$
