000
CDUS45 KTWC 240730 RRA
CLIDUG

CLIMATE REPORT
NATIONAL WEATHER SERVICE TUCSON AZ
1230 AM MST MON JUL 24 2017


...................................

...THE DOUGLAS AZ CLIMATE SUMMARY FOR JULY 23 2017...

CLIMATE NORMAL PERIOD 1981 TO 2010
CLIMATE RECORD PERIOD 1948 TO 2017


WEATHER ITEM   OBSERVED TIME   RECORD YEAR NORMAL DEPARTURE LAST
                VALUE   (LST)  VALUE       VALUE  FROM      YEAR
                                                  NORMAL
..................................................................
TEMPERATURE (F)
 YESTERDAY
  MAXIMUM         83    221 PM 100    2003  93    -10       99
  MINIMUM         67    258 AM  56    1986  66      1       69
  AVERAGE         75                        79     -4       84

PRECIPITATION (IN)
  YESTERDAY        0.07          2.02 2015   0.11  -0.04     0.00
  MONTH TO DATE    3.38                      1.98   1.40     3.31
  SINCE OCT 1      6.54                      7.54  -1.00     7.85
  SINCE JAN 1      5.19                      4.99   0.20     6.64

DEGREE DAYS
 HEATING
  YESTERDAY        0                         0      0        0
  MONTH TO DATE    0                         0      0        0
  SINCE JUN 1      0                         0      0        0
  SINCE JUL 1      0                         0      0        0

 COOLING
  YESTERDAY       10                        14     -4       19
  MONTH TO DATE  335                       356    -21      384
  SINCE JUN 1    826                       751     75      852
  SINCE JAN 1   1019                       952     67     1000
..................................................................


WIND (MPH)
  HIGHEST WIND SPEED    20   HIGHEST WIND DIRECTION    NE (50)
  HIGHEST GUST SPEED    23   HIGHEST GUST DIRECTION    NE (50)
  AVERAGE WIND SPEED     4.3


SKY COVER
  POSSIBLE SUNSHINE  MM
  AVERAGE SKY COVER 0.5


WEATHER CONDITIONS
 THE FOLLOWING WEATHER WAS RECORDED YESTERDAY.
  THUNDERSTORM
  LIGHT RAIN
  FOG


RELATIVE HUMIDITY (PERCENT)
 HIGHEST   100
 LOWEST     55
 AVERAGE    78

..........................................................


THE DOUGLAS AZ CLIMATE NORMALS FOR TODAY
                         NORMAL    RECORD    YEAR
 MAXIMUM TEMPERATURE (F)   93       102      1963
 MINIMUM TEMPERATURE (F)   66        58      1958


SUNRISE AND SUNSET
JULY 24 2017..........SUNRISE   530 AM MST   SUNSET   720 PM MST
JULY 25 2017..........SUNRISE   531 AM MST   SUNSET   719 PM MST


-  INDICATES NEGATIVE NUMBERS.
R  INDICATES RECORD WAS SET OR TIED.
MM INDICATES DATA IS MISSING.
T  INDICATES TRACE AMOUNT.




$$
