000
CDUS45 KTWC 230028
CLIDUG

CLIMATE REPORT
NATIONAL WEATHER SERVICE TUCSON AZ
528 PM MST WED NOV 22 2017


...................................

...THE DOUGLAS AZ CLIMATE SUMMARY FOR NOVEMBER 22 2017...
VALID TODAY AS OF 0500 PM LOCAL TIME.

CLIMATE NORMAL PERIOD 1981 TO 2010
CLIMATE RECORD PERIOD 1948 TO 2017


WEATHER ITEM   OBSERVED TIME   RECORD YEAR NORMAL DEPARTURE LAST
                VALUE   (LST)  VALUE       VALUE  FROM      YEAR
                                                  NORMAL
..................................................................
TEMPERATURE (F)
 TODAY
  MAXIMUM         77    318 PM  81    1950  68      9       65
  MINIMUM         40    320 AM  17    1953  34      6       32
  AVERAGE         59                        51      8       49

PRECIPITATION (IN)
  TODAY            0.00                      0.02  -0.02     0.00
  MONTH TO DATE    0.11                      0.49  -0.38     0.20
  SINCE OCT 1      0.23                      1.38  -1.15     0.20
  SINCE JAN 1      8.91                     11.93  -3.02    12.34

DEGREE DAYS
 HEATING
  TODAY            6                        14     -8       16
  MONTH TO DATE  114                       227   -113      169
  SINCE SEP 1    147                       310   -163      182
  SINCE JUL 1    147                       310   -163      182
..................................................................


WIND (MPH)
  HIGHEST WIND SPEED    14   HIGHEST WIND DIRECTION     N (340)
  HIGHEST GUST SPEED    18   HIGHEST GUST DIRECTION     E (90)
  AVERAGE WIND SPEED    MM


SKY COVER
  POSSIBLE SUNSHINE  MM
  AVERAGE SKY COVER  MM


WEATHER CONDITIONS
 THE FOLLOWING WEATHER WAS RECORDED TODAY.
  NO SIGNIFICANT WEATHER WAS OBSERVED.


RELATIVE HUMIDITY (PERCENT)
 HIGHEST    MM
 LOWEST     MM
 AVERAGE    MM

..........................................................


THE DOUGLAS AZ CLIMATE NORMALS FOR TOMORROW
                         NORMAL    RECORD    YEAR
 MAXIMUM TEMPERATURE (F)   68        81      1998
                                             1995
 MINIMUM TEMPERATURE (F)   33        14      1957


SUNRISE AND SUNSET
NOVEMBER 22 2017......SUNRISE   652 AM MST   SUNSET   517 PM MST
NOVEMBER 23 2017......SUNRISE   653 AM MST   SUNSET   516 PM MST


-  INDICATES NEGATIVE NUMBERS.
R  INDICATES RECORD WAS SET OR TIED.
MM INDICATES DATA IS MISSING.
T  INDICATES TRACE AMOUNT.




$$
