000
CDUS43 KDVN 271026
CLIDVN


CLIMATE REPORT
NATIONAL WEATHER SERVICE QUAD CITIES IA IL
424 AM CST THU NOV 27 2014


...................................

...THE DAVENPORT IA CLIMATE SUMMARY FOR NOVEMBER 26 2014...

CLIMATE NORMAL PERIOD 1981 TO 2010
CLIMATE RECORD PERIOD 9999 TO 9999


WEATHER ITEM   OBSERVED TIME   RECORD YEAR NORMAL DEPARTURE LAST
                VALUE   (LST)  VALUE       VALUE  FROM      YEAR
                                                  NORMAL
..................................................................
TEMPERATURE (F)
 YESTERDAY
  MAXIMUM         28    425 PM  MM      MM  42    -14       32
  MINIMUM         15    116 AM  MM      MM  25    -10       12
  AVERAGE         22                        33    -11       22

PRECIPITATION (IN)
  YESTERDAY        T            MM      MM   0.08  -0.08     0.00
  MONTH TO DATE    1.80                      2.15  -0.35     1.70
  SINCE SEP 1      8.74                      8.18   0.56     5.38
  SINCE JAN 1     33.43                     34.00  -0.57    33.77

SNOWFALL (IN)
  YESTERDAY        T            MM      MM  MM     MM        0.0
  MONTH TO DATE    4.0                      MM     MM        0.8
  SINCE SEP 1      4.0                      MM     MM        3.3
  SINCE JUL 1      4.0                      MM     MM        3.3
  SNOW DEPTH       2

DEGREE DAYS
 HEATING
  YESTERDAY       43                        32     11       43
  MONTH TO DATE  870                       655    215      722
  SINCE SEP 1   1438                      1201    237     1239
  SINCE JUL 1   1459                      1215    244     1258

 COOLING
  YESTERDAY        0                         0      0        0
  MONTH TO DATE    0                         0      0        0
  SINCE SEP 1     69                        82    -13      165
  SINCE JAN 1    728                       786    -58      938
..................................................................


WIND (MPH)
  HIGHEST WIND SPEED    18   HIGHEST WIND DIRECTION     E (100)
  HIGHEST GUST SPEED    21   HIGHEST GUST DIRECTION     E (100)
  AVERAGE WIND SPEED     9.9


SKY COVER
  POSSIBLE SUNSHINE  MM
  AVERAGE SKY COVER 0.5


WEATHER CONDITIONS
 THE FOLLOWING WEATHER WAS RECORDED YESTERDAY.
  LIGHT SNOW
  FOG
  HAZE


RELATIVE HUMIDITY (PERCENT)
 HIGHEST    92           500 AM
 LOWEST     74          1000 PM
 AVERAGE    83

..........................................................


THE DAVENPORT IA CLIMATE NORMALS FOR TODAY
                         NORMAL    RECORD    YEAR
 MAXIMUM TEMPERATURE (F)   41        MM        MM
 MINIMUM TEMPERATURE (F)   25        MM        MM


SUNRISE AND SUNSET
NOVEMBER 27 2014......SUNRISE   705 AM CST   SUNSET   434 PM CST
NOVEMBER 28 2014......SUNRISE   706 AM CST   SUNSET   434 PM CST


-  INDICATES NEGATIVE NUMBERS.
R  INDICATES RECORD WAS SET OR TIED.
MM INDICATES DATA IS MISSING.
T  INDICATES TRACE AMOUNT.




$$
