000
CDUS43 KDVN 241017
CLIDVN


CLIMATE REPORT
NATIONAL WEATHER SERVICE QUAD CITIES IA IL
416 AM CST FRI NOV 24 2017


...................................

...THE DAVENPORT IA CLIMATE SUMMARY FOR NOVEMBER 23 2017...

CLIMATE NORMAL PERIOD 1981 TO 2010
CLIMATE RECORD PERIOD 9999 TO 9999


WEATHER ITEM   OBSERVED TIME   RECORD YEAR NORMAL DEPARTURE LAST
                VALUE   (LST)  VALUE       VALUE  FROM      YEAR
                                                  NORMAL
..................................................................
TEMPERATURE (F)
 YESTERDAY
  MAXIMUM         48    329 PM  MM      MM  44      4       45
  MINIMUM         29    708 AM  MM      MM  26      3       38
  AVERAGE         39                        35      4       42

PRECIPITATION (IN)
  YESTERDAY        0.00         MM      MM   0.07  -0.07      T
  MONTH TO DATE    0.80                      1.94  -1.14     0.31
  SINCE SEP 1      8.94                      7.97   0.97     5.84
  SINCE JAN 1     36.37                     33.79   2.58    38.32

SNOWFALL (IN)
  YESTERDAY        0.0          MM      MM  MM     MM        0.0
  MONTH TO DATE    0.1                      MM     MM         T
  SINCE SEP 1      0.1                      MM     MM         T
  SINCE JUL 1      0.1                      MM     MM         T
  SNOW DEPTH       0

DEGREE DAYS
 HEATING
  YESTERDAY       26                        30     -4       23
  MONTH TO DATE  661                       561    100      391
  SINCE SEP 1   1041                      1107    -66      675
  SINCE JUL 1   1053                      1121    -68      679

 COOLING
  YESTERDAY        0                         0      0        0
  MONTH TO DATE    0                         0      0        3
  SINCE SEP 1    149                        82     67      211
  SINCE JAN 1    770                       786    -16     1063
..................................................................


WIND (MPH)
  HIGHEST WIND SPEED    17   HIGHEST WIND DIRECTION     S (190)
  HIGHEST GUST SPEED    22   HIGHEST GUST DIRECTION     S (200)
  AVERAGE WIND SPEED     8.8


SKY COVER
  POSSIBLE SUNSHINE  MM
  AVERAGE SKY COVER 0.2


WEATHER CONDITIONS
 THE FOLLOWING WEATHER WAS RECORDED YESTERDAY.
  NO SIGNIFICANT WEATHER WAS OBSERVED.


RELATIVE HUMIDITY (PERCENT)
 HIGHEST    75          1100 PM
 LOWEST     42           200 PM
 AVERAGE    59

..........................................................


THE DAVENPORT IA CLIMATE NORMALS FOR TODAY
                         NORMAL    RECORD    YEAR
 MAXIMUM TEMPERATURE (F)   43        MM        MM
 MINIMUM TEMPERATURE (F)   26        MM        MM


SUNRISE AND SUNSET
NOVEMBER 24 2017......SUNRISE   702 AM CST   SUNSET   436 PM CST
NOVEMBER 25 2017......SUNRISE   703 AM CST   SUNSET   435 PM CST


-  INDICATES NEGATIVE NUMBERS.
R  INDICATES RECORD WAS SET OR TIED.
MM INDICATES DATA IS MISSING.
T  INDICATES TRACE AMOUNT.




$$
