000
CDUS43 KDVN 302132
CLIDVN


CLIMATE REPORT
NATIONAL WEATHER SERVICE QUAD CITIES IA IL
431 PM CDT SAT AUG 30 2014


...................................

...THE DAVENPORT IA CLIMATE SUMMARY FOR AUGUST 30 2014...
VALID TODAY AS OF 0400 PM LOCAL TIME.

CLIMATE NORMAL PERIOD 1981 TO 2010
CLIMATE RECORD PERIOD 9999 TO 9999


WEATHER ITEM   OBSERVED TIME   RECORD YEAR NORMAL DEPARTURE LAST
                VALUE   (LST)  VALUE       VALUE  FROM      YEAR
                                                  NORMAL
..................................................................
TEMPERATURE (F)
 TODAY
  MAXIMUM         80    259 PM  MM      MM  80      0       97
  MINIMUM         68    508 AM  MM      MM  58     10       74
  AVERAGE         74                        69      5       86

PRECIPITATION (IN)
  TODAY            0.05         MM      MM   0.15  -0.10     0.00
  MONTH TO DATE    3.34                      4.45  -1.11     1.01
  SINCE JUN 1     13.13                     12.84   0.29     7.42
  SINCE JAN 1     24.69                     25.65  -0.96    28.39

SNOWFALL (IN)
  TODAY            0.0          MM      MM  MM     MM        0.0
  MONTH TO DATE    0.0                      MM     MM        0.0
  SINCE JUN 1      0.0                      MM     MM        0.0
  SINCE JUL 1      0.0                      MM     MM        0.0
  SNOW DEPTH       0

DEGREE DAYS
 HEATING
  TODAY            0                         1     -1        0
  MONTH TO DATE    3                         4     -1        7
  SINCE JUN 1     25                        32     -7       43
  SINCE JUL 1     21                         8     13       19

 COOLING
  TODAY            9                         5      4       21
  MONTH TO DATE  206                       200      6      229
  SINCE JUN 1    546                       640    -94      666
  SINCE JAN 1    654                       701    -47      761
..................................................................


WIND (MPH)
  HIGHEST WIND SPEED    21   HIGHEST WIND DIRECTION    SW (240)
  HIGHEST GUST SPEED    26   HIGHEST GUST DIRECTION    SW (240)
  AVERAGE WIND SPEED    11.5


SKY COVER
  POSSIBLE SUNSHINE  MM
  AVERAGE SKY COVER 0.6


WEATHER CONDITIONS
 THE FOLLOWING WEATHER WAS RECORDED TODAY.
  THUNDERSTORM
  RAIN
  LIGHT RAIN
  FOG


RELATIVE HUMIDITY (PERCENT)
 HIGHEST    97          1200 AM
 LOWEST     67           100 PM
 AVERAGE    82

..........................................................


THE DAVENPORT IA CLIMATE NORMALS FOR TOMORROW
                         NORMAL    RECORD    YEAR
 MAXIMUM TEMPERATURE (F)   80        MM        MM
 MINIMUM TEMPERATURE (F)   58        MM        MM


SUNRISE AND SUNSET
AUGUST 30 2014........SUNRISE   626 AM CDT   SUNSET   739 PM CDT
AUGUST 31 2014........SUNRISE   627 AM CDT   SUNSET   737 PM CDT


-  INDICATES NEGATIVE NUMBERS.
R  INDICATES RECORD WAS SET OR TIED.
MM INDICATES DATA IS MISSING.
T  INDICATES TRACE AMOUNT.




$$
