000
CDUS46 KOTX 270431
CLIEAT


CLIMATE REPORT
NATIONAL WEATHER SERVICE SPOKANE, WA
830 PM PST SUN FEB 26 2017


...................................

...THE WENATCHEE WA PANGBORN FIELD CLIMATE SUMMARY FOR FEBRUARY 26 2017...
VALID TODAY AS OF 0800 PM LOCAL TIME.

CLIMATE NORMAL PERIOD 1981 TO 2010
CLIMATE RECORD PERIOD 1959 TO 2017


WEATHER ITEM   OBSERVED TIME   RECORD YEAR NORMAL DEPARTURE LAST
                VALUE   (LST)  VALUE       VALUE  FROM      YEAR
                                                  NORMAL
..................................................................
TEMPERATURE (F)
 TODAY
  MAXIMUM         MM        MM  60    1968  46     MM       55
  MINIMUM         MM        MM   5    1993  30     MM       33
  AVERAGE         MM                        38     MM       44

PRECIPITATION (IN)
  TODAY           MM             1.24 2010   0.02  MM        0.00
  MONTH TO DATE    1.64                      0.75   0.89     0.43
  SINCE OCT 1      5.57                      4.76   0.81     6.51
  SINCE JAN 1      2.75                      1.81   0.94     2.65

DEGREE DAYS
 HEATING
  TODAY           MM                        27     MM       21
  MONTH TO DATE  951                       792    159      702
  SINCE DEC 1   3605                      3040    565     2755
  SINCE JUL 1   4682                      4412    270     3820

 COOLING
  TODAY           MM                         0     MM        0
  MONTH TO DATE    0                         0      0        0
  SINCE DEC 1      0                         0      0        0
  SINCE JAN 1      0                         0      0        0
..................................................................


WIND (MPH)
  HIGHEST WIND SPEED     7   HIGHEST WIND DIRECTION     W (270)
  HIGHEST GUST SPEED    MM   HIGHEST GUST DIRECTION    MM
  AVERAGE WIND SPEED     1.8


SKY COVER
  POSSIBLE SUNSHINE  MM
  AVERAGE SKY COVER 0.8


WEATHER CONDITIONS
 THE FOLLOWING WEATHER WAS RECORDED TODAY.
  LIGHT SNOW
  FOG


RELATIVE HUMIDITY (PERCENT)
 HIGHEST   100          1200 PM
 LOWEST     69          1200 AM
 AVERAGE    85

..........................................................


THE WENATCHEE WA PANGBORN FIELD CLIMATE NORMALS FOR TOMORROW
                         NORMAL    RECORD    YEAR
 MAXIMUM TEMPERATURE (F)   46        62      2016
                                             1991
 MINIMUM TEMPERATURE (F)   30        12      1993


SUNRISE AND SUNSET
FEBRUARY 26 2017......SUNRISE   646 AM PST   SUNSET   542 PM PST
FEBRUARY 27 2017......SUNRISE   644 AM PST   SUNSET   543 PM PST


-  INDICATES NEGATIVE NUMBERS.
R  INDICATES RECORD WAS SET OR TIED.
MM INDICATES DATA IS MISSING.
T  INDICATES TRACE AMOUNT.




$$
