000
CDUS46 KOTX 230821
CLIEAT


CLIMATE REPORT
NATIONAL WEATHER SERVICE SPOKANE, WA
120 AM PDT WED APR 23 2014


...................................

...THE WENATCHEE WA PANGBORN FIELD CLIMATE SUMMARY FOR APRIL 22 2014...

CLIMATE NORMAL PERIOD 1981 TO 2010
CLIMATE RECORD PERIOD 1959 TO 2014


WEATHER ITEM   OBSERVED TIME   RECORD YEAR NORMAL DEPARTURE LAST
                VALUE   (LST)  VALUE       VALUE  FROM      YEAR
                                                  NORMAL
..................................................................
TEMPERATURE (F)
 YESTERDAY
  MAXIMUM         61    217 PM  82    2012  64     -3       61
  MINIMUM         41   1159 PM  30    2008  42     -1       32
  AVERAGE         51                        53     -2       47

PRECIPITATION (IN)
  YESTERDAY        0.15          0.22 1960   0.01   0.14     0.00
  MONTH TO DATE    0.21                      0.34  -0.13     0.84
  SINCE OCT 1      2.66                      5.80  -3.14     5.79
  SINCE JAN 1      2.10                      2.85  -0.75     1.99

SNOWFALL (IN)
  YESTERDAY       MM             T    1964   0.0   MM       MM
  MONTH TO DATE   MM                         0.1   MM       MM
  SINCE MAR 1     MM                         9.9   MM       MM
  SINCE JUL 1     MM                        42.2   MM       MM
  SNOW DEPTH      MM

DEGREE DAYS
 HEATING
  YESTERDAY       14                        12      2       18
  MONTH TO DATE  240                       313    -73      331
  SINCE MAR 1    884                       961    -77      975
  SINCE JUL 1   5454                      5425     29     5102

 COOLING
  YESTERDAY        0                         0      0        0
  MONTH TO DATE    0                         0      0        0
  SINCE MAR 1      0                         2     -2        0
  SINCE JAN 1      0                         2     -2        0
..................................................................


WIND (MPH)
  HIGHEST WIND SPEED    24   HIGHEST WIND DIRECTION    NW (300)
  HIGHEST GUST SPEED    31   HIGHEST GUST DIRECTION    NW (300)
  AVERAGE WIND SPEED    11.9


SKY COVER
  POSSIBLE SUNSHINE  MM
  AVERAGE SKY COVER 0.5


WEATHER CONDITIONS
 THE FOLLOWING WEATHER WAS RECORDED YESTERDAY.
  LIGHT RAIN
  FOG


RELATIVE HUMIDITY (PERCENT)
 HIGHEST    86           200 AM
 LOWEST     15           300 PM
 AVERAGE    51

..........................................................


THE WENATCHEE WA PANGBORN FIELD CLIMATE NORMALS FOR TODAY
                         NORMAL    RECORD    YEAR
 MAXIMUM TEMPERATURE (F)   64        87      2012
                                             1977
 MINIMUM TEMPERATURE (F)   42        30      1985


SUNRISE AND SUNSET
APRIL 23 2014.........SUNRISE   558 AM PDT   SUNSET   801 PM PDT
APRIL 24 2014.........SUNRISE   556 AM PDT   SUNSET   803 PM PDT


-  INDICATES NEGATIVE NUMBERS.
R  INDICATES RECORD WAS SET OR TIED.
MM INDICATES DATA IS MISSING.
T  INDICATES TRACE AMOUNT.




$$
