000
CDUS46 KOTX 162349
CLIEAT


CLIMATE REPORT
NATIONAL WEATHER SERVICE SPOKANE, WA
449 PM PDT WED AUG 16 2017


...................................

...THE WENATCHEE WA PANGBORN FIELD CLIMATE SUMMARY FOR AUGUST 16 2017...
VALID AS OF 0400 PM LOCAL TIME.

CLIMATE NORMAL PERIOD 1981 TO 2010
CLIMATE RECORD PERIOD 1959 TO 2017


WEATHER ITEM   OBSERVED TIME   RECORD YEAR NORMAL DEPARTURE LAST
                VALUE   (LST)  VALUE       VALUE  FROM      YEAR
                                                  NORMAL
..................................................................
TEMPERATURE (F)
 TODAY
  MAXIMUM         91    247 PM 103    1967  86      5       97
  MINIMUM         63    519 AM  49    1995  61      2       68
  AVERAGE         77                        74      3       83

PRECIPITATION (IN)
  TODAY            0.00          0.08 1976   0.01  -0.01     0.00
  MONTH TO DATE    0.06                      0.10  -0.04      T
  SINCE OCT 1      9.88                      7.57   2.31    11.16
  SINCE JAN 1      7.06                      4.62   2.44     7.30

SNOWFALL (IN)
  TODAY           MM

DEGREE DAYS
 HEATING
  TODAY            0                         0      0        0
  MONTH TO DATE    0                         0      0        2
  SINCE JUN 1     40                        65    -25       60
  SINCE JUL 1      0                         7     -7        4

 COOLING
  TODAY           12                         9      3       18
  MONTH TO DATE  229                       164     65      159
  SINCE JUN 1    742                       725     17      583
  SINCE JAN 1    798                       872    -74      625
..................................................................


WIND (MPH)
  HIGHEST WIND SPEED    25   HIGHEST WIND DIRECTION    NW (310)
  HIGHEST GUST SPEED    31   HIGHEST GUST DIRECTION    NW (300)
  AVERAGE WIND SPEED    12.2


SKY COVER
  POSSIBLE SUNSHINE  MM
  AVERAGE SKY COVER 0.0


WEATHER CONDITIONS
 THE FOLLOWING WEATHER WAS RECORDED TODAY.
  NO SIGNIFICANT WEATHER WAS OBSERVED.


RELATIVE HUMIDITY (PERCENT)
 HIGHEST    40           300 AM
 LOWEST     20           200 PM
 AVERAGE    30

..........................................................


THE WENATCHEE WA PANGBORN FIELD CLIMATE NORMALS FOR TOMORROW
                         NORMAL    RECORD    YEAR
 MAXIMUM TEMPERATURE (F)   86       104      2008
 MINIMUM TEMPERATURE (F)   61        48      1998


SUNRISE AND SUNSET
AUGUST 16 2017........SUNRISE   559 AM PDT   SUNSET   810 PM PDT
AUGUST 17 2017........SUNRISE   600 AM PDT   SUNSET   808 PM PDT


-  INDICATES NEGATIVE NUMBERS.
R  INDICATES RECORD WAS SET OR TIED.
MM INDICATES DATA IS MISSING.
T  INDICATES TRACE AMOUNT.




$$
