000
CDUS46 KOTX 192332
CLIEAT


CLIMATE REPORT
NATIONAL WEATHER SERVICE SPOKANE, WA
432 PM PDT SUN OCT 19 2014


...................................

...THE WENATCHEE WA PANGBORN FIELD CLIMATE SUMMARY FOR OCTOBER 19 2014...
VALID AS OF 0400 PM LOCAL TIME.

CLIMATE NORMAL PERIOD 1981 TO 2010
CLIMATE RECORD PERIOD 1959 TO 2014


WEATHER ITEM   OBSERVED TIME   RECORD YEAR NORMAL DEPARTURE LAST
                VALUE   (LST)  VALUE       VALUE  FROM      YEAR
                                                  NORMAL
..................................................................
TEMPERATURE (F)
 TODAY
  MAXIMUM         68    259 PM  75    1981  59      9       63
  MINIMUM         52    706 AM  25    1984  40     12       38
  AVERAGE         60                        49     11       51

PRECIPITATION (IN)
  TODAY            0.00          0.15 1971   0.01  -0.01     0.00
  MONTH TO DATE    0.07                      0.20  -0.13      T
  SINCE OCT 1      0.07                      0.20  -0.13      T
  SINCE JAN 1      4.19                      5.26  -1.07     6.69

SNOWFALL (IN)
  TODAY           MM

DEGREE DAYS
 HEATING
  TODAY            5                        16    -11       14
  MONTH TO DATE  101                       216   -115      267
  SINCE SEP 1    136                       314   -178      363
  SINCE JUL 1    136                       328   -192      363

 COOLING
  TODAY            0                         0      0        0
  MONTH TO DATE   17                         0     17        0
  SINCE SEP 1    127                         2    125      147
  SINCE JAN 1   1218                       790    428     1028
..................................................................


WIND (MPH)
  HIGHEST WIND SPEED     8   HIGHEST WIND DIRECTION     W (280)
  HIGHEST GUST SPEED    11   HIGHEST GUST DIRECTION     W (280)
  AVERAGE WIND SPEED     4.1


SKY COVER
  POSSIBLE SUNSHINE  MM
  AVERAGE SKY COVER 0.5


WEATHER CONDITIONS
 THE FOLLOWING WEATHER WAS RECORDED TODAY.
  NO SIGNIFICANT WEATHER WAS OBSERVED.


RELATIVE HUMIDITY (PERCENT)
 HIGHEST    89           700 AM
 LOWEST     52           200 PM
 AVERAGE    71

..........................................................


THE WENATCHEE WA PANGBORN FIELD CLIMATE NORMALS FOR TOMORROW
                         NORMAL    RECORD    YEAR
 MAXIMUM TEMPERATURE (F)   59        70      2013
 MINIMUM TEMPERATURE (F)   39        28      1982


SUNRISE AND SUNSET
OCTOBER 19 2014.......SUNRISE   725 AM PDT   SUNSET   605 PM PDT
OCTOBER 20 2014.......SUNRISE   727 AM PDT   SUNSET   604 PM PDT


-  INDICATES NEGATIVE NUMBERS.
R  INDICATES RECORD WAS SET OR TIED.
MM INDICATES DATA IS MISSING.
T  INDICATES TRACE AMOUNT.




$$
