000
CDUS46 KOTX 020828
CLIEAT


CLIMATE REPORT
NATIONAL WEATHER SERVICE SPOKANE, WA
127 AM PDT THU JUL 2 2015


...................................

...THE WENATCHEE WA PANGBORN FIELD CLIMATE SUMMARY FOR JULY 1 2015...

CLIMATE NORMAL PERIOD 1981 TO 2010
CLIMATE RECORD PERIOD 1959 TO 2015


WEATHER ITEM   OBSERVED TIME   RECORD YEAR NORMAL DEPARTURE LAST
                VALUE   (LST)  VALUE       VALUE  FROM      YEAR
                                                  NORMAL
..................................................................
TEMPERATURE (F)
 YESTERDAY
  MAXIMUM        100    421 PM 101    1987  83     17       95
  MINIMUM         73    513 AM  48    1979  58     15       60
  AVERAGE         87                        70     17       78

PRECIPITATION (IN)
  YESTERDAY        0.00          0.11 1966   0.01  -0.01     0.00
  MONTH TO DATE    0.00                      0.01  -0.01     0.00
  SINCE OCT 1      6.91                      7.21  -0.30     3.31
  SINCE JAN 1      3.73                      4.26  -0.53     2.75

SNOWFALL (IN)
  YESTERDAY       MM

DEGREE DAYS
 HEATING
  YESTERDAY        0                         1     -1        0
  MONTH TO DATE    0                         1     -1        0
  SINCE JUN 1      0                        59    -59       15
  SINCE JUL 1      0                         1     -1        0

 COOLING
  YESTERDAY       22                         6     16       13
  MONTH TO DATE   22                         6     16       13
  SINCE JUN 1    405                       298    107      169
  SINCE JAN 1    504                       445     59      227
..................................................................


WIND (MPH)
  HIGHEST WIND SPEED    16   HIGHEST WIND DIRECTION    NE (30)
  HIGHEST GUST SPEED    22   HIGHEST GUST DIRECTION    NE (30)
  AVERAGE WIND SPEED     6.9


SKY COVER
  POSSIBLE SUNSHINE  MM
  AVERAGE SKY COVER 0.0


WEATHER CONDITIONS
 THE FOLLOWING WEATHER WAS RECORDED YESTERDAY.
  NO SIGNIFICANT WEATHER WAS OBSERVED.


RELATIVE HUMIDITY (PERCENT)
 HIGHEST    46           200 AM
 LOWEST     13           400 PM
 AVERAGE    30

..........................................................


THE WENATCHEE WA PANGBORN FIELD CLIMATE NORMALS FOR TODAY
                         NORMAL    RECORD    YEAR
 MAXIMUM TEMPERATURE (F)   83       104      2013
 MINIMUM TEMPERATURE (F)   59        43      1962


SUNRISE AND SUNSET
JULY  2 2015..........SUNRISE   509 AM PDT   SUNSET   901 PM PDT
JULY  3 2015..........SUNRISE   509 AM PDT   SUNSET   901 PM PDT


-  INDICATES NEGATIVE NUMBERS.
R  INDICATES RECORD WAS SET OR TIED.
MM INDICATES DATA IS MISSING.
T  INDICATES TRACE AMOUNT.




$$
