000
CDUS46 KOTX 160830
CLIEAT


CLIMATE REPORT
NATIONAL WEATHER SERVICE SPOKANE, WA
126 AM PDT WED APR 16 2014


...................................

...THE WENATCHEE WA PANGBORN FIELD CLIMATE SUMMARY FOR APRIL 15 2014...

CLIMATE NORMAL PERIOD 1981 TO 2010
CLIMATE RECORD PERIOD 1959 TO 2014


WEATHER ITEM   OBSERVED TIME   RECORD YEAR NORMAL DEPARTURE LAST
                VALUE   (LST)  VALUE       VALUE  FROM      YEAR
                                                  NORMAL
..................................................................
TEMPERATURE (F)
 YESTERDAY
  MAXIMUM         63    350 PM  77    1988  62      1       47
  MINIMUM         47    552 AM  29    1982  41      6       32
  AVERAGE         55                        51      4       40

PRECIPITATION (IN)
  YESTERDAY        0.00        0.48   1963  0.01  -0.01     0.18
  MONTH TO DATE    T                        0.24  -0.24     0.84
  SINCE OCT 1      2.45                     5.70  -3.25     5.79
  SINCE JAN 1      1.89                     2.75  -0.86     1.99

SNOWFALL (IN)
  YESTERDAY       MM                        0.0     MM       MM
  MONTH TO DATE   MM                        0.1     MM       MM
  SINCE MAR 1     MM                        9.9     MM       MM
  SINCE JUL 1     MM                       42.2     MM       MM
  SNOW DEPTH      MM

DEGREE DAYS
 HEATING
  YESTERDAY       10                        14     -4       25
  MONTH TO DATE  158                       224    -66      223
  SINCE MAR 1    802                       872    -70      867
  SINCE JUL 1   5372                      5336     36     4994

 COOLING
  YESTERDAY        0                         0      0        0
  MONTH TO DATE    0                         0      0        0
  SINCE MAR 1      0                         2     -2        0
  SINCE JAN 1      0                         2     -2        0
..................................................................


WIND (MPH)
  HIGHEST WIND SPEED    39   HIGHEST WIND DIRECTION    NW (300)
  HIGHEST GUST SPEED    48   HIGHEST GUST DIRECTION    NW (300)
  AVERAGE WIND SPEED    20.7


SKY COVER
  POSSIBLE SUNSHINE  MM
  AVERAGE SKY COVER 0.1


WEATHER CONDITIONS
 THE FOLLOWING WEATHER WAS RECORDED YESTERDAY.
  NO SIGNIFICANT WEATHER WAS OBSERVED.


RELATIVE HUMIDITY (PERCENT)
 HIGHEST    39           600 AM
 LOWEST     19          1200 PM
 AVERAGE    29

..........................................................


THE WENATCHEE WA PANGBORN FIELD CLIMATE NORMALS FOR TODAY
                         NORMAL    RECORD    YEAR
 MAXIMUM TEMPERATURE (F)   62        76      1999
 MINIMUM TEMPERATURE (F)   41        30      2006


SUNRISE AND SUNSET
APRIL 16 2014.........SUNRISE   610 AM PDT   SUNSET   752 PM PDT
APRIL 17 2014.........SUNRISE   608 AM PDT   SUNSET   753 PM PDT


-  INDICATES NEGATIVE NUMBERS.
R  INDICATES RECORD WAS SET OR TIED.
MM INDICATES DATA IS MISSING.
T  INDICATES TRACE AMOUNT.

$$
