000
CDUS46 KOTX 220826
CLIEAT


CLIMATE REPORT
NATIONAL WEATHER SERVICE SPOKANE, WA
1226 AM PST SUN JAN 22 2017


...................................

...THE WENATCHEE WA PANGBORN FIELD CLIMATE SUMMARY FOR JANUARY 21 2017...

CLIMATE NORMAL PERIOD 1981 TO 2010
CLIMATE RECORD PERIOD 1959 TO 2017


WEATHER ITEM   OBSERVED TIME   RECORD YEAR NORMAL DEPARTURE LAST
                VALUE   (LST)  VALUE       VALUE  FROM      YEAR
                                                  NORMAL
..................................................................
TEMPERATURE (F)
 YESTERDAY
  MAXIMUM         37    212 PM  48    2011  36      1       35
  MINIMUM         32    823 AM  -1    1962  25      7       33
  AVERAGE         35                        30      5       34

PRECIPITATION (IN)
  YESTERDAY        0.07          0.39 2003   0.03   0.04     0.22
  MONTH TO DATE    0.73                      0.75  -0.02     1.80
  SINCE OCT 1      3.55                      3.70  -0.15     5.66
  SINCE JAN 1      0.73                      0.75  -0.02     1.80

SNOWFALL (IN)
  YESTERDAY       MM

DEGREE DAYS
 HEATING
  YESTERDAY       30                        35     -5       31
  MONTH TO DATE 1019                       764    255      689
  SINCE DEC 1   2301                      1912    389     1747
  SINCE JUL 1   3378                      3284     94     2812

 COOLING
  YESTERDAY        0                         0      0        0
  MONTH TO DATE    0                         0      0        0
  SINCE DEC 1      0                         0      0        0
  SINCE JAN 1      0                         0      0        0
..................................................................


WIND (MPH)
  HIGHEST WIND SPEED     9   HIGHEST WIND DIRECTION    NE (60)
  HIGHEST GUST SPEED    11   HIGHEST GUST DIRECTION    SE (150)
  AVERAGE WIND SPEED     3.2


SKY COVER
  POSSIBLE SUNSHINE  MM
  AVERAGE SKY COVER 1.0


WEATHER CONDITIONS
 THE FOLLOWING WEATHER WAS RECORDED YESTERDAY.
  LIGHT RAIN
  FOG
  FOG W/VISIBILITY <= 1/4 MILE


RELATIVE HUMIDITY (PERCENT)
 HIGHEST   100           200 AM
 LOWEST     85           100 PM
 AVERAGE    93

..........................................................


THE WENATCHEE WA PANGBORN FIELD CLIMATE NORMALS FOR TODAY
                         NORMAL    RECORD    YEAR
 MAXIMUM TEMPERATURE (F)   36        50      2011
 MINIMUM TEMPERATURE (F)   26        -6      1969


SUNRISE AND SUNSET
JANUARY 22 2017.......SUNRISE   738 AM PST   SUNSET   448 PM PST
JANUARY 23 2017.......SUNRISE   737 AM PST   SUNSET   449 PM PST


-  INDICATES NEGATIVE NUMBERS.
R  INDICATES RECORD WAS SET OR TIED.
MM INDICATES DATA IS MISSING.
T  INDICATES TRACE AMOUNT.




$$
