000
CDUS46 KOTX 290831
CLIEAT


CLIMATE REPORT
NATIONAL WEATHER SERVICE SPOKANE, WA
131 AM PDT SUN MAY 29 2016


...................................

...THE WENATCHEE WA PANGBORN FIELD CLIMATE SUMMARY FOR MAY 28 2016...

CLIMATE NORMAL PERIOD 1981 TO 2010
CLIMATE RECORD PERIOD 1959 TO 2016


WEATHER ITEM   OBSERVED TIME   RECORD YEAR NORMAL DEPARTURE LAST
                VALUE   (LST)  VALUE       VALUE  FROM      YEAR
                                                  NORMAL
..................................................................
TEMPERATURE (F)
 YESTERDAY
  MAXIMUM         70    226 PM  94    1983  74     -4       89
  MINIMUM         50    605 AM  41    1998  52     -2       60
  AVERAGE         60                        63     -3       75

PRECIPITATION (IN)
  YESTERDAY        T             0.42 1967   0.02  -0.02     0.01
  MONTH TO DATE    0.94                      0.59   0.35     1.18
  SINCE OCT 1     10.24                      6.51   3.73     6.84
  SINCE JAN 1      6.38                      3.56   2.82     3.66

SNOWFALL (IN)
  YESTERDAY       MM

DEGREE DAYS
 HEATING
  YESTERDAY        5                         4      1        0
  MONTH TO DATE   69                       189   -120       74
  SINCE MAR 1    835                      1241   -406      869
  SINCE JUL 1   4708                      5705   -997     4498

 COOLING
  YESTERDAY        0                         2     -2       10
  MONTH TO DATE   27                        30     -3       66
  SINCE MAR 1     39                        68    -29       66
  SINCE JAN 1     39                        68    -29       66
..................................................................


WIND (MPH)
  HIGHEST WIND SPEED    20   HIGHEST WIND DIRECTION    NW (310)
  HIGHEST GUST SPEED    22   HIGHEST GUST DIRECTION    NW (310)
  AVERAGE WIND SPEED     9.0


SKY COVER
  POSSIBLE SUNSHINE  MM
  AVERAGE SKY COVER 0.3


WEATHER CONDITIONS
 THE FOLLOWING WEATHER WAS RECORDED YESTERDAY.
  NO SIGNIFICANT WEATHER WAS OBSERVED.


RELATIVE HUMIDITY (PERCENT)
 HIGHEST    57          1100 PM
 LOWEST     30           100 PM
 AVERAGE    44

..........................................................


THE WENATCHEE WA PANGBORN FIELD CLIMATE NORMALS FOR TODAY
                         NORMAL    RECORD    YEAR
 MAXIMUM TEMPERATURE (F)   75        98      1986
 MINIMUM TEMPERATURE (F)   52        40      1976


SUNRISE AND SUNSET
MAY 29 2016...........SUNRISE   510 AM PDT   SUNSET   848 PM PDT
MAY 30 2016...........SUNRISE   509 AM PDT   SUNSET   848 PM PDT


-  INDICATES NEGATIVE NUMBERS.
R  INDICATES RECORD WAS SET OR TIED.
MM INDICATES DATA IS MISSING.
T  INDICATES TRACE AMOUNT.




$$
