000
CDUS43 KMPX 250640
CLIEAU


CLIMATE REPORT
NATIONAL WEATHER SERVICE CHANHASSEN MN
139 AM CDT SUN JUN 25 2017


...................................

...THE EAU CLAIRE WI CLIMATE SUMMARY FOR JUNE 24 2017...

CLIMATE NORMAL PERIOD 1981 TO 2010
CLIMATE RECORD PERIOD 1893 TO 2017


WEATHER ITEM   OBSERVED TIME   RECORD YEAR NORMAL DEPARTURE LAST
                VALUE   (LST)  VALUE       VALUE  FROM      YEAR
                                                  NORMAL
..................................................................
TEMPERATURE (F)
 YESTERDAY
  MAXIMUM         67    127 PM  97    1937  81    -14       82
  MINIMUM         52   1159 PM  43    1979  58     -6       53
                                      1972
  AVERAGE         60                        70    -10       68

PRECIPITATION (IN)
  YESTERDAY        0.07          1.40 1896   0.14  -0.07     0.00
  MONTH TO DATE    4.83                      3.32   1.51     5.29
  SINCE JUN 1      4.83                      3.32   1.51     5.29
  SINCE JAN 1     19.33                     12.96   6.37    17.48

SNOWFALL (IN)
  YESTERDAY        0.0           0.0    MM   0.0    0.0      0.0
  MONTH TO DATE    0.0                       0.0    0.0      0.0
  SINCE JUN 1      0.0                       0.0    0.0      0.0
  SINCE JUL 1     54.5                      46.8    7.7     38.0
  SNOW DEPTH       0

DEGREE DAYS
 HEATING
  YESTERDAY        5                         1      4        0
  MONTH TO DATE   17                        56    -39       29
  SINCE JUN 1     17                        56    -39       29
  SINCE JUL 1   6986                      7953   -967     6840

 COOLING
  YESTERDAY        0                         6     -6        3
  MONTH TO DATE   98                        84     14       98
  SINCE JUN 1     98                        84     14       98
  SINCE JAN 1    106                       116    -10      138
..................................................................


WIND (MPH)
  HIGHEST WIND SPEED    22   HIGHEST WIND DIRECTION     W (280)
  HIGHEST GUST SPEED    28   HIGHEST GUST DIRECTION     W (280)
  AVERAGE WIND SPEED    10.4


SKY COVER
  POSSIBLE SUNSHINE  MM
  AVERAGE SKY COVER 0.6


WEATHER CONDITIONS
 THE FOLLOWING WEATHER WAS RECORDED YESTERDAY.
  LIGHT RAIN


RELATIVE HUMIDITY (PERCENT)
 HIGHEST    89           400 AM
 LOWEST     40           200 PM
 AVERAGE    65

..........................................................


THE EAU CLAIRE WI CLIMATE NORMALS FOR TODAY
                         NORMAL    RECORD    YEAR
 MAXIMUM TEMPERATURE (F)   81        95      1966
                                             1941
                                             1900
 MINIMUM TEMPERATURE (F)   58        42      1957


SUNRISE AND SUNSET
JUNE 25 2017..........SUNRISE   521 AM CDT   SUNSET   856 PM CDT
JUNE 26 2017..........SUNRISE   521 AM CDT   SUNSET   856 PM CDT


-  INDICATES NEGATIVE NUMBERS.
R  INDICATES RECORD WAS SET OR TIED.
MM INDICATES DATA IS MISSING.
T  INDICATES TRACE AMOUNT.




$$
