000
CDUS43 KMPX 260724
CLIEAU


CLIMATE REPORT
NATIONAL WEATHER SERVICE CHANHASSEN MN
124 AM CST FRI DEC 26 2014


...................................

...THE EAU CLAIRE WI CLIMATE SUMMARY FOR DECEMBER 25 2014...

CLIMATE NORMAL PERIOD 1981 TO 2010
CLIMATE RECORD PERIOD 1893 TO 2014


WEATHER ITEM   OBSERVED TIME   RECORD YEAR NORMAL DEPARTURE LAST
                VALUE   (LST)  VALUE       VALUE  FROM      YEAR
                                                  NORMAL
..................................................................
TEMPERATURE (F)
 YESTERDAY
  MAXIMUM         34    439 PM  45    1940  25      9       19
                                      1994
  MINIMUM         27   1120 PM -27    1968   8     19        9
  AVERAGE         31                        16     15       14

PRECIPITATION (IN)
  YESTERDAY        T             0.72 1945   0.03  -0.03     0.02
  MONTH TO DATE    0.37                      0.84  -0.47     1.52
  SINCE DEC 1      0.37                      0.84  -0.47     1.52
  SINCE JAN 1     42.67                     30.82  11.85    35.89

SNOWFALL (IN)
  YESTERDAY        T             8.0  1945   0.3   -0.3      0.5
  MONTH TO DATE    1.6                       7.6   -6.0     18.6
  SINCE DEC 1      1.6                       7.6   -6.0     18.6
  SINCE JUL 1     15.8                      13.9    1.9     20.8
  SNOW DEPTH       0

DEGREE DAYS
 HEATING
  YESTERDAY       34                        49    -15       51
  MONTH TO DATE  947                      1134   -187     1327
  SINCE DEC 1    947                      1134   -187     1327
  SINCE JUL 1   2919                      2880     39     3072

 COOLING
  YESTERDAY        0                         0      0        0
  MONTH TO DATE    0                         0      0        0
  SINCE DEC 1      0                         0      0        0
  SINCE JAN 1    500                       579    -79      653
..................................................................


WIND (MPH)
  HIGHEST WIND SPEED    16   HIGHEST WIND DIRECTION    SW (230)
  HIGHEST GUST SPEED    21   HIGHEST GUST DIRECTION    SW (240)
  AVERAGE WIND SPEED     7.4


SKY COVER
  POSSIBLE SUNSHINE  MM
  AVERAGE SKY COVER 0.8


WEATHER CONDITIONS
 THE FOLLOWING WEATHER WAS RECORDED YESTERDAY.
  HAZE


RELATIVE HUMIDITY (PERCENT)
 HIGHEST    92           900 PM
 LOWEST     75          1200 PM
 AVERAGE    84

..........................................................


THE EAU CLAIRE WI CLIMATE NORMALS FOR TODAY
                         NORMAL    RECORD    YEAR
 MAXIMUM TEMPERATURE (F)   24        52      1936
 MINIMUM TEMPERATURE (F)    8       -27      1914


SUNRISE AND SUNSET
DECEMBER 26 2014......SUNRISE   743 AM CST   SUNSET   431 PM CST
DECEMBER 27 2014......SUNRISE   743 AM CST   SUNSET   431 PM CST


-  INDICATES NEGATIVE NUMBERS.
R  INDICATES RECORD WAS SET OR TIED.
MM INDICATES DATA IS MISSING.
T  INDICATES TRACE AMOUNT.




$$
