000
CDUS43 KMPX 060737
CLIEAU


CLIMATE REPORT
NATIONAL WEATHER SERVICE CHANHASSEN MN
236 AM CDT FRI MAY 6 2016


...................................

...THE EAU CLAIRE WI CLIMATE SUMMARY FOR MAY 5 2016...

CLIMATE NORMAL PERIOD 1981 TO 2010
CLIMATE RECORD PERIOD 1893 TO 2016


WEATHER ITEM   OBSERVED TIME   RECORD YEAR NORMAL DEPARTURE LAST
                VALUE   (LST)  VALUE       VALUE  FROM      YEAR
                                                  NORMAL
..................................................................
TEMPERATURE (F)
 YESTERDAY
  MAXIMUM         70    549 PM  90    1939  67      3       69
                                      1909
  MINIMUM         30    433 AM  24    1967  42    -12       46
  AVERAGE         50                        54     -4       58

PRECIPITATION (IN)
  YESTERDAY        0.00          1.18 1960   0.10  -0.10     0.01
  MONTH TO DATE    0.15                      0.54  -0.39     1.07
  SINCE MAR 1      7.37                      5.02   2.35     4.54
  SINCE JAN 1      8.53                      6.72   1.81     5.13

SNOWFALL (IN)
  YESTERDAY        0.0           0.5  1944   0.0    0.0      0.0
  MONTH TO DATE    0.0                       0.1   -0.1      0.0
  SINCE MAR 1     13.9                      10.6    3.3      7.3
  SINCE JUL 1     38.0                      46.9   -8.9     38.1
  SNOW DEPTH       0

DEGREE DAYS
 HEATING
  YESTERDAY       15                        11      4        7
  MONTH TO DATE   62                        58      4       29
  SINCE MAR 1   1450                      1678   -228     1540
  SINCE JUL 1   6628                      7698  -1070     7893

 COOLING
  YESTERDAY        0                         0      0        0
  MONTH TO DATE    0                         0      0        3
  SINCE MAR 1      4                         4      0        3
  SINCE JAN 1      4                         4      0        3
..................................................................


WIND (MPH)
  HIGHEST WIND SPEED    14   HIGHEST WIND DIRECTION    SW (210)
  HIGHEST GUST SPEED    18   HIGHEST GUST DIRECTION    SW (220)
  AVERAGE WIND SPEED     4.5


SKY COVER
  POSSIBLE SUNSHINE  MM
  AVERAGE SKY COVER 0.1


WEATHER CONDITIONS
 THE FOLLOWING WEATHER WAS RECORDED YESTERDAY.
  NO SIGNIFICANT WEATHER WAS OBSERVED.


RELATIVE HUMIDITY (PERCENT)
 HIGHEST    92           400 AM
 LOWEST     26           200 PM
 AVERAGE    59

..........................................................


THE EAU CLAIRE WI CLIMATE NORMALS FOR TODAY
                         NORMAL    RECORD    YEAR
 MAXIMUM TEMPERATURE (F)   67        92      1934
 MINIMUM TEMPERATURE (F)   42        22      1954
                                             1989


SUNRISE AND SUNSET
MAY  6 2016...........SUNRISE   548 AM CDT   SUNSET   818 PM CDT
MAY  7 2016...........SUNRISE   546 AM CDT   SUNSET   819 PM CDT


-  INDICATES NEGATIVE NUMBERS.
R  INDICATES RECORD WAS SET OR TIED.
MM INDICATES DATA IS MISSING.
T  INDICATES TRACE AMOUNT.




$$
