000
CDUS42 KAKQ 300553
CLIECG


CLIMATE REPORT
NATIONAL WEATHER SERVICE WAKEFIELD, VA
150 AM EDT FRI SEP 30 2016


...................................

...THE ELIZABETH CITY NC CLIMATE SUMMARY FOR SEPTEMBER 29 2016...

CLIMATE NORMAL PERIOD 1981 TO 2010
CLIMATE RECORD PERIOD 1934 TO 2016


WEATHER ITEM   OBSERVED TIME   RECORD YEAR NORMAL DEPARTURE LAST
                VALUE   (LST)  VALUE       VALUE  FROM      YEAR
                                                  NORMAL
..................................................................
TEMPERATURE (F)
 YESTERDAY
  MAXIMUM         80   1053 AM  91    1973  77      3       84
  MINIMUM         69   1159 PM  45    1970  59     10       74
  AVERAGE         75                        68      7       79

PRECIPITATION (IN)
  YESTERDAY        0.01          2.40 1959   0.13  -0.12     0.19
  MONTH TO DATE   12.01                      3.81   8.20     3.22
  SINCE SEP 1     12.01                      3.81   8.20     3.22
  SINCE JAN 1     39.52                     37.77   1.75    33.40

SNOWFALL (IN)
  YESTERDAY        0.0           0.0  2002  MM     MM
  MONTH TO DATE    0.0                      MM     MM
  SINCE NOV 1      1.8                      MM     MM
  SINCE JUL 1      0.0                      MM     MM
  SNOW DEPTH       0

DEGREE DAYS
 HEATING
  YESTERDAY        0                         1     -1        0
  MONTH TO DATE    0                         9     -9        1
  SINCE SEP 1      0                         9     -9        1
  SINCE JUL 1      0                         9     -9        1

 COOLING
  YESTERDAY       10                         4      6       14
  MONTH TO DATE  318                       223     95      313
  SINCE SEP 1    318                       223     95      313
  SINCE JAN 1   1825                      1519    306     1753
..................................................................


WIND (MPH)
  HIGHEST WIND SPEED    14   HIGHEST WIND DIRECTION    NE (40)
  HIGHEST GUST SPEED    16   HIGHEST GUST DIRECTION    NE (40)
  AVERAGE WIND SPEED     5.2


SKY COVER
  POSSIBLE SUNSHINE  MM
  AVERAGE SKY COVER 0.4


WEATHER CONDITIONS
 THE FOLLOWING WEATHER WAS RECORDED YESTERDAY.
  THUNDERSTORM
  LIGHT RAIN
  FOG


RELATIVE HUMIDITY (PERCENT)
 HIGHEST   100           400 AM
 LOWEST     79          1000 AM
 AVERAGE    90

..........................................................


THE ELIZABETH CITY NC CLIMATE NORMALS FOR TODAY
                         NORMAL    RECORD    YEAR
 MAXIMUM TEMPERATURE (F)   77        90      1986
 MINIMUM TEMPERATURE (F)   59        42      1970


SUNRISE AND SUNSET
SEPTEMBER 30 2016.....SUNRISE   659 AM EDT   SUNSET   649 PM EDT
OCTOBER  1 2016.......SUNRISE   700 AM EDT   SUNSET   648 PM EDT


-  INDICATES NEGATIVE NUMBERS.
R  INDICATES RECORD WAS SET OR TIED.
MM INDICATES DATA IS MISSING.
T  INDICATES TRACE AMOUNT.




$$
