000
CDUS42 KAKQ 270832
CLIECG


CLIMATE REPORT
NATIONAL WEATHER SERVICE WAKEFIELD, VA
330 AM EST TUE JAN 27 2015


...................................

...THE ELIZABETH CITY NC CLIMATE SUMMARY FOR JANUARY 26 2015...

CLIMATE NORMAL PERIOD 1981 TO 2010
CLIMATE RECORD PERIOD 1934 TO 2015


WEATHER ITEM   OBSERVED TIME   RECORD YEAR NORMAL DEPARTURE LAST
                VALUE   (LST)  VALUE       VALUE  FROM      YEAR
                                                  NORMAL
..................................................................
TEMPERATURE (F)
 YESTERDAY
  MAXIMUM         52    240 PM  79    1950  51      1       46
  MINIMUM         35    108 AM  13    1961  32      3       24
  AVERAGE         44                        42      2       35

PRECIPITATION (IN)
  YESTERDAY        0.00          1.94 1937   0.11  -0.11     0.00
  MONTH TO DATE    3.94                      2.66   1.28     1.80
  SINCE DEC 1      7.08                      5.22   1.86     6.95
  SINCE JAN 1      3.94                      2.66   1.28     1.80

SNOWFALL (IN)
  YESTERDAY        0.0           2.5  1966  MM     MM
  MONTH TO DATE    0.0                      MM     MM
  SINCE NOV 1      0.0                      MM     MM
  SINCE JUL 1      0.0                      MM     MM
  SNOW DEPTH       0

DEGREE DAYS
 HEATING
  YESTERDAY       21                        23     -2       30
  MONTH TO DATE  497                       619   -122      677
  SINCE DEC 1    964                      1259   -295     1233
  SINCE JUL 1   1479                      1774   -295     1796

 COOLING
  YESTERDAY        0                         0      0        0
  MONTH TO DATE    2                         0      2        0
  SINCE DEC 1      2                         2      0       14
  SINCE JAN 1      2                         0      2        0
..................................................................


WIND (MPH)
  HIGHEST WIND SPEED    22   HIGHEST WIND DIRECTION    NW (320)
  HIGHEST GUST SPEED    26   HIGHEST GUST DIRECTION    NW (330)
  AVERAGE WIND SPEED     8.7


SKY COVER
  POSSIBLE SUNSHINE  MM
  AVERAGE SKY COVER 0.5


WEATHER CONDITIONS
 THE FOLLOWING WEATHER WAS RECORDED YESTERDAY.
  NO SIGNIFICANT WEATHER WAS OBSERVED.


RELATIVE HUMIDITY (PERCENT)
 HIGHEST    92           100 AM
 LOWEST     77           100 PM
 AVERAGE    85

..........................................................


THE ELIZABETH CITY NC CLIMATE NORMALS FOR TODAY
                         NORMAL    RECORD    YEAR
 MAXIMUM TEMPERATURE (F)   52        78      1952
 MINIMUM TEMPERATURE (F)   33         9      1940


SUNRISE AND SUNSET
JANUARY 27 2015.......SUNRISE   710 AM EST   SUNSET   526 PM EST
JANUARY 28 2015.......SUNRISE   709 AM EST   SUNSET   527 PM EST


-  INDICATES NEGATIVE NUMBERS.
R  INDICATES RECORD WAS SET OR TIED.
MM INDICATES DATA IS MISSING.
T  INDICATES TRACE AMOUNT.




$$
