000
CDUS42 KAKQ 192235
CLIECG


CLIMATE REPORT
NATIONAL WEATHER SERVICE WAKEFIELD, VA
533 PM EST FRI JAN 19 2018


...................................

...THE ELIZABETH CITY NC CLIMATE SUMMARY FOR JANUARY 19 2018...
VALID TODAY AS OF 0500 PM LOCAL TIME.

CLIMATE NORMAL PERIOD 1981 TO 2010
CLIMATE RECORD PERIOD 1934 TO 2018


WEATHER ITEM   OBSERVED TIME   RECORD YEAR NORMAL DEPARTURE LAST
                VALUE   (LST)  VALUE       VALUE  FROM      YEAR
                                                  NORMAL
..................................................................
TEMPERATURE (F)
 TODAY
  MAXIMUM         54    311 PM  75    1936  51      3       57
  MINIMUM         23    322 AM   5    1994  32     -9       38
  AVERAGE         39

PRECIPITATION (IN)
  TODAY            0.00          2.17 1987   0.10  -0.10     0.00
  MONTH TO DATE    1.56                      1.91  -0.35     3.03
  SINCE DEC 1      4.62                      4.47   0.15     5.70
  SINCE JAN 1      1.56                      1.91  -0.35     3.03

SNOWFALL (IN)
  TODAY            0.0
  MONTH TO DATE    6.8
  SINCE NOV 1      6.8
  SINCE JUL 1      6.8
  SNOW DEPTH       0

DEGREE DAYS
 HEATING
  TODAY           26
  MONTH TO DATE  619
  SINCE DEC 1   1261
  SINCE JUL 1   1695

 COOLING
  TODAY            0
  MONTH TO DATE    3
  SINCE DEC 1      3
  SINCE JAN 1      3
..................................................................


WIND (MPH)
  RESULTANT WIND SPEED   7   RESULTANT WIND DIRECTION  SW (240)
  HIGHEST WIND SPEED    13   HIGHEST WIND DIRECTION    SW (230)
  HIGHEST GUST SPEED    17   HIGHEST GUST DIRECTION    SW (240)


SKY COVER
  POSSIBLE SUNSHINE  MM
  AVERAGE SKY COVER 0.0


WEATHER CONDITIONS
 THE FOLLOWING WEATHER WAS RECORDED TODAY.
  NO SIGNIFICANT WEATHER WAS OBSERVED.


RELATIVE HUMIDITY (PERCENT)
 HIGHEST    88
 LOWEST     45
 AVERAGE    67

..........................................................


THE ELIZABETH CITY NC CLIMATE NORMALS FOR TOMORROW
                         NORMAL    RECORD    YEAR
 MAXIMUM TEMPERATURE (F)   51        73      1951
 MINIMUM TEMPERATURE (F)   32         8      1994
                                             1940


SUNRISE AND SUNSET
JANUARY 19 2018.......SUNRISE   714 AM EST   SUNSET   518 PM EST
JANUARY 20 2018.......SUNRISE   713 AM EST   SUNSET   519 PM EST


-  INDICATES NEGATIVE NUMBERS.
R  INDICATES RECORD WAS SET OR TIED.
MM INDICATES DATA IS MISSING.
T  INDICATES TRACE AMOUNT.




$$
