000
CDUS42 KAKQ 250545
CLIECG


CLIMATE REPORT
NATIONAL WEATHER SERVICE WAKEFIELD, VA
145 AM EDT TUE APR 25 2017


...................................

...THE ELIZABETH CITY NC CLIMATE SUMMARY FOR APRIL 24 2017...

CLIMATE NORMAL PERIOD 1981 TO 2010
CLIMATE RECORD PERIOD 1934 TO 2017


WEATHER ITEM   OBSERVED TIME   RECORD YEAR NORMAL DEPARTURE LAST
                VALUE   (LST)  VALUE       VALUE  FROM      YEAR
                                                  NORMAL
..................................................................
TEMPERATURE (F)
 YESTERDAY
  MAXIMUM         72    429 PM  92    1960  72      0       64
  MINIMUM         58    204 AM  38    1942  50      8       48
  AVERAGE         65                        61      4       56

PRECIPITATION (IN)
  YESTERDAY        0.18          1.09 1983   0.11   0.07     0.00
  MONTH TO DATE    2.24                      2.57  -0.33     3.18
  SINCE MAR 1      6.03                      6.55  -0.52     5.40
  SINCE JAN 1     10.64                     12.99  -2.35    12.99

SNOWFALL (IN)
  YESTERDAY        0.0           0.0  2002  MM     MM
  MONTH TO DATE    0.0                      MM     MM
  SINCE NOV 1      1.2                      MM     MM
  SINCE JUL 1      1.2                      MM     MM
  SNOW DEPTH       0

DEGREE DAYS
 HEATING
  YESTERDAY        0                         6     -6        9
  MONTH TO DATE   83                       194   -111      220
  SINCE MAR 1    558                       659   -101      497
  SINCE JUL 1   2653                      3131   -478     2408

 COOLING
  YESTERDAY        0                         2     -2        0
  MONTH TO DATE   65                        25     40       18
  SINCE MAR 1     72                        30     42       44
  SINCE JAN 1     75                        32     43       44
..................................................................


WIND (MPH)
  HIGHEST WIND SPEED    21   HIGHEST WIND DIRECTION     E (80)
  HIGHEST GUST SPEED    28   HIGHEST GUST DIRECTION     E (90)
  AVERAGE WIND SPEED    12.7


SKY COVER
  POSSIBLE SUNSHINE  MM
  AVERAGE SKY COVER 0.8


WEATHER CONDITIONS
 THE FOLLOWING WEATHER WAS RECORDED YESTERDAY.
  RAIN
  LIGHT RAIN
  FOG


RELATIVE HUMIDITY (PERCENT)
 HIGHEST   100          1200 AM
 LOWEST     73          1000 PM
 AVERAGE    87

..........................................................


THE ELIZABETH CITY NC CLIMATE NORMALS FOR TODAY
                         NORMAL    RECORD    YEAR
 MAXIMUM TEMPERATURE (F)   72        92      1960
 MINIMUM TEMPERATURE (F)   50        35      1999


SUNRISE AND SUNSET
APRIL 25 2017.........SUNRISE   618 AM EDT   SUNSET   747 PM EDT
APRIL 26 2017.........SUNRISE   617 AM EDT   SUNSET   748 PM EDT


-  INDICATES NEGATIVE NUMBERS.
R  INDICATES RECORD WAS SET OR TIED.
MM INDICATES DATA IS MISSING.
T  INDICATES TRACE AMOUNT.




$$
