000
CDUS42 KAKQ 230637
CLIECG


CLIMATE REPORT
NATIONAL WEATHER SERVICE WAKEFIELD, VA
137 AM EST MON JAN 23 2017


...................................

...THE ELIZABETH CITY NC CLIMATE SUMMARY FOR JANUARY 22 2017...

CLIMATE NORMAL PERIOD 1981 TO 2010
CLIMATE RECORD PERIOD 1934 TO 2017


WEATHER ITEM   OBSERVED TIME   RECORD YEAR NORMAL DEPARTURE LAST
                VALUE   (LST)  VALUE       VALUE  FROM      YEAR
                                                  NORMAL
..................................................................
TEMPERATURE (F)
 YESTERDAY
  MAXIMUM         57    441 AM  79    1937  51      6       55
  MINIMUM         50   1159 PM   9    2014  32     18       27
  AVERAGE         54                        42     12       41

PRECIPITATION (IN)
  YESTERDAY        0.02          1.96 1987   0.11  -0.09     1.23
  MONTH TO DATE    3.27                      2.21   1.06     2.69
  SINCE DEC 1      5.94                      4.77   1.17     6.70
  SINCE JAN 1      3.27                      2.21   1.06     2.69

SNOWFALL (IN)
  YESTERDAY        0.0           0.8  2014  MM     MM
  MONTH TO DATE    1.2                      MM     MM
  SINCE NOV 1      1.2                      MM     MM
  SINCE JUL 1      1.2                      MM     MM
  SNOW DEPTH       0

DEGREE DAYS
 HEATING
  YESTERDAY       11                        23    -12       24
  MONTH TO DATE  435                       527    -92      531
  SINCE DEC 1   1040                      1167   -127      775
  SINCE JUL 1   1530                      1682   -152     1131

 COOLING
  YESTERDAY        0                         0      0        0
  MONTH TO DATE    0                         0      0        0
  SINCE DEC 1      0                         2     -2       31
  SINCE JAN 1      0                         0      0        0
..................................................................


WIND (MPH)
  HIGHEST WIND SPEED    12   HIGHEST WIND DIRECTION    NE (30)
  HIGHEST GUST SPEED    14   HIGHEST GUST DIRECTION    SW (230)
  AVERAGE WIND SPEED     5.7


SKY COVER
  POSSIBLE SUNSHINE  MM
  AVERAGE SKY COVER 1.0


WEATHER CONDITIONS
 THE FOLLOWING WEATHER WAS RECORDED YESTERDAY.
  LIGHT RAIN
  FOG
  FOG W/VISIBILITY <= 1/4 MILE


RELATIVE HUMIDITY (PERCENT)
 HIGHEST   100           100 AM
 LOWEST     89           900 PM
 AVERAGE    95

..........................................................


THE ELIZABETH CITY NC CLIMATE NORMALS FOR TODAY
                         NORMAL    RECORD    YEAR
 MAXIMUM TEMPERATURE (F)   51        76      1937
 MINIMUM TEMPERATURE (F)   32         8      2014
                                             1936


SUNRISE AND SUNSET
JANUARY 23 2017.......SUNRISE   712 AM EST   SUNSET   522 PM EST
JANUARY 24 2017.......SUNRISE   711 AM EST   SUNSET   523 PM EST


-  INDICATES NEGATIVE NUMBERS.
R  INDICATES RECORD WAS SET OR TIED.
MM INDICATES DATA IS MISSING.
T  INDICATES TRACE AMOUNT.




$$
