000
CDUS42 KAKQ 200845
CLIECG


CLIMATE REPORT
NATIONAL WEATHER SERVICE WAKEFIELD, VA
445 AM EDT WED AUG 20 2014


...................................

...THE ELIZABETH CITY NC CLIMATE SUMMARY FOR AUGUST 19 2014...

CLIMATE NORMAL PERIOD 1981 TO 2010
CLIMATE RECORD PERIOD 1934 TO 2014


WEATHER ITEM   OBSERVED TIME   RECORD YEAR NORMAL DEPARTURE LAST
                VALUE   (LST)  VALUE       VALUE  FROM      YEAR
                                                  NORMAL
..................................................................
TEMPERATURE (F)
 YESTERDAY
  MAXIMUM         84    338 PM  96    2002  87     -3       74
                                      1940
  MINIMUM         71    422 AM  62    1943  69      2       70
  AVERAGE         78                        78      0       72

PRECIPITATION (IN)
  YESTERDAY        0.02          3.14 1984   0.21  -0.19     0.21
  MONTH TO DATE    2.94                      4.09  -1.15     5.06
  SINCE JUN 1     12.15                     14.24  -2.09    18.16
  SINCE JAN 1     27.11                     31.41  -4.30    28.83

SNOWFALL (IN)
  YESTERDAY        0.0           0.0  2002  MM     MM
  MONTH TO DATE    0.0                      MM     MM
  SINCE NOV 1     10.2                      MM     MM
  SINCE JUL 1      0.0                      MM     MM
  SNOW DEPTH       0

DEGREE DAYS
 HEATING
  YESTERDAY        0                         0      0        0
  MONTH TO DATE    0                         0      0        0
  SINCE JUN 1      5                         3      2        0
  SINCE JUL 1      0                         0      0        0

 COOLING
  YESTERDAY       13                        13      0        7
  MONTH TO DATE  204                       252    -48      227
  SINCE JUN 1    889                       992   -103     1047
  SINCE JAN 1   1098                      1156    -58     1253
..................................................................


WIND (MPH)
  HIGHEST WIND SPEED    13   HIGHEST WIND DIRECTION     N (360)
  HIGHEST GUST SPEED    15   HIGHEST GUST DIRECTION     N (10)
  AVERAGE WIND SPEED     5.2


SKY COVER
  POSSIBLE SUNSHINE  MM
  AVERAGE SKY COVER 0.8


WEATHER CONDITIONS
 THE FOLLOWING WEATHER WAS RECORDED YESTERDAY.
  LIGHT RAIN
  FOG
  HAZE


RELATIVE HUMIDITY (PERCENT)
 HIGHEST   100           400 AM
 LOWEST     74           300 PM
 AVERAGE    87

..........................................................


THE ELIZABETH CITY NC CLIMATE NORMALS FOR TODAY
                         NORMAL    RECORD    YEAR
 MAXIMUM TEMPERATURE (F)   87       100      1983
 MINIMUM TEMPERATURE (F)   68        56      1943


SUNRISE AND SUNSET
AUGUST 20 2014........SUNRISE   627 AM EDT   SUNSET   749 PM EDT
AUGUST 21 2014........SUNRISE   628 AM EDT   SUNSET   748 PM EDT


-  INDICATES NEGATIVE NUMBERS.
R  INDICATES RECORD WAS SET OR TIED.
MM INDICATES DATA IS MISSING.
T  INDICATES TRACE AMOUNT.




$$
