000
CDUS45 KGJT 010734
CLIEEO


CLIMATE REPORT
NATIONAL WEATHER SERVICE GRAND JUNCTION CO
130 AM MDT SAT OCT 1 2016


...................................

...THE MEEKER CO CLIMATE SUMMARY FOR SEPTEMBER 30 2016...

CLIMATE NORMAL PERIOD 1981 TO 2010
CLIMATE RECORD PERIOD 9999 TO 9999


WEATHER ITEM   OBSERVED TIME   RECORD YEAR NORMAL DEPARTURE LAST
                VALUE   (LST)  VALUE       VALUE  FROM      YEAR
                                                  NORMAL
..................................................................
TEMPERATURE (F)
 YESTERDAY
  MAXIMUM         69    235 PM  MM      MM  68      1       75
  MINIMUM         46   1159 PM  MM      MM  34     12       50
  AVERAGE         58                        51      7       63

PRECIPITATION (IN)
  YESTERDAY        0.04         MM      MM   0.05  -0.01      T
  MONTH TO DATE    1.14                      1.76  -0.62     0.79
  SINCE SEP 1      1.14                      1.76  -0.62     0.79
  SINCE JAN 1     11.61                     11.62  -0.01    13.48

SNOWFALL (IN)
  YESTERDAY       MM            MM      MM  MM     MM       MM
  MONTH TO DATE   MM                        MM     MM       MM
  SINCE SEP 1     MM                        MM     MM       MM
  SINCE JUL 1     MM                        MM     MM       MM
  SNOW DEPTH      MM

DEGREE DAYS
 HEATING
  YESTERDAY        7                        14     -7        2
  MONTH TO DATE  208                       252    -44      119
  SINCE SEP 1    208                       253    -45      119
  SINCE JUL 1    271                       307    -36      156

 COOLING
  YESTERDAY        0                         0      0        0
  MONTH TO DATE    6                         4      2        1
  SINCE SEP 1      6                         4      2        1
  SINCE JAN 1    225                       172     53      222
..................................................................


WIND (MPH)
  HIGHEST WIND SPEED    14   HIGHEST WIND DIRECTION    SW (210)
  HIGHEST GUST SPEED    19   HIGHEST GUST DIRECTION    SW (220)
  AVERAGE WIND SPEED     4.0


SKY COVER
  POSSIBLE SUNSHINE  MM
  AVERAGE SKY COVER 0.4


WEATHER CONDITIONS
 THE FOLLOWING WEATHER WAS RECORDED YESTERDAY.
  RAIN
  LIGHT RAIN


RELATIVE HUMIDITY (PERCENT)
 HIGHEST   100           600 AM
 LOWEST     42           400 PM
 AVERAGE    71

..........................................................


THE MEEKER CO CLIMATE NORMALS FOR TODAY
                         NORMAL    RECORD    YEAR
 MAXIMUM TEMPERATURE (F)   67        MM        MM
 MINIMUM TEMPERATURE (F)   33        MM        MM


SUNRISE AND SUNSET
OCTOBER  1 2016.......SUNRISE   708 AM MDT   SUNSET   653 PM MDT
OCTOBER  2 2016.......SUNRISE   709 AM MDT   SUNSET   651 PM MDT


-  INDICATES NEGATIVE NUMBERS.
R  INDICATES RECORD WAS SET OR TIED.
MM INDICATES DATA IS MISSING.
T  INDICATES TRACE AMOUNT.




$$
