000
CDUS45 KGJT 232346
CLIEEO


CLIMATE REPORT
NATIONAL WEATHER SERVICE GRAND JUNCTION CO
530 PM MDT TUE SEP 23 2014


...................................

...THE MEEKER CO CLIMATE SUMMARY FOR SEPTEMBER 23 2014...
VALID TODAY AS OF 0500 PM LOCAL TIME.

CLIMATE NORMAL PERIOD 1981 TO 2010
CLIMATE RECORD PERIOD 9999 TO 9999


WEATHER ITEM   OBSERVED TIME   RECORD YEAR NORMAL DEPARTURE LAST
                VALUE   (LST)  VALUE       VALUE  FROM      YEAR
                                                  NORMAL
..................................................................
TEMPERATURE (F)
 TODAY
  MAXIMUM         75    340 PM  MM      MM  71      4       60
  MINIMUM         48    635 AM  MM      MM  37     11       39
  AVERAGE         62                        54      8       50

PRECIPITATION (IN)
  TODAY            0.00         MM      MM   0.06  -0.06     0.08
  MONTH TO DATE    1.29                      1.34  -0.05     2.37
  SINCE SEP 1      1.29                      1.34  -0.05     2.37
  SINCE JAN 1     13.02                     11.20   1.82    12.46

SNOWFALL (IN)
  TODAY           MM            MM      MM  MM     MM       MM
  MONTH TO DATE   MM                        MM     MM       MM
  SINCE SEP 1     MM                        MM     MM       MM
  SINCE JUL 1     MM                        MM     MM       MM
  SNOW DEPTH      MM

DEGREE DAYS
 HEATING
  TODAY            3                        11     -8       15
  MONTH TO DATE  110                       161    -51       85
  SINCE SEP 1    110                       161    -51       85
  SINCE JUL 1    167                       215    -48      104

 COOLING
  TODAY            0                         0      0        0
  MONTH TO DATE    1                         0      1       41
  SINCE SEP 1      1                         0      1       41
  SINCE JAN 1    197                       168     29      324
..................................................................


WIND (MPH)
  HIGHEST WIND SPEED    20   HIGHEST WIND DIRECTION     W (250)
  HIGHEST GUST SPEED    28   HIGHEST GUST DIRECTION     W (260)
  AVERAGE WIND SPEED     5.1


SKY COVER
  POSSIBLE SUNSHINE  MM
  AVERAGE SKY COVER 0.6


WEATHER CONDITIONS
 THE FOLLOWING WEATHER WAS RECORDED TODAY.
  NO SIGNIFICANT WEATHER WAS OBSERVED.


RELATIVE HUMIDITY (PERCENT)
 HIGHEST    89           200 AM
 LOWEST     29           300 PM
 AVERAGE    59

..........................................................


THE MEEKER CO CLIMATE NORMALS FOR TOMORROW
                         NORMAL    RECORD    YEAR
 MAXIMUM TEMPERATURE (F)   71        MM        MM
 MINIMUM TEMPERATURE (F)   36        MM        MM


SUNRISE AND SUNSET
SEPTEMBER 23 2014.....SUNRISE   700 AM MDT   SUNSET   707 PM MDT
SEPTEMBER 24 2014.....SUNRISE   701 AM MDT   SUNSET   705 PM MDT


-  INDICATES NEGATIVE NUMBERS.
R  INDICATES RECORD WAS SET OR TIED.
MM INDICATES DATA IS MISSING.
T  INDICATES TRACE AMOUNT.




$$
