000
CDUS45 KGJT 212339
CLIEEO


CLIMATE REPORT
NATIONAL WEATHER SERVICE GRAND JUNCTION CO
530 PM MDT THU SEP 21 2017


...................................

...THE MEEKER CO CLIMATE SUMMARY FOR SEPTEMBER 21 2017...
VALID TODAY AS OF 0500 PM LOCAL TIME.

CLIMATE NORMAL PERIOD 1981 TO 2010
CLIMATE RECORD PERIOD 9999 TO 9999


WEATHER ITEM   OBSERVED TIME   RECORD YEAR NORMAL DEPARTURE LAST
                VALUE   (LST)  VALUE       VALUE  FROM      YEAR
                                                  NORMAL
..................................................................
TEMPERATURE (F)
 TODAY
  MAXIMUM         78    234 PM  MM      MM  72      6       70
  MINIMUM         49    151 AM  MM      MM  37     12       52
  AVERAGE         64                        55      9       61

PRECIPITATION (IN)
  TODAY            0.00         MM      MM   0.06  -0.06     0.05
  MONTH TO DATE    0.49                      1.22  -0.73     0.28
  SINCE SEP 1      0.49                      1.22  -0.73     0.28
  SINCE JAN 1     10.71                     11.08  -0.37    10.75

SNOWFALL (IN)
  TODAY           MM            MM      MM  MM     MM       MM
  MONTH TO DATE   MM                        MM     MM       MM
  SINCE SEP 1     MM                        MM     MM       MM
  SINCE JUL 1     MM                        MM     MM       MM
  SNOW DEPTH      MM

DEGREE DAYS
 HEATING
  TODAY            1                        10     -9        4
  MONTH TO DATE   64                       139    -75      113
  SINCE SEP 1     64                       139    -75      113
  SINCE JUL 1     73                       193   -120      176

 COOLING
  TODAY            0                         0      0        0
  MONTH TO DATE   26                         0     26        5
  SINCE SEP 1     26                         0     26        5
  SINCE JAN 1    321                       168    153      224
..................................................................


WIND (MPH)
  HIGHEST WIND SPEED    31   HIGHEST WIND DIRECTION     S (180)
  HIGHEST GUST SPEED    43   HIGHEST GUST DIRECTION    SW (210)
  AVERAGE WIND SPEED    14.7


SKY COVER
  POSSIBLE SUNSHINE  MM
  AVERAGE SKY COVER 0.0


WEATHER CONDITIONS
 THE FOLLOWING WEATHER WAS RECORDED TODAY.
  NO SIGNIFICANT WEATHER WAS OBSERVED.


RELATIVE HUMIDITY (PERCENT)
 HIGHEST    46           200 AM
 LOWEST     10           200 PM
 AVERAGE    28

..........................................................


THE MEEKER CO CLIMATE NORMALS FOR TOMORROW
                         NORMAL    RECORD    YEAR
 MAXIMUM TEMPERATURE (F)   71        MM        MM
 MINIMUM TEMPERATURE (F)   37        MM        MM


SUNRISE AND SUNSET
SEPTEMBER 21 2017.....SUNRISE   658 AM MDT   SUNSET   710 PM MDT
SEPTEMBER 22 2017.....SUNRISE   659 AM MDT   SUNSET   708 PM MDT


-  INDICATES NEGATIVE NUMBERS.
R  INDICATES RECORD WAS SET OR TIED.
MM INDICATES DATA IS MISSING.
T  INDICATES TRACE AMOUNT.




$$
