000
CDUS45 KGJT 230744
CLIEEO


CLIMATE REPORT
NATIONAL WEATHER SERVICE GRAND JUNCTION CO
130 AM MDT THU OCT 23 2014


...................................

...THE MEEKER CO CLIMATE SUMMARY FOR OCTOBER 22 2014...

CLIMATE NORMAL PERIOD 1981 TO 2010
CLIMATE RECORD PERIOD 9999 TO 9999


WEATHER ITEM   OBSERVED TIME   RECORD YEAR NORMAL DEPARTURE LAST
                VALUE   (LST)  VALUE       VALUE  FROM      YEAR
                                                  NORMAL
..................................................................
TEMPERATURE (F)
 YESTERDAY
  MAXIMUM         61    303 PM  MM      MM  58      3       61
  MINIMUM         38   1116 PM  MM      MM  27     11       24
  AVERAGE         50                        42      8       43

PRECIPITATION (IN)
  YESTERDAY        0.04         MM      MM   0.06  -0.02     0.00
  MONTH TO DATE    1.40                      1.35   0.05     2.27
  SINCE SEP 1      3.77                      3.11   0.66     5.21
  SINCE JAN 1     15.50                     12.97   2.53    15.30

SNOWFALL (IN)
  YESTERDAY       MM            MM      MM  MM     MM       MM
  MONTH TO DATE   MM                        MM     MM       MM
  SINCE SEP 1     MM                        MM     MM       MM
  SINCE JUL 1     MM                        MM     MM       MM
  SNOW DEPTH      MM

DEGREE DAYS
 HEATING
  YESTERDAY       15                        23     -8       22
  MONTH TO DATE  328                       413    -85      498
  SINCE SEP 1    486                       666   -180      691
  SINCE JUL 1    543                       720   -177      710

 COOLING
  YESTERDAY        0                         0      0        0
  MONTH TO DATE    0                         0      0        0
  SINCE SEP 1      1                         4     -3       41
  SINCE JAN 1    197                       172     25      324
..................................................................


WIND (MPH)
  HIGHEST WIND SPEED    16   HIGHEST WIND DIRECTION    NW (310)
  HIGHEST GUST SPEED    20   HIGHEST GUST DIRECTION    NW (310)
  AVERAGE WIND SPEED     4.3


SKY COVER
  POSSIBLE SUNSHINE  MM
  AVERAGE SKY COVER 0.3


WEATHER CONDITIONS
 THE FOLLOWING WEATHER WAS RECORDED YESTERDAY.
  LIGHT RAIN
  FOG


RELATIVE HUMIDITY (PERCENT)
 HIGHEST    89           300 AM
 LOWEST     40           500 PM
 AVERAGE    65

..........................................................


THE MEEKER CO CLIMATE NORMALS FOR TODAY
                         NORMAL    RECORD    YEAR
 MAXIMUM TEMPERATURE (F)   57        MM        MM
 MINIMUM TEMPERATURE (F)   26        MM        MM


SUNRISE AND SUNSET
OCTOBER 23 2014.......SUNRISE   731 AM MDT   SUNSET   620 PM MDT
OCTOBER 24 2014.......SUNRISE   732 AM MDT   SUNSET   619 PM MDT


-  INDICATES NEGATIVE NUMBERS.
R  INDICATES RECORD WAS SET OR TIED.
MM INDICATES DATA IS MISSING.
T  INDICATES TRACE AMOUNT.




$$
