000
CDUS44 KBMX 022155
CLIEET


CLIMATE REPORT
NATIONAL WEATHER SERVICE BIRMINGHAM, AL
455 PM CDT MON MAY 2 2016


...................................

...THE SHELBY COUNTY AIRPORT CLIMATE SUMMARY FOR MAY 2 2016...
VALID AS OF 0400 PM LOCAL TIME.

CLIMATE NORMAL PERIOD 1981 TO 2010
CLIMATE RECORD PERIOD 9999 TO 9999


WEATHER ITEM   OBSERVED TIME   RECORD YEAR NORMAL DEPARTURE LAST
                VALUE   (LST)  VALUE       VALUE  FROM      YEAR
                                                  NORMAL
..................................................................
TEMPERATURE (F)
 TODAY
  MAXIMUM         79    109 PM  MM      MM  78      1       78
  MINIMUM         63    511 AM  MM      MM  56      7       49
  AVERAGE         71                        67      4       64

PRECIPITATION (IN)
  TODAY            0.01                      0.14  -0.13     0.00
  MONTH TO DATE    0.46                      0.28   0.18     0.00
  SINCE MAR 1     10.83                      8.65   2.18    10.60
  SINCE JAN 1     21.47                     19.73   1.74    19.97

DEGREE DAYS
 COOLING
  TODAY            6                         4      2        0
  MONTH TO DATE   12                         7      5        0
  SINCE MAR 1    107                        78     29      109
  SINCE JAN 1    114                        82     32      109
..................................................................


WIND (MPH)
  HIGHEST WIND SPEED    12   HIGHEST WIND DIRECTION     S (190)
  HIGHEST GUST SPEED    15   HIGHEST GUST DIRECTION    SW (210)
  AVERAGE WIND SPEED     2.3


SKY COVER
  POSSIBLE SUNSHINE  MM
  AVERAGE SKY COVER 0.5


WEATHER CONDITIONS
 THE FOLLOWING WEATHER WAS RECORDED TODAY.
  THUNDERSTORM
  LIGHT RAIN
  FOG


RELATIVE HUMIDITY (PERCENT)
 HIGHEST   100           300 AM
 LOWEST     67           100 PM
 AVERAGE    84

..........................................................


THE SHELBY COUNTY AIRPORT CLIMATE NORMALS FOR TOMORROW
                         NORMAL    RECORD    YEAR
 MAXIMUM TEMPERATURE (F)   79        MM        MM
 MINIMUM TEMPERATURE (F)   56        MM        MM


SUNRISE AND SUNSET
MAY  2 2016...........SUNRISE   558 AM CDT   SUNSET   731 PM CDT
MAY  3 2016...........SUNRISE   557 AM CDT   SUNSET   731 PM CDT


-  INDICATES NEGATIVE NUMBERS.
R  INDICATES RECORD WAS SET OR TIED.
MM INDICATES DATA IS MISSING.
T  INDICATES TRACE AMOUNT.




$$
