000
CDUS44 KBMX 020722
CLIEET


CLIMATE REPORT
NATIONAL WEATHER SERVICE BIRMINGHAM, AL
221 AM CDT TUE JUN 2 2015


...................................

...THE SHELBY COUNTY AIRPORT CLIMATE SUMMARY FOR JUNE 1 2015...

CLIMATE NORMAL PERIOD 1981 TO 2010
CLIMATE RECORD PERIOD 9999 TO 9999


WEATHER ITEM   OBSERVED TIME   RECORD YEAR NORMAL DEPARTURE LAST
                VALUE   (LST)  VALUE       VALUE  FROM      YEAR
                                                  NORMAL
..................................................................
TEMPERATURE (F)
 YESTERDAY
  MAXIMUM         82    328 PM  MM      MM  85     -3       83
  MINIMUM         66    647 AM  MM      MM  65      1       69
  AVERAGE         74                        75     -1       76

PRECIPITATION (IN)
  YESTERDAY        0.17                      0.17   0.00     0.21
  MONTH TO DATE    0.17                      0.17   0.00     0.21
  SINCE JUN 1      0.17                      0.17   0.00     0.21
  SINCE JAN 1     24.38                     24.10   0.28    27.71

DEGREE DAYS
 COOLING
  YESTERDAY        9                        10     -1       11
  MONTH TO DATE    9                        10     -1       11
  SINCE JUN 1      9                        10     -1       11
  SINCE JAN 1    359                       279     80      305
..................................................................


WIND (MPH)
  HIGHEST WIND SPEED     9   HIGHEST WIND DIRECTION     S (190)
  HIGHEST GUST SPEED    15   HIGHEST GUST DIRECTION     S (190)
  AVERAGE WIND SPEED     2.2


SKY COVER
  POSSIBLE SUNSHINE  MM
  AVERAGE SKY COVER 0.6


WEATHER CONDITIONS
 THE FOLLOWING WEATHER WAS RECORDED YESTERDAY.
  THUNDERSTORM
  HEAVY RAIN
  RAIN
  LIGHT RAIN
  FOG


RELATIVE HUMIDITY (PERCENT)
 HIGHEST   100           200 AM
 LOWEST     62           400 PM
 AVERAGE    81

..........................................................


THE SHELBY COUNTY AIRPORT CLIMATE NORMALS FOR TODAY
                         NORMAL    RECORD    YEAR
 MAXIMUM TEMPERATURE (F)   85        MM        MM
 MINIMUM TEMPERATURE (F)   65        MM        MM


SUNRISE AND SUNSET
JUNE  2 2015..........SUNRISE   539 AM CDT   SUNSET   752 PM CDT
JUNE  3 2015..........SUNRISE   539 AM CDT   SUNSET   752 PM CDT


-  INDICATES NEGATIVE NUMBERS.
R  INDICATES RECORD WAS SET OR TIED.
MM INDICATES DATA IS MISSING.
T  INDICATES TRACE AMOUNT.




$$
