000
CDUS44 KBMX 280833
CLIEET


CLIMATE REPORT
NATIONAL WEATHER SERVICE BIRMINGHAM, AL
333 AM CDT THU JUL 28 2016


...................................

...THE SHELBY COUNTY AIRPORT CLIMATE SUMMARY FOR JULY 27 2016...

CLIMATE NORMAL PERIOD 1981 TO 2010
CLIMATE RECORD PERIOD 9999 TO 9999


WEATHER ITEM   OBSERVED TIME   RECORD YEAR NORMAL DEPARTURE LAST
                VALUE   (LST)  VALUE       VALUE  FROM      YEAR
                                                  NORMAL
..................................................................
TEMPERATURE (F)
 YESTERDAY
  MAXIMUM         89    142 PM  MM      MM  91     -2       92
  MINIMUM         74   1159 PM  MM      MM  71      3       74
  AVERAGE         82                        81      1       83

PRECIPITATION (IN)
  YESTERDAY        0.09                      0.15  -0.06     0.00
  MONTH TO DATE    1.63                      4.14  -2.51     9.15
  SINCE JUN 1      4.64                      8.77  -4.13    11.17
  SINCE JAN 1     27.16                     32.70  -5.54    35.38

DEGREE DAYS
 COOLING
  YESTERDAY       17                        16      1       18
  MONTH TO DATE  499                       424     75      440
  SINCE JUN 1    954                       798    156      870
  SINCE JAN 1   1258                      1067    191     1220
..................................................................


WIND (MPH)
  HIGHEST WIND SPEED    17   HIGHEST WIND DIRECTION    SW (220)
  HIGHEST GUST SPEED    27   HIGHEST GUST DIRECTION    SW (210)
  AVERAGE WIND SPEED     6.6


SKY COVER
  POSSIBLE SUNSHINE  MM
  AVERAGE SKY COVER 0.6


WEATHER CONDITIONS
 THE FOLLOWING WEATHER WAS RECORDED YESTERDAY.
  THUNDERSTORM
  HEAVY RAIN
  LIGHT RAIN
  HAZE


RELATIVE HUMIDITY (PERCENT)
 HIGHEST    88          1200 AM
 LOWEST     59           200 PM
 AVERAGE    74

..........................................................


THE SHELBY COUNTY AIRPORT CLIMATE NORMALS FOR TODAY
                         NORMAL    RECORD    YEAR
 MAXIMUM TEMPERATURE (F)   91        MM        MM
 MINIMUM TEMPERATURE (F)   71        MM        MM


SUNRISE AND SUNSET
JULY 28 2016..........SUNRISE   558 AM CDT   SUNSET   749 PM CDT
JULY 29 2016..........SUNRISE   558 AM CDT   SUNSET   748 PM CDT


-  INDICATES NEGATIVE NUMBERS.
R  INDICATES RECORD WAS SET OR TIED.
MM INDICATES DATA IS MISSING.
T  INDICATES TRACE AMOUNT.




$$
