000
CDUS46 KEKA 290016
CLIEKA


CLIMATE REPORT
NATIONAL WEATHER SERVICE EUREKA CA
512 PM PDT TUE MAR 28 2017


...................................

...THE EUREKA CA CLIMATE SUMMARY FOR MARCH 28 2017...
VALID TODAY AS OF 0500 PM LOCAL TIME.

CLIMATE NORMAL PERIOD 1981 TO 2010
CLIMATE RECORD PERIOD 1886 TO 2017


WEATHER ITEM   OBSERVED RECORD YEAR NORMAL DEPARTURE LAST
                VALUE   VALUE       VALUE  FROM      YEAR
                                           NORMAL
...........................................................
TEMPERATURE (F)
 TODAY
  MAXIMUM         58     74    1923  57      1       55
  MINIMUM         41     34    2007  43     -2       42
  AVERAGE         50                 50      0       49

PRECIPITATION (IN)
  TODAY            0.00   2.26 1914   0.15  -0.15     0.09
  MONTH TO DATE    7.36               4.86   2.50     8.11
  SINCE OCT 1     54.74              32.96  21.78    43.87
  SINCE JAN 1     28.97              16.99  11.98    23.15

SNOWFALL (IN)
  TODAY            0.0    0.0  2002   0.0    0.0     MM
                               2001
  MONTH TO DATE    T                  0.0    0.0      0.0
  SINCE MAR 1      T                  0.0    0.0      0.0
  SINCE JUL 1      T                  0.2   -0.2       T
  SNOW DEPTH      MM

...........................................................


WIND (MPH)
  HIGHEST WIND SPEED    10   HIGHEST WIND DIRECTION    NW (330)
  HIGHEST GUST SPEED    11   HIGHEST GUST DIRECTION    MM
  AVERAGE WIND SPEED     3.9


SKY COVER
  AVERAGE SKY COVER 0.0


WEATHER CONDITIONS
 THE FOLLOWING WEATHER WAS RECORDED TODAY.
  HAZE


..........................................................


THE EUREKA CA CLIMATE NORMALS FOR TOMORROW
                         NORMAL    RECORD    YEAR
 MAXIMUM TEMPERATURE (F)   57        71      1987
                                             1906
 MINIMUM TEMPERATURE (F)   43        33      2008
                                             1897


SUNRISE AND SUNSET
MARCH 28 2017.........SUNRISE   706 AM PDT   SUNSET   738 PM PDT
MARCH 29 2017.........SUNRISE   704 AM PDT   SUNSET   739 PM PDT


-  INDICATES NEGATIVE NUMBERS.
R  INDICATES RECORD WAS SET OR TIED.
MM INDICATES DATA IS MISSING.
T  INDICATES TRACE AMOUNT.




&&

..........................................................

TOTAL SEASON     NORMAL   % OF NORMAL     LAST SEASON

    54.74         32.96        166            43.87


$$
