000
CDUS46 KEKA 280015
CLIEKA


CLIMATE REPORT
NATIONAL WEATHER SERVICE EUREKA CA
515 PM PDT TUE JUN 27 2017


...................................

...THE EUREKA CA CLIMATE SUMMARY FOR JUNE 27 2017...
VALID TODAY AS OF 0500 PM LOCAL TIME.

CLIMATE NORMAL PERIOD 1981 TO 2010
CLIMATE RECORD PERIOD 1886 TO 2017


WEATHER ITEM   OBSERVED RECORD YEAR NORMAL DEPARTURE LAST
                VALUE   VALUE       VALUE  FROM      YEAR
                                           NORMAL
...........................................................
TEMPERATURE (F)
 TODAY
  MAXIMUM         62     75    2003  63     -1       63
  MINIMUM         56     41    1893  51      5       54
  AVERAGE         59                 57      2       59

PRECIPITATION (IN)
  TODAY            0.00   0.38 2011   0.01  -0.01     0.00
  MONTH TO DATE    0.58               0.72  -0.14     0.02
  SINCE OCT 1     62.70              39.22  23.48    47.49
  SINCE JAN 1     36.93              23.25  13.68    26.77

SNOWFALL (IN)
  TODAY            0.0    0.0  2002   0.0    0.0      0.0
                               2001
  MONTH TO DATE    0.0                0.0    0.0      0.0
  SINCE JUN 1      0.0                0.0    0.0      0.0
  SINCE JUL 1      T                  0.2   -0.2       T
  SNOW DEPTH      MM

...........................................................


WIND (MPH)
  HIGHEST WIND SPEED    12   HIGHEST WIND DIRECTION    NW (330)
  HIGHEST GUST SPEED    12   HIGHEST GUST DIRECTION     N (350)
  AVERAGE WIND SPEED     5.0


SKY COVER
  AVERAGE SKY COVER 1.0


WEATHER CONDITIONS
 THE FOLLOWING WEATHER WAS RECORDED TODAY.
  NO SIGNIFICANT WEATHER WAS OBSERVED.


..........................................................


THE EUREKA CA CLIMATE NORMALS FOR TOMORROW
                         NORMAL    RECORD    YEAR
 MAXIMUM TEMPERATURE (F)   63        73      2003
 MINIMUM TEMPERATURE (F)   51        45      1898
                                             1887


SUNRISE AND SUNSET
JUNE 27 2017..........SUNRISE   547 AM PDT   SUNSET   852 PM PDT
JUNE 28 2017..........SUNRISE   548 AM PDT   SUNSET   852 PM PDT


-  INDICATES NEGATIVE NUMBERS.
R  INDICATES RECORD WAS SET OR TIED.
MM INDICATES DATA IS MISSING.
T  INDICATES TRACE AMOUNT.




&&

..........................................................

TOTAL SEASON     NORMAL   % OF NORMAL     LAST SEASON

    62.70         39.22        160            47.49


$$
