000
CDUS46 KEKA 311211
CLIEKA


CLIMATE REPORT
NATIONAL WEATHER SERVICE EUREKA CA
409 AM PST SAT JAN 31 2015


...................................

...THE EUREKA CA CLIMATE SUMMARY FOR JANUARY 30 2015...

CLIMATE NORMAL PERIOD 1981 TO 2010
CLIMATE RECORD PERIOD 1886 TO 2015


WEATHER ITEM   OBSERVED RECORD YEAR NORMAL DEPARTURE LAST
                VALUE   VALUE       VALUE  FROM      YEAR
                                           NORMAL
...........................................................
TEMPERATURE (F)
 YESTERDAY
  MAXIMUM         57     69    1986  56      1       51
  MINIMUM         45     28    2002  41      4       47
                               1951
  AVERAGE         51                 49      2       49

PRECIPITATION (IN)
  YESTERDAY        0.00   3.91 1888   0.19  -0.19     0.06
  MONTH TO DATE    1.36               6.31  -4.95     1.35
  SINCE JUL 1     22.87              23.36  -0.49     6.47
  SINCE JAN 1      1.36               6.31  -4.95     1.35

SNOWFALL (IN)
  YESTERDAY        0.0    0.0  2002   0.0    0.0     MM
  MONTH TO DATE    0.0                0.0    0.0      0.0
  SINCE DEC 1      0.0                T      0.0       T
  SINCE JUL 1      0.0                T      0.0       T
  SNOW DEPTH       0

DEGREE DAYS
 HEATING
  YESTERDAY       14                 16     -2       16
  MONTH TO DATE  411                501    -90      510
  SINCE DEC 1    782               1034   -252     1202
  SINCE JUL 1   1802               2456   -654     2653

 COOLING
  YESTERDAY        0                  0      0        0
  MONTH TO DATE    0                  0      0        0
  SINCE DEC 1      0                  0      0        0
  SINCE JAN 1      0                  0      0        0
...........................................................


WIND (MPH)
  HIGHEST WIND SPEED     8   HIGHEST WIND DIRECTION     W (290)
  HIGHEST GUST SPEED    13   HIGHEST GUST DIRECTION    MM
  AVERAGE WIND SPEED     2.5


SKY COVER
  AVERAGE SKY COVER 0.6


WEATHER CONDITIONS
 THE FOLLOWING WEATHER WAS RECORDED YESTERDAY.
  NO SIGNIFICANT WEATHER WAS OBSERVED.


..........................................................


THE EUREKA CA CLIMATE NORMALS FOR TODAY
                         NORMAL    RECORD    YEAR
 MAXIMUM TEMPERATURE (F)   56        68      1991
 MINIMUM TEMPERATURE (F)   41        27      1923


SUNRISE AND SUNSET
JANUARY 31 2015.......SUNRISE   728 AM PST   SUNSET   533 PM PST
FEBRUARY  1 2015......SUNRISE   727 AM PST   SUNSET   534 PM PST


-  INDICATES NEGATIVE NUMBERS.
R  INDICATES RECORD WAS SET OR TIED.
MM INDICATES DATA IS MISSING.
T  INDICATES TRACE AMOUNT.




&&

..........................................................

TOTAL SEASON     NORMAL   % OF NORMAL     LAST SEASON

    22.87         23.36        98             6.47


$$
