000
CDUS46 KEKA 271211
CLIEKA


CLIMATE REPORT
NATIONAL WEATHER SERVICE EUREKA CA
511 AM PDT WED AUG 27 2014


...................................

...THE EUREKA CA CLIMATE SUMMARY FOR AUGUST 26 2014...

CLIMATE NORMAL PERIOD 1981 TO 2010
CLIMATE RECORD PERIOD 1886 TO 2014


WEATHER ITEM   OBSERVED RECORD YEAR NORMAL DEPARTURE LAST
                VALUE   VALUE       VALUE  FROM      YEAR
                                           NORMAL
...........................................................
TEMPERATURE (F)
 YESTERDAY
  MAXIMUM         63     77    1894  65     -2       68
  MINIMUM         54     46    1908  53      1       52
                               1895
  AVERAGE         59                 59      0       60

PRECIPITATION (IN)
  YESTERDAY        T      0.47 1997   0.02  -0.02     0.00
  MONTH TO DATE    0.02               0.24  -0.22     0.07
  SINCE JUL 1      0.04               0.42  -0.38     0.07
  SINCE JAN 1     16.03              23.70  -7.67    11.55

SNOWFALL (IN)
  YESTERDAY        0.0   MM      MM   0.0    0.0      0.0
  MONTH TO DATE    0.0                0.0    0.0      0.0
  SINCE JUN 1      0.0                0.0    0.0      0.0
  SINCE JUL 1      0.0                0.0    0.0      0.0
  SNOW DEPTH       0

DEGREE DAYS
 HEATING
  YESTERDAY        6                  6      0        5
  MONTH TO DATE  155                162     -7      149
  SINCE JUN 1    595                654    -59      632
  SINCE JUL 1    343                388    -45      409

 COOLING
  YESTERDAY        0                  0      0        0
  MONTH TO DATE    0                  0      0        2
  SINCE JUN 1      0                  0      0        2
  SINCE JAN 1      1                  0      1        2
...........................................................


WIND (MPH)
  HIGHEST WIND SPEED     9   HIGHEST WIND DIRECTION     W (280)
  HIGHEST GUST SPEED    13   HIGHEST GUST DIRECTION     W (280)
  AVERAGE WIND SPEED     3.5


SKY COVER
  AVERAGE SKY COVER 1.0


WEATHER CONDITIONS
 THE FOLLOWING WEATHER WAS RECORDED YESTERDAY.
  LIGHT RAIN
  FOG


..........................................................


THE EUREKA CA CLIMATE NORMALS FOR TODAY
                         NORMAL    RECORD    YEAR
 MAXIMUM TEMPERATURE (F)   65        79      1894
 MINIMUM TEMPERATURE (F)   53        45      1908
                                             1895


SUNRISE AND SUNSET
AUGUST 27 2014........SUNRISE   639 AM PDT   SUNSET   757 PM PDT
AUGUST 28 2014........SUNRISE   640 AM PDT   SUNSET   755 PM PDT


-  INDICATES NEGATIVE NUMBERS.
R  INDICATES RECORD WAS SET OR TIED.
MM INDICATES DATA IS MISSING.
T  INDICATES TRACE AMOUNT.




&&

..........................................................

TOTAL SEASON     NORMAL   % OF NORMAL     LAST SEASON

     0.04          0.42        10             0.07

$$
