000
CDUS46 KEKA 071209
CLIEKA


CLIMATE REPORT
NATIONAL WEATHER SERVICE EUREKA CA
509 AM PDT TUE JUL 7 2015


...................................

...THE EUREKA CA CLIMATE SUMMARY FOR JULY 6 2015...

CLIMATE NORMAL PERIOD 1981 TO 2010
CLIMATE RECORD PERIOD 1886 TO 2015


WEATHER ITEM   OBSERVED RECORD YEAR NORMAL DEPARTURE LAST
                VALUE   VALUE       VALUE  FROM      YEAR
                                           NORMAL
...........................................................
TEMPERATURE (F)
 YESTERDAY
  MAXIMUM         64     73    1954  63      1       66
  MINIMUM         56     46    1932  51      5       55
                               1891
                               1889
  AVERAGE         60                 57      3       61

PRECIPITATION (IN)
  YESTERDAY        0.00   0.17 1915   0.01  -0.01     0.00
  MONTH TO DATE    0.02               0.05  -0.03      T
  SINCE OCT 1     30.69              39.30  -8.61    17.89
  SINCE JAN 1     12.31              23.33 -11.02    15.99

SNOWFALL (IN)
  YESTERDAY        0.0    0.0  2002   0.0    0.0      0.0
                               2001
  MONTH TO DATE    0.0                0.0    0.0      0.0
  SINCE JUN 1      0.0                0.0    0.0      0.0
  SINCE JUL 1      0.0                0.0    0.0      0.0
  SNOW DEPTH       0

DEGREE DAYS
 HEATING
  YESTERDAY        5                  8     -3        4
  MONTH TO DATE   34                 48    -14       38
  SINCE JUN 1    275                314    -39      290
  SINCE JUL 1     34                 48    -14       38

 COOLING
  YESTERDAY        0                  0      0        0
  MONTH TO DATE    0                  0      0        0
  SINCE JUN 1      0                  0      0        0
  SINCE JAN 1      0                  0      0        1
...........................................................


WIND (MPH)
  HIGHEST WIND SPEED     9   HIGHEST WIND DIRECTION     W (280)
  HIGHEST GUST SPEED    10   HIGHEST GUST DIRECTION    MM
  AVERAGE WIND SPEED     4.3


SKY COVER
  AVERAGE SKY COVER 1.0


WEATHER CONDITIONS
 THE FOLLOWING WEATHER WAS RECORDED YESTERDAY.
  NO SIGNIFICANT WEATHER WAS OBSERVED.


..........................................................


THE EUREKA CA CLIMATE NORMALS FOR TODAY
                         NORMAL    RECORD    YEAR
 MAXIMUM TEMPERATURE (F)   63        72      1905
 MINIMUM TEMPERATURE (F)   52        45      1924


SUNRISE AND SUNSET
JULY  7 2015..........SUNRISE   552 AM PDT   SUNSET   851 PM PDT
JULY  8 2015..........SUNRISE   553 AM PDT   SUNSET   850 PM PDT


-  INDICATES NEGATIVE NUMBERS.
R  INDICATES RECORD WAS SET OR TIED.
MM INDICATES DATA IS MISSING.
T  INDICATES TRACE AMOUNT.




&&

..........................................................

TOTAL SEASON     NORMAL   % OF NORMAL     LAST SEASON

    30.69         39.30        78            17.89


$$
