000
CDUS41 KRLX 210816
CLIEKN


CLIMATE REPORT
NATIONAL WEATHER SERVICE CHARLESTON WV
316 AM EST SAT JAN 21 2017


...................................

...THE ELKINS WV CLIMATE SUMMARY FOR JANUARY 20 2017...

CLIMATE NORMAL PERIOD 1981 TO 2010
CLIMATE RECORD PERIOD 1899 TO 2017


WEATHER ITEM   OBSERVED TIME   RECORD YEAR NORMAL DEPARTURE LAST
                VALUE   (LST)  VALUE       VALUE  FROM      YEAR
                                                  NORMAL
..................................................................
TEMPERATURE (F)
 YESTERDAY
  MAXIMUM         61    312 PM  70    1951  39     22       23
  MINIMUM         35   1209 AM -24    1984  19     16       -5
  AVERAGE         48                        29     19        9

PRECIPITATION (IN)
  YESTERDAY        0.13          1.31 1979   0.11   0.02     0.13
  MONTH TO DATE    4.17                      2.09   2.08     0.96
  SINCE JAN 1      4.17                      2.09   2.08     0.96

SNOWFALL (IN)
  YESTERDAY        0.0
  MONTH TO DATE    4.7
  SINCE SEP 1     14.9
  SNOW DEPTH       0

DEGREE DAYS
 HEATING
  YESTERDAY       17                        36    -19       56
  MONTH TO DATE  555                       720   -165      785
  SINCE DEC 1   1473                      1727   -254     1370
  SINCE JUL 1   2418                      3011   -593     2373

 COOLING
  YESTERDAY        0                         0      0        0
  MONTH TO DATE    0                         0      0        0
  SINCE DEC 1      0                         0      0        0
  SINCE JAN 1      0                         0      0        0
..................................................................


WIND (MPH)
  HIGHEST WIND SPEED    12   HIGHEST WIND DIRECTION    SW (240)
  HIGHEST GUST SPEED    18   HIGHEST GUST DIRECTION     W (250)
  AVERAGE WIND SPEED     2.7


SKY COVER
  POSSIBLE SUNSHINE  MM
  AVERAGE SKY COVER 0.7


WEATHER CONDITIONS
 THE FOLLOWING WEATHER WAS RECORDED YESTERDAY.
  RAIN
  LIGHT RAIN
  FOG


RELATIVE HUMIDITY (PERCENT)
 HIGHEST    93           800 PM
 LOWEST     62           400 PM
 AVERAGE    78

..........................................................


THE ELKINS WV CLIMATE NORMALS FOR TODAY
                         NORMAL    RECORD    YEAR
 MAXIMUM TEMPERATURE (F)   39        72      1906
 MINIMUM TEMPERATURE (F)   19       -23      1984


SUNRISE AND SUNSET
JANUARY 21 2017.......SUNRISE   733 AM EST   SUNSET   529 PM EST
JANUARY 22 2017.......SUNRISE   733 AM EST   SUNSET   530 PM EST


-  INDICATES NEGATIVE NUMBERS.
R  INDICATES RECORD WAS SET OR TIED.
MM INDICATES DATA IS MISSING.
T  INDICATES TRACE AMOUNT.




$$
