000
CDUS41 KRLX 220816
CLIEKN


CLIMATE REPORT
NATIONAL WEATHER SERVICE CHARLESTON WV
316 AM EST THU FEB 22 2018


...................................

...THE ELKINS WV CLIMATE SUMMARY FOR FEBRUARY 21 2018...

CLIMATE NORMAL PERIOD 1981 TO 2010
CLIMATE RECORD PERIOD 1899 TO 2018


WEATHER ITEM   OBSERVED TIME   RECORD YEAR NORMAL DEPARTURE LAST
                VALUE   (LST)  VALUE       VALUE  FROM      YEAR
                                                  NORMAL
..................................................................
TEMPERATURE (F)
 YESTERDAY
  MAXIMUM         75R  1236 PM  68    2017  44     31       68
                                      1997
  MINIMUM         49    502 AM  -7    1958  22     27       34
  AVERAGE         62                        33     29       51

PRECIPITATION (IN)
  YESTERDAY        0.56          1.07 1993   0.11   0.45     0.00
  MONTH TO DATE    6.36                      2.29   4.07     1.52
  SINCE JAN 1      9.04                      5.52   3.52     6.61

SNOWFALL (IN)
  YESTERDAY        0.0          10.0  1929   0.6   -0.6      0.0
                                      2008
  MONTH TO DATE    6.1                      14.2   -8.1      9.9
  SINCE SEP 1     41.6                      61.0  -19.4     30.4
  SNOW DEPTH       0

DEGREE DAYS
 HEATING
  YESTERDAY        3                        32    -29       14
  MONTH TO DATE  532                       705   -173      553
  SINCE DEC 1   2768                      2822    -54     2333
  SINCE JUL 1   3853                      4106   -253     3278

 COOLING
  YESTERDAY        0                         0      0        0
  MONTH TO DATE    0                         0      0        0
  SINCE DEC 1      0                         0      0        0
  SINCE JAN 1      0                         0      0        0
..................................................................


WIND (MPH)
  HIGHEST WIND SPEED    22   HIGHEST WIND DIRECTION     W (260)
  HIGHEST GUST SPEED    29   HIGHEST GUST DIRECTION     W (250)
  AVERAGE WIND SPEED     6.7


SKY COVER
  POSSIBLE SUNSHINE  MM
  AVERAGE SKY COVER 0.7


WEATHER CONDITIONS
 THE FOLLOWING WEATHER WAS RECORDED YESTERDAY.
  HEAVY RAIN
  RAIN
  LIGHT RAIN
  FOG
  FOG W/VISIBILITY <= 1/4 MILE


RELATIVE HUMIDITY (PERCENT)
 HIGHEST   100           800 PM
 LOWEST     49          1200 PM
 AVERAGE    75

..........................................................


THE ELKINS WV CLIMATE NORMALS FOR TODAY
                         NORMAL    RECORD    YEAR
 MAXIMUM TEMPERATURE (F)   45        70      1930
                                             1922
 MINIMUM TEMPERATURE (F)   23        -8      1963


SUNRISE AND SUNSET
FEBRUARY 22 2018......SUNRISE   702 AM EST   SUNSET   605 PM EST
FEBRUARY 23 2018......SUNRISE   700 AM EST   SUNSET   606 PM EST


-  INDICATES NEGATIVE NUMBERS.
R  INDICATES RECORD WAS SET OR TIED.
MM INDICATES DATA IS MISSING.
T  INDICATES TRACE AMOUNT.




$$
