000
CDUS41 KRLX 270717
CLIEKN


CLIMATE REPORT
NATIONAL WEATHER SERVICE CHARLESTON WV
316 AM EDT WED MAY 27 2015


...................................

...THE ELKINS WV CLIMATE SUMMARY FOR MAY 26 2015...

CLIMATE NORMAL PERIOD 1981 TO 2010
CLIMATE RECORD PERIOD 1899 TO 2015


WEATHER ITEM   OBSERVED TIME   RECORD YEAR NORMAL DEPARTURE LAST
                VALUE   (LST)  VALUE       VALUE  FROM      YEAR
                                                  NORMAL
..................................................................
TEMPERATURE (F)
 YESTERDAY
  MAXIMUM         80    208 PM  90    1991  73      7       82
  MINIMUM         54    536 AM  31    2013  49      5       42
                                      1988
                                      1930
  AVERAGE         67                        61      6       62

PRECIPITATION (IN)
  YESTERDAY        0.08          2.62 1990   0.17  -0.09     0.00
  MONTH TO DATE    1.43                      4.29  -2.86     3.27
  SINCE JAN 1     21.49                     18.38   3.11    14.66

SNOWFALL (IN)
  YESTERDAY        0.0
  MONTH TO DATE    0.0
  SINCE SEP 1     70.3
  SNOW DEPTH       0

DEGREE DAYS
 HEATING
  YESTERDAY        0                         5     -5        3
  MONTH TO DATE  108                       212   -104      178
  SINCE MAR 1   1304                      1454   -150     1462
  SINCE JUL 1   5935                      5775    160     5985

 COOLING
  YESTERDAY        2                         1      1        0
  MONTH TO DATE   36                        13     23       21
  SINCE MAR 1     39                        16     23       23
  SINCE JAN 1     39                        16     23       23
..................................................................


WIND (MPH)
  HIGHEST WIND SPEED    13   HIGHEST WIND DIRECTION    SE (150)
  HIGHEST GUST SPEED    17   HIGHEST GUST DIRECTION    SE (150)
  AVERAGE WIND SPEED     3.3


SKY COVER
  POSSIBLE SUNSHINE  MM
  AVERAGE SKY COVER 0.3


WEATHER CONDITIONS
 THE FOLLOWING WEATHER WAS RECORDED YESTERDAY.
  FOG


RELATIVE HUMIDITY (PERCENT)
 HIGHEST    93           100 AM
 LOWEST     54           200 PM
 AVERAGE    74

..........................................................


THE ELKINS WV CLIMATE NORMALS FOR TODAY
                         NORMAL    RECORD    YEAR
 MAXIMUM TEMPERATURE (F)   73        89      2012
 MINIMUM TEMPERATURE (F)   49        30      1983
                                             1949
                                             1925


SUNRISE AND SUNSET
MAY 27 2015...........SUNRISE   558 AM EDT   SUNSET   835 PM EDT
MAY 28 2015...........SUNRISE   558 AM EDT   SUNSET   836 PM EDT


-  INDICATES NEGATIVE NUMBERS.
R  INDICATES RECORD WAS SET OR TIED.
MM INDICATES DATA IS MISSING.
T  INDICATES TRACE AMOUNT.




$$
