000
CDUS41 KRLX 110830
CLIEKN


CLIMATE REPORT
NATIONAL WEATHER SERVICE CHARLESTON WV
329 AM EST THU FEB 11 2016


...................................

...THE ELKINS WV CLIMATE SUMMARY FOR FEBRUARY 10 2016...

CLIMATE NORMAL PERIOD 1981 TO 2010
CLIMATE RECORD PERIOD 1899 TO 2016


WEATHER ITEM   OBSERVED TIME   RECORD YEAR NORMAL DEPARTURE LAST
                VALUE   (LST)  VALUE       VALUE  FROM      YEAR
                                                  NORMAL
..................................................................
TEMPERATURE (F)
 YESTERDAY
  MAXIMUM         20    340 AM  70    1932  42    -22       29
  MINIMUM         12   1159 PM -21    1899  21     -9       24
  AVERAGE         16                        31    -15       27

PRECIPITATION (IN)
  YESTERDAY        0.02          1.07 1940   0.11  -0.09      T
  MONTH TO DATE    0.64                      1.06  -0.42     0.98
  SINCE JAN 1      3.01                      4.29  -1.28     4.00

SNOWFALL (IN)
  YESTERDAY        2.9
  MONTH TO DATE    5.1
  SINCE SEP 1     33.0
  SNOW DEPTH       5

DEGREE DAYS
 HEATING
  YESTERDAY       49                        34     15       38
  MONTH TO DATE  305                       345    -40      352
  SINCE DEC 1   2132                      2462   -330     2377
  SINCE JUL 1   3135                      3746   -611     3733

 COOLING
  YESTERDAY        0                         0      0        0
  MONTH TO DATE    0                         0      0        0
  SINCE DEC 1      0                         0      0        0
  SINCE JAN 1      0                         0      0        0
..................................................................


WIND (MPH)
  HIGHEST WIND SPEED    22   HIGHEST WIND DIRECTION     W (290)
  HIGHEST GUST SPEED    29   HIGHEST GUST DIRECTION    NW (300)
  AVERAGE WIND SPEED     8.9


SKY COVER
  POSSIBLE SUNSHINE  MM
  AVERAGE SKY COVER 1.0


WEATHER CONDITIONS
 THE FOLLOWING WEATHER WAS RECORDED YESTERDAY.
  LIGHT SNOW
  HAZE


RELATIVE HUMIDITY (PERCENT)
 HIGHEST    80           800 AM
 LOWEST     61           100 PM
 AVERAGE    71

..........................................................


THE ELKINS WV CLIMATE NORMALS FOR TODAY
                         NORMAL    RECORD    YEAR
 MAXIMUM TEMPERATURE (F)   42        77      1932
 MINIMUM TEMPERATURE (F)   21       -20      1899


SUNRISE AND SUNSET
FEBRUARY 11 2016......SUNRISE   716 AM EST   SUNSET   552 PM EST
FEBRUARY 12 2016......SUNRISE   715 AM EST   SUNSET   553 PM EST


-  INDICATES NEGATIVE NUMBERS.
R  INDICATES RECORD WAS SET OR TIED.
MM INDICATES DATA IS MISSING.
T  INDICATES TRACE AMOUNT.




$$
