000
CDUS41 KRLX 270737
CLIEKN


CLIMATE REPORT
NATIONAL WEATHER SERVICE CHARLESTON WV
336 AM EDT FRI MAY 27 2016


...................................

...THE ELKINS WV CLIMATE SUMMARY FOR MAY 26 2016...

CLIMATE NORMAL PERIOD 1981 TO 2010
CLIMATE RECORD PERIOD 1899 TO 2016


WEATHER ITEM   OBSERVED TIME   RECORD YEAR NORMAL DEPARTURE LAST
                VALUE   (LST)  VALUE       VALUE  FROM      YEAR
                                                  NORMAL
..................................................................
TEMPERATURE (F)
 YESTERDAY
  MAXIMUM         80    325 PM  90    1991  73      7       80
  MINIMUM         54    301 AM  31    2013  49      5       54
                                      1988
                                      1930
  AVERAGE         67                        61      6       67

PRECIPITATION (IN)
  YESTERDAY        T             2.62 1990   0.17  -0.17     0.08
  MONTH TO DATE    6.21                      4.29   1.92     1.43
  SINCE JAN 1     17.41                     18.38  -0.97    21.49

SNOWFALL (IN)
  YESTERDAY        0.0
  MONTH TO DATE    T
  SINCE SEP 1     59.0
  SNOW DEPTH       0

DEGREE DAYS
 HEATING
  YESTERDAY        0                         5     -5        0
  MONTH TO DATE  230                       212     18      108
  SINCE MAR 1   1218                      1454   -236     1304
  SINCE JUL 1   4960                      5775   -815     5935

 COOLING
  YESTERDAY        2                         1      1        2
  MONTH TO DATE    5                        13     -8       36
  SINCE MAR 1      8                        16     -8       39
  SINCE JAN 1      8                        16     -8       39
..................................................................


WIND (MPH)
  HIGHEST WIND SPEED    15   HIGHEST WIND DIRECTION     W (280)
  HIGHEST GUST SPEED    19   HIGHEST GUST DIRECTION     W (280)
  AVERAGE WIND SPEED     2.6


SKY COVER
  POSSIBLE SUNSHINE  MM
  AVERAGE SKY COVER 0.5


WEATHER CONDITIONS
 THE FOLLOWING WEATHER WAS RECORDED YESTERDAY.
  LIGHT RAIN
  FOG


RELATIVE HUMIDITY (PERCENT)
 HIGHEST    93          1200 AM
 LOWEST     45           300 PM
 AVERAGE    69

..........................................................


THE ELKINS WV CLIMATE NORMALS FOR TODAY
                         NORMAL    RECORD    YEAR
 MAXIMUM TEMPERATURE (F)   73        89      2012
 MINIMUM TEMPERATURE (F)   49        30      1983
                                             1949
                                             1925


SUNRISE AND SUNSET
MAY 27 2016...........SUNRISE   558 AM EDT   SUNSET   836 PM EDT
MAY 28 2016...........SUNRISE   558 AM EDT   SUNSET   836 PM EDT


-  INDICATES NEGATIVE NUMBERS.
R  INDICATES RECORD WAS SET OR TIED.
MM INDICATES DATA IS MISSING.
T  INDICATES TRACE AMOUNT.




$$
