000
CDUS41 KRLX 100820
CLIEKN


CLIMATE REPORT
NATIONAL WEATHER SERVICE CHARLESTON WV
320 AM EST SAT DEC 10 2016


...................................

...THE ELKINS WV CLIMATE SUMMARY FOR DECEMBER 9 2016...

CLIMATE NORMAL PERIOD 1981 TO 2010
CLIMATE RECORD PERIOD 1899 TO 2016


WEATHER ITEM   OBSERVED TIME   RECORD YEAR NORMAL DEPARTURE LAST
                VALUE   (LST)  VALUE       VALUE  FROM      YEAR
                                                  NORMAL
..................................................................
TEMPERATURE (F)
 YESTERDAY
  MAXIMUM         23    258 PM  73    1966  44    -21       59
  MINIMUM         20    940 AM  -1    1917  24     -4       26
  AVERAGE         22                        34    -12       43

PRECIPITATION (IN)
  YESTERDAY        T             1.19 1973   0.11  -0.11     0.01
  MONTH TO DATE    1.05                      1.01   0.04     1.48
  SINCE JAN 1     41.24                     43.68  -2.44    44.95

SNOWFALL (IN)
  YESTERDAY        2.0
  MONTH TO DATE    2.0
  SINCE SEP 1      6.7
  SNOW DEPTH       1

DEGREE DAYS
 HEATING
  YESTERDAY       43                        31     12       22
  MONTH TO DATE  269                       267      2      217
  SINCE DEC 1    269                       267      2      217
  SINCE JUL 1   1214                      1551   -337     1220

 COOLING
  YESTERDAY        0                         0      0        0
  MONTH TO DATE    0                         0      0        0
  SINCE DEC 1      0                         0      0        0
  SINCE JAN 1    809                       475    334      627
..................................................................


WIND (MPH)
  HIGHEST WIND SPEED    14   HIGHEST WIND DIRECTION     W (280)
  HIGHEST GUST SPEED    19   HIGHEST GUST DIRECTION     W (290)
  AVERAGE WIND SPEED     5.0


SKY COVER
  POSSIBLE SUNSHINE  MM
  AVERAGE SKY COVER 1.0


WEATHER CONDITIONS
 THE FOLLOWING WEATHER WAS RECORDED YESTERDAY.
  LIGHT SNOW


RELATIVE HUMIDITY (PERCENT)
 HIGHEST    73           600 AM
 LOWEST     62           100 AM
 AVERAGE    68

..........................................................


THE ELKINS WV CLIMATE NORMALS FOR TODAY
                         NORMAL    RECORD    YEAR
 MAXIMUM TEMPERATURE (F)   44        72      1971
 MINIMUM TEMPERATURE (F)   24        -3      1917


SUNRISE AND SUNSET
DECEMBER 10 2016......SUNRISE   727 AM EST   SUNSET   457 PM EST
DECEMBER 11 2016......SUNRISE   728 AM EST   SUNSET   458 PM EST


-  INDICATES NEGATIVE NUMBERS.
R  INDICATES RECORD WAS SET OR TIED.
MM INDICATES DATA IS MISSING.
T  INDICATES TRACE AMOUNT.




$$
