000
CDUS45 KLKN 200932
CLIEKO


CLIMATE REPORT
NATIONAL WEATHER SERVICE ELKO NV
128 AM PST FRI JAN 20 2017


...................................

...THE ELKO AIRPORT NV CLIMATE SUMMARY FOR JANUARY 19 2017...

CLIMATE NORMAL PERIOD 1981 TO 2010
CLIMATE RECORD PERIOD 1888 TO 2017


WEATHER ITEM   OBSERVED TIME   RECORD YEAR NORMAL DEPARTURE LAST
                VALUE   (LST)  VALUE       VALUE  FROM      YEAR
                                                  NORMAL
..................................................................
TEMPERATURE (F)
 YESTERDAY
  MAXIMUM         41    211 PM  56    1986  36      5       38
                                      1981
  MINIMUM         18    929 PM -37    1922  14      4       20
  AVERAGE         30                        25      5       29

PRECIPITATION (IN)
  YESTERDAY        0.02          0.40 1962   0.03  -0.01     0.10
  MONTH TO DATE    1.95                      0.73   1.22     0.87
  SINCE OCT 1      7.58                      3.79   3.79     5.41
  SINCE JAN 1      1.95                      0.73   1.22     0.87

SNOWFALL (IN)
  YESTERDAY        0.2           6.0  1892   0.3   -0.1      1.9
  MONTH TO DATE   19.3                       6.8   12.5     11.2
  SINCE DEC 1     31.5                      16.7   14.8     34.5
  SINCE JUL 1     37.0                      22.4   14.6     46.7
  SNOW DEPTH       5

DEGREE DAYS
 HEATING
  YESTERDAY       35                        40     -5       36
  MONTH TO DATE  795                       760     35      788
  SINCE DEC 1   2049                      1970     79     2038
  SINCE JUL 1   3394                      3708   -314     3519

 COOLING
  YESTERDAY        0                         0      0        0
  MONTH TO DATE    0                         0      0        0
  SINCE DEC 1      0                         0      0        0
  SINCE JAN 1      0                         0      0        0
..................................................................


WIND (MPH)
  HIGHEST WIND SPEED    20   HIGHEST WIND DIRECTION    SW (220)
  HIGHEST GUST SPEED    25   HIGHEST GUST DIRECTION     S (170)
  AVERAGE WIND SPEED     6.7



WEATHER CONDITIONS
 THE FOLLOWING WEATHER WAS RECORDED YESTERDAY.
  LIGHT SNOW


RELATIVE HUMIDITY (PERCENT)
 HIGHEST    92           700 PM
 LOWEST     59           100 PM
 AVERAGE    76

..........................................................


THE ELKO AIRPORT NV CLIMATE NORMALS FOR TODAY
                         NORMAL    RECORD    YEAR
 MAXIMUM TEMPERATURE (F)   36        59      1981
 MINIMUM TEMPERATURE (F)   14       -34      1937


SUNRISE AND SUNSET
JANUARY 20 2017.......SUNRISE   703 AM PST   SUNSET   446 PM PST
JANUARY 21 2017.......SUNRISE   702 AM PST   SUNSET   448 PM PST


-  INDICATES NEGATIVE NUMBERS.
R  INDICATES RECORD WAS SET OR TIED.
MM INDICATES DATA IS MISSING.
T  INDICATES TRACE AMOUNT.




$$
