000
CDUS45 KLKN 230935
CLIEKO


CLIMATE REPORT
NATIONAL WEATHER SERVICE ELKO NV
231 AM PDT WED APR 23 2014


...................................

...THE ELKO AIRPORT NV CLIMATE SUMMARY FOR APRIL 22 2014...

CLIMATE NORMAL PERIOD 1981 TO 2010
CLIMATE RECORD PERIOD 1888 TO 2014


WEATHER ITEM   OBSERVED TIME   RECORD YEAR NORMAL DEPARTURE LAST
                VALUE   (LST)  VALUE       VALUE  FROM      YEAR
                                                  NORMAL
..................................................................
TEMPERATURE (F)
 YESTERDAY
  MAXIMUM         59    829 AM  87    2012  61     -2       55
  MINIMUM         30   1159 PM  15    1909  32     -2       26
                                      1895
  AVERAGE         45                        47     -2       41

PRECIPITATION (IN)
  YESTERDAY        0.06          3.30 1925   0.03   0.03     0.00
  MONTH TO DATE    0.36                      0.70  -0.34     0.48
  SINCE OCT 1      5.60                      6.72  -1.12     5.03
  SINCE JAN 1      3.99                      3.66   0.33     2.20

SNOWFALL (IN)
  YESTERDAY        0.0          16.0  1925   0.1   -0.1      0.0
  MONTH TO DATE    2.6                       2.7   -0.1      1.3
  SINCE MAR 1      7.9                       7.8    0.1      3.9
  SINCE JUL 1     20.2                      40.3  -20.1     42.2
  SNOW DEPTH       0

DEGREE DAYS
 HEATING
  YESTERDAY       20                        18      2       24
  MONTH TO DATE  406                       457    -51      482
  SINCE MAR 1   1164                      1266   -102     1210
  SINCE JUL 1   5895                      6434   -539     6271

 COOLING
  YESTERDAY        0                         0      0        0
  MONTH TO DATE    0                         0      0        0
  SINCE MAR 1      0                         0      0        0
  SINCE JAN 1      0                         0      0        0
..................................................................


WIND (MPH)
  HIGHEST WIND SPEED    35   HIGHEST WIND DIRECTION     W (280)
  HIGHEST GUST SPEED    44   HIGHEST GUST DIRECTION    NW (300)
  AVERAGE WIND SPEED     8.5



WEATHER CONDITIONS
 THE FOLLOWING WEATHER WAS RECORDED YESTERDAY.
  RAIN
  LIGHT RAIN
  FOG


RELATIVE HUMIDITY (PERCENT)
 HIGHEST    89           900 PM
 LOWEST     30           800 AM
 AVERAGE    60

..........................................................


THE ELKO AIRPORT NV CLIMATE NORMALS FOR TODAY
                         NORMAL    RECORD    YEAR
 MAXIMUM TEMPERATURE (F)   62        86      2012
 MINIMUM TEMPERATURE (F)   32        15      1968
                                             1961


SUNRISE AND SUNSET
APRIL 23 2014.........SUNRISE   552 AM PDT   SUNSET   731 PM PDT
APRIL 24 2014.........SUNRISE   551 AM PDT   SUNSET   732 PM PDT


-  INDICATES NEGATIVE NUMBERS.
R  INDICATES RECORD WAS SET OR TIED.
MM INDICATES DATA IS MISSING.
T  INDICATES TRACE AMOUNT.




$$
