000
CDUS45 KLKN 280930
CLIEKO


CLIMATE REPORT
NATIONAL WEATHER SERVICE ELKO NV
226 AM PDT WED JUN 28 2017


...................................

...THE ELKO AIRPORT NV CLIMATE SUMMARY FOR JUNE 27 2017...

CLIMATE NORMAL PERIOD 1981 TO 2010
CLIMATE RECORD PERIOD 1888 TO 2017


WEATHER ITEM   OBSERVED TIME   RECORD YEAR NORMAL DEPARTURE LAST
                VALUE   (LST)  VALUE       VALUE  FROM      YEAR
                                                  NORMAL
..................................................................
TEMPERATURE (F)
 YESTERDAY
  MAXIMUM         88    330 PM 101    2015  85      3       98
  MINIMUM         52   1159 PM  30    1934  47      5       49
  AVERAGE         70                        66      4       74

PRECIPITATION (IN)
  YESTERDAY        0.00          0.20 1913   0.01  -0.01     0.00
  MONTH TO DATE    0.61                      0.61   0.00     0.82
  SINCE OCT 1     13.46                      8.56   4.90    12.13
  SINCE JAN 1      7.83                      5.50   2.33     7.59

SNOWFALL (IN)
  YESTERDAY        0.0           0.0  1888   0.0    0.0      0.0
  MONTH TO DATE    T                         0.0    0.0       T
  SINCE JUN 1      T                         0.0    0.0       T
  SINCE JUL 1     53.3                      41.3   12.0     63.8
  SNOW DEPTH       0

DEGREE DAYS
 HEATING
  YESTERDAY        0                         2     -2        0
  MONTH TO DATE   62                       126    -64       30
  SINCE JUN 1     62                       126    -64       30
  SINCE JUL 1   6296                      7061   -765     6518

 COOLING
  YESTERDAY        5                         3      2        9
  MONTH TO DATE  108                        39     69       90
  SINCE JUN 1    108                        39     69       90
  SINCE JAN 1    112                        43     69       90
..................................................................


WIND (MPH)
  HIGHEST WIND SPEED    21   HIGHEST WIND DIRECTION    SW (210)
  HIGHEST GUST SPEED    33   HIGHEST GUST DIRECTION     S (200)
  AVERAGE WIND SPEED     6.8



WEATHER CONDITIONS
 THE FOLLOWING WEATHER WAS RECORDED YESTERDAY.
  NO SIGNIFICANT WEATHER WAS OBSERVED.


RELATIVE HUMIDITY (PERCENT)
 HIGHEST    55          1100 PM
 LOWEST      6           500 PM
 AVERAGE    31

..........................................................


THE ELKO AIRPORT NV CLIMATE NORMALS FOR TODAY
                         NORMAL    RECORD    YEAR
 MAXIMUM TEMPERATURE (F)   85       103      2015
                                             2013
 MINIMUM TEMPERATURE (F)   47        29      1945


SUNRISE AND SUNSET
JUNE 28 2017..........SUNRISE   514 AM PDT   SUNSET   819 PM PDT
JUNE 29 2017..........SUNRISE   515 AM PDT   SUNSET   819 PM PDT


-  INDICATES NEGATIVE NUMBERS.
R  INDICATES RECORD WAS SET OR TIED.
MM INDICATES DATA IS MISSING.
T  INDICATES TRACE AMOUNT.




$$
