000
CDUS45 KLKN 240930
CLIEKO


CLIMATE REPORT
NATIONAL WEATHER SERVICE ELKO NV
228 AM PDT FRI MAR 24 2017


...................................

...THE ELKO AIRPORT NV CLIMATE SUMMARY FOR MARCH 23 2017...

CLIMATE NORMAL PERIOD 1981 TO 2010
CLIMATE RECORD PERIOD 1888 TO 2017


WEATHER ITEM   OBSERVED TIME   RECORD YEAR NORMAL DEPARTURE LAST
                VALUE   (LST)  VALUE       VALUE  FROM      YEAR
                                                  NORMAL
..................................................................
TEMPERATURE (F)
 YESTERDAY
  MAXIMUM         52    338 PM  72    1998  54     -2       49
                                      1960
  MINIMUM         32   1144 PM   5    1952  28      4       29
  AVERAGE         42                        41      1       39

PRECIPITATION (IN)
  YESTERDAY        0.05          1.10 1899   0.04   0.01      T
  MONTH TO DATE    0.79                      0.75   0.04     0.41
  SINCE OCT 1     10.47                      5.77   4.70     7.23
  SINCE JAN 1      4.84                      2.71   2.13     2.69

SNOWFALL (IN)
  YESTERDAY        T             4.0  1904   0.1   -0.1       T
  MONTH TO DATE    1.3                       3.8   -2.5      0.1
  SINCE MAR 1      1.3                       3.8   -2.5      0.1
  SINCE JUL 1     52.7                      36.3   16.4     56.4
  SNOW DEPTH       0

DEGREE DAYS
 HEATING
  YESTERDAY       23                        24     -1       26
  MONTH TO DATE  452                       622   -170      471
  SINCE MAR 1    452                       622   -170      471
  SINCE JUL 1   5188                      5790   -602     5496

 COOLING
  YESTERDAY        0                         0      0        0
  MONTH TO DATE    0                         0      0        0
  SINCE MAR 1      0                         0      0        0
  SINCE JAN 1      0                         0      0        0
..................................................................


WIND (MPH)
  HIGHEST WIND SPEED    18   HIGHEST WIND DIRECTION     W (290)
  HIGHEST GUST SPEED    26   HIGHEST GUST DIRECTION     W (280)
  AVERAGE WIND SPEED     6.1



WEATHER CONDITIONS
 THE FOLLOWING WEATHER WAS RECORDED YESTERDAY.
  LIGHT RAIN


RELATIVE HUMIDITY (PERCENT)
 HIGHEST    92          1200 AM
 LOWEST     36           200 PM
 AVERAGE    64

..........................................................


THE ELKO AIRPORT NV CLIMATE NORMALS FOR TODAY
                         NORMAL    RECORD    YEAR
 MAXIMUM TEMPERATURE (F)   54        72      1956
 MINIMUM TEMPERATURE (F)   28        -3      1924


SUNRISE AND SUNSET
MARCH 24 2017.........SUNRISE   639 AM PDT   SUNSET   700 PM PDT
MARCH 25 2017.........SUNRISE   638 AM PDT   SUNSET   701 PM PDT


-  INDICATES NEGATIVE NUMBERS.
R  INDICATES RECORD WAS SET OR TIED.
MM INDICATES DATA IS MISSING.
T  INDICATES TRACE AMOUNT.




$$
