000
CDUS45 KLKN 190928
CLIEKO


CLIMATE REPORT
NATIONAL WEATHER SERVICE ELKO NV
127 AM PST FRI JAN 19 2018


...................................

...THE ELKO AIRPORT NV CLIMATE SUMMARY FOR JANUARY 18 2018...

CLIMATE NORMAL PERIOD 1981 TO 2010
CLIMATE RECORD PERIOD 1888 TO 2018


WEATHER ITEM   OBSERVED TIME   RECORD YEAR NORMAL DEPARTURE LAST
                VALUE   (LST)  VALUE       VALUE  FROM      YEAR
                                                  NORMAL
..................................................................
TEMPERATURE (F)
 YESTERDAY
  MAXIMUM         52    816 PM  58    2015  36     16       34
  MINIMUM         29    745 AM -26    1917  14     15        5
  AVERAGE         41                        25     16       20

PRECIPITATION (IN)
  YESTERDAY        0.00          1.25 1951   0.04  -0.04     0.09
  MONTH TO DATE    0.37                      0.70  -0.33     1.93
  SINCE OCT 1      2.07                      3.76  -1.69     7.56
  SINCE JAN 1      0.37                      0.70  -0.33     1.93

SNOWFALL (IN)
  YESTERDAY        0.0          16.3  1951   0.4   -0.4      0.8
  MONTH TO DATE    T                         6.5   -6.5     19.2
  SINCE DEC 1      4.8                      16.4  -11.6     31.4
  SINCE JUL 1      5.5                      22.1  -16.6     36.9
  SNOW DEPTH       0

DEGREE DAYS
 HEATING
  YESTERDAY       24                        40    -16       45
  MONTH TO DATE  497                       720   -223      760
  SINCE DEC 1   1671                      1930   -259     2014
  SINCE JUL 1   3259                      3668   -409     3359

 COOLING
  YESTERDAY        0                         0      0        0
  MONTH TO DATE    0                         0      0        0
  SINCE DEC 1      0                         0      0        0
  SINCE JAN 1      0                         0      0        0
..................................................................


WIND (MPH)
  HIGHEST WIND SPEED    32   HIGHEST WIND DIRECTION     S (170)
  HIGHEST GUST SPEED    45   HIGHEST GUST DIRECTION     S (170)
  AVERAGE WIND SPEED     7.6



WEATHER CONDITIONS
 THE FOLLOWING WEATHER WAS RECORDED YESTERDAY.
  NO SIGNIFICANT WEATHER WAS OBSERVED.


RELATIVE HUMIDITY (PERCENT)
 HIGHEST    92           300 AM
 LOWEST     30           700 PM
 AVERAGE    61

..........................................................


THE ELKO AIRPORT NV CLIMATE NORMALS FOR TODAY
                         NORMAL    RECORD    YEAR
 MAXIMUM TEMPERATURE (F)   36        56      1986
                                             1981
 MINIMUM TEMPERATURE (F)   14       -37      1922


SUNRISE AND SUNSET
JANUARY 19 2018.......SUNRISE   703 AM PST   SUNSET   445 PM PST
JANUARY 20 2018.......SUNRISE   703 AM PST   SUNSET   446 PM PST


-  INDICATES NEGATIVE NUMBERS.
R  INDICATES RECORD WAS SET OR TIED.
MM INDICATES DATA IS MISSING.
T  INDICATES TRACE AMOUNT.




$$
