000
CDUS45 KLKN 240026
CLIEKO


CLIMATE REPORT
NATIONAL WEATHER SERVICE ELKO NV
526 PM PDT TUE AUG 23 2016


...................................

...THE ELKO AIRPORT NV CLIMATE SUMMARY FOR AUGUST 23 2016...
VALID TODAY AS OF 0500 PM LOCAL TIME.

CLIMATE NORMAL PERIOD 1981 TO 2010
CLIMATE RECORD PERIOD 1888 TO 2016


WEATHER ITEM   OBSERVED TIME   RECORD YEAR NORMAL DEPARTURE LAST
                VALUE   (LST)  VALUE       VALUE  FROM      YEAR
                                                  NORMAL
..................................................................
TEMPERATURE (F)
 TODAY
  MAXIMUM         88    217 PM 100    1967  87      1       95
                                      1919
  MINIMUM         52    532 AM  25    1960  47      5       48
  AVERAGE         70                        67      3       72

PRECIPITATION (IN)
  TODAY            0.00          0.38 2009   0.01  -0.01     0.00
  MONTH TO DATE    T                         0.27  -0.27     0.61
  SINCE OCT 1     12.18                      9.24   2.94     8.98
  SINCE JAN 1      7.64                      6.18   1.46     6.74

SNOWFALL (IN)
  TODAY            0.0           0.0  1888   0.0    0.0      0.0
  MONTH TO DATE    0.0                       0.0    0.0      0.0
  SINCE JUN 1      T                         0.0    0.0      0.0
  SINCE JUL 1      0.0                       0.0    0.0      0.0
  SNOW DEPTH       0

DEGREE DAYS
 HEATING
  TODAY            0                         1     -1        0
  MONTH TO DATE    0                        15    -15        1
  SINCE JUN 1     39                       165   -126       34
  SINCE JUL 1      9                        34    -25       10

 COOLING
  TODAY            5                         3      2        7
  MONTH TO DATE  154                       111     43      159
  SINCE JUN 1    519                       338    181      525
  SINCE JAN 1    519                       342    177      532
..................................................................


WIND (MPH)
  HIGHEST WIND SPEED    29   HIGHEST WIND DIRECTION     W (260)
  HIGHEST GUST SPEED    42   HIGHEST GUST DIRECTION     W (260)



WEATHER CONDITIONS
 THE FOLLOWING WEATHER WAS RECORDED TODAY.
  NO SIGNIFICANT WEATHER WAS OBSERVED.


RELATIVE HUMIDITY (PERCENT)
 HIGHEST    50           500 AM
 LOWEST      7           300 PM
 AVERAGE    29

..........................................................


THE ELKO AIRPORT NV CLIMATE NORMALS FOR TOMORROW
                         NORMAL    RECORD    YEAR
 MAXIMUM TEMPERATURE (F)   87       105      1913
 MINIMUM TEMPERATURE (F)   46        26      1992


SUNRISE AND SUNSET
AUGUST 23 2016........SUNRISE   602 AM PDT   SUNSET   729 PM PDT
AUGUST 24 2016........SUNRISE   603 AM PDT   SUNSET   727 PM PDT


-  INDICATES NEGATIVE NUMBERS.
R  INDICATES RECORD WAS SET OR TIED.
MM INDICATES DATA IS MISSING.
T  INDICATES TRACE AMOUNT.




$$
