000
CDUS45 KLKN 080942
CLIEKO


CLIMATE REPORT
NATIONAL WEATHER SERVICE ELKO NV
138 AM PST THU DEC 8 2016


...................................

...THE ELKO AIRPORT NV CLIMATE SUMMARY FOR DECEMBER 7 2016...

CLIMATE NORMAL PERIOD 1981 TO 2010
CLIMATE RECORD PERIOD 1888 TO 2016


WEATHER ITEM   OBSERVED TIME   RECORD YEAR NORMAL DEPARTURE LAST
                VALUE   (LST)  VALUE       VALUE  FROM      YEAR
                                                  NORMAL
..................................................................
TEMPERATURE (F)
 YESTERDAY
  MAXIMUM         28    248 PM  60    1981  38    -10       44
                                      1940
  MINIMUM          9    749 AM -26    1891  16     -7       21
  AVERAGE         19                        27     -8       33

PRECIPITATION (IN)
  YESTERDAY        0.00          0.34 1953   0.04  -0.04     0.00
  MONTH TO DATE    T                         0.26  -0.26      T
  SINCE OCT 1      2.80                      2.12   0.68     2.46
  SINCE JAN 1     11.52                      8.97   2.55     9.45

SNOWFALL (IN)
  YESTERDAY        0.0           4.6  1948   0.3   -0.3      0.0
  MONTH TO DATE    T                         1.9   -1.9       T
  SINCE DEC 1      T                         1.9   -1.9       T
  SINCE JUL 1      5.5                       7.6   -2.1     12.2
  SNOW DEPTH       T

DEGREE DAYS
 HEATING
  YESTERDAY       46                        38      8       32
  MONTH TO DATE  275                       260     15      274
  SINCE DEC 1    275                       260     15      274
  SINCE JUL 1   1620                      1998   -378     1755

 COOLING
  YESTERDAY        0                         0      0        0
  MONTH TO DATE    0                         0      0        0
  SINCE DEC 1      0                         0      0        0
  SINCE JAN 1    560                       383    177      624
..................................................................


WIND (MPH)
  HIGHEST WIND SPEED     9   HIGHEST WIND DIRECTION    NE (60)
  HIGHEST GUST SPEED    12   HIGHEST GUST DIRECTION    NE (60)
  AVERAGE WIND SPEED     4.5



WEATHER CONDITIONS
 THE FOLLOWING WEATHER WAS RECORDED YESTERDAY.
  NO SIGNIFICANT WEATHER WAS OBSERVED.


RELATIVE HUMIDITY (PERCENT)
 HIGHEST    83           500 AM
 LOWEST     33           200 PM
 AVERAGE    58

..........................................................


THE ELKO AIRPORT NV CLIMATE NORMALS FOR TODAY
                         NORMAL    RECORD    YEAR
 MAXIMUM TEMPERATURE (F)   38        61      1913
 MINIMUM TEMPERATURE (F)   16       -21      1951


SUNRISE AND SUNSET
DECEMBER  8 2016......SUNRISE   655 AM PST   SUNSET   415 PM PST
DECEMBER  9 2016......SUNRISE   656 AM PST   SUNSET   415 PM PST


-  INDICATES NEGATIVE NUMBERS.
R  INDICATES RECORD WAS SET OR TIED.
MM INDICATES DATA IS MISSING.
T  INDICATES TRACE AMOUNT.




$$
