000
CDUS44 KSHV 042133
CLIELD


CLIMATE REPORT
NATIONAL WEATHER SERVICE SHREVEPORT, LA
431 PM CDT TUE AUG 4 2015


...................................

...THE EL DORADO CLIMATE SUMMARY FOR AUGUST 4 2015...
VALID TODAY AS OF 0400 PM LOCAL TIME.

CLIMATE NORMAL PERIOD 1981 TO 2010
CLIMATE RECORD PERIOD 1907 TO 2015


WEATHER ITEM   OBSERVED TIME   RECORD YEAR NORMAL DEPARTURE LAST
                VALUE   (LST)  VALUE       VALUE  FROM      YEAR
                                                  NORMAL
..................................................................
TEMPERATURE (F)
 TODAY
  MAXIMUM         98    208 PM 108    2011  93      5       91
  MINIMUM         70    504 AM  55    1920  71     -1       69
  AVERAGE         84                        82      2       80

PRECIPITATION (IN)
  TODAY            0.00          1.37 1957   0.11  -0.11     0.00
  MONTH TO DATE    0.00                      0.43  -0.43     0.94
  SINCE DEC 1     34.48                     37.05  -2.57    35.26
  SINCE JAN 1     31.15                     31.87  -0.72    28.70

DEGREE DAYS
 HEATING
  TODAY            0                         0      0        0
  MONTH TO DATE    0                         0      0        0
  SINCE JUN 1      0                         0      0        0
  SINCE JUL 1      0                         0      0        0

 COOLING
  TODAY           19                        17      2       15
  MONTH TO DATE   70                        68      2       39
  SINCE JUN 1   1081                       980    101      847
  SINCE JAN 1   1421                      1291    130     1099
..................................................................


WIND (MPH)
  HIGHEST WIND SPEED    10   HIGHEST WIND DIRECTION    SW (220)
  HIGHEST GUST SPEED    14   HIGHEST GUST DIRECTION    SW (210)
  AVERAGE WIND SPEED     2.9


SKY COVER
  POSSIBLE SUNSHINE  MM
  AVERAGE SKY COVER 0.1


WEATHER CONDITIONS
 THE FOLLOWING WEATHER WAS RECORDED TODAY.
  FOG
  HAZE


RELATIVE HUMIDITY (PERCENT)
 HIGHEST    90           400 AM
 LOWEST     35           200 PM
 AVERAGE    63

..........................................................


THE EL DORADO CLIMATE NORMALS FOR TOMORROW
                         NORMAL    RECORD    YEAR
 MAXIMUM TEMPERATURE (F)   93       105      1956
 MINIMUM TEMPERATURE (F)   71        56      1912


SUNRISE AND SUNSET
AUGUST  4 2015........SUNRISE   626 AM CDT   SUNSET   808 PM CDT
AUGUST  5 2015........SUNRISE   627 AM CDT   SUNSET   807 PM CDT


-  INDICATES NEGATIVE NUMBERS.
R  INDICATES RECORD WAS SET OR TIED.
MM INDICATES DATA IS MISSING.
T  INDICATES TRACE AMOUNT.




$$
