722
CDUS44 KSHV 252143
CLIELD


CLIMATE REPORT
NATIONAL WEATHER SERVICE SHREVEPORT, LA
441 PM CDT MON JUL 25 2016


...................................

...THE EL DORADO CLIMATE SUMMARY FOR JULY 25 2016...
VALID TODAY AS OF 0400 PM LOCAL TIME.

CLIMATE NORMAL PERIOD 1981 TO 2010
CLIMATE RECORD PERIOD 1907 TO 2016


WEATHER ITEM   OBSERVED TIME   RECORD YEAR NORMAL DEPARTURE LAST
                VALUE   (LST)  VALUE       VALUE  FROM      YEAR
                                                  NORMAL
..................................................................
TEMPERATURE (F)
 TODAY
  MAXIMUM         96    212 PM 105    1918  93      3       99
  MINIMUM         71    547 AM  59    2000  71      0       74
  AVERAGE         84                        82      2       87

PRECIPITATION (IN)
  TODAY            0.00          5.50 1933   0.10  -0.10     0.00
  MONTH TO DATE    1.67                      2.92  -1.25     2.01
  SINCE DEC 1     42.36                     35.98   6.38    34.48
  SINCE JAN 1     34.30                     30.80   3.50    31.15

DEGREE DAYS
 HEATING
  TODAY            0                         0      0        0
  MONTH TO DATE    0                         0      0        0
  SINCE JUN 1      0                         0      0        0
  SINCE JUL 1      0                         0      0        0

 COOLING
  TODAY           19                        17      2       22
  MONTH TO DATE  483                       416     67      456
  SINCE JUN 1    946                       812    134      886
  SINCE JAN 1   1227                      1123    104     1226
..................................................................


WIND (MPH)
  HIGHEST WIND SPEED    13   HIGHEST WIND DIRECTION    NE (60)
  HIGHEST GUST SPEED    15   HIGHEST GUST DIRECTION    NE (30)
  AVERAGE WIND SPEED     3.1


SKY COVER
  POSSIBLE SUNSHINE  MM
  AVERAGE SKY COVER 0.1


WEATHER CONDITIONS
 THE FOLLOWING WEATHER WAS RECORDED TODAY.
  FOG


RELATIVE HUMIDITY (PERCENT)
 HIGHEST   100           400 AM
 LOWEST     46           200 PM
 AVERAGE    73

..........................................................


THE EL DORADO CLIMATE NORMALS FOR TOMORROW
                         NORMAL    RECORD    YEAR
 MAXIMUM TEMPERATURE (F)   93       104      1948
 MINIMUM TEMPERATURE (F)   71        61      2000


SUNRISE AND SUNSET
JULY 25 2016..........SUNRISE   620 AM CDT   SUNSET   815 PM CDT
JULY 26 2016..........SUNRISE   620 AM CDT   SUNSET   815 PM CDT


-  INDICATES NEGATIVE NUMBERS.
R  INDICATES RECORD WAS SET OR TIED.
MM INDICATES DATA IS MISSING.
T  INDICATES TRACE AMOUNT.




$$
