000
CDUS44 KSHV 242240
CLIELD


CLIMATE REPORT
NATIONAL WEATHER SERVICE SHREVEPORT, LA
436 PM CST TUE JAN 24 2017


...................................

...THE EL DORADO CLIMATE SUMMARY FOR JANUARY 24 2017...
VALID TODAY AS OF 0400 PM LOCAL TIME.

CLIMATE NORMAL PERIOD 1981 TO 2010
CLIMATE RECORD PERIOD 1907 TO 2017


WEATHER ITEM   OBSERVED TIME   RECORD YEAR NORMAL DEPARTURE LAST
                VALUE   (LST)  VALUE       VALUE  FROM      YEAR
                                                  NORMAL
..................................................................
TEMPERATURE (F)
 TODAY
  MAXIMUM         72    400 PM  82    1972  55     17       54
  MINIMUM         MM        MM   3    1963  33     MM       26
  AVERAGE         MM                        44     MM       40

PRECIPITATION (IN)
  TODAY            0.00          1.85 2004   0.15  -0.15     0.00
  MONTH TO DATE    3.95                      3.25   0.70     2.75
  SINCE DEC 1     10.24                      8.43   1.81    10.81
  SINCE JAN 1      3.95                      3.25   0.70     2.75

SNOWFALL (IN)
  TODAY            0.0
  MONTH TO DATE    T
  SINCE DEC 1      T
  SINCE JUL 1      T
  SNOW DEPTH       0

DEGREE DAYS
 HEATING
  TODAY           MM                        21     MM       25
  MONTH TO DATE  282                       513   -231      557
  SINCE DEC 1    802                      1121   -319      952
  SINCE JUL 1   1075                      1600   -525     1246

 COOLING
  TODAY           MM                         0     MM        0
  MONTH TO DATE    9                         0      9        0
  SINCE DEC 1     23                         4     19       15
  SINCE JAN 1      9                         0      9        0
..................................................................


WIND (MPH)
  HIGHEST WIND SPEED    15   HIGHEST WIND DIRECTION     S (160)
  HIGHEST GUST SPEED    22   HIGHEST GUST DIRECTION    SE (150)
  AVERAGE WIND SPEED    MM


SKY COVER
  POSSIBLE SUNSHINE  MM
  AVERAGE SKY COVER 0.0


WEATHER CONDITIONS
 THE FOLLOWING WEATHER WAS RECORDED TODAY.
  NO SIGNIFICANT WEATHER WAS OBSERVED.


RELATIVE HUMIDITY (PERCENT)
 HIGHEST    MM
 LOWEST     35           300 PM
 AVERAGE    MM

..........................................................


THE EL DORADO CLIMATE NORMALS FOR TOMORROW
                         NORMAL    RECORD    YEAR
 MAXIMUM TEMPERATURE (F)   55        83      1950
 MINIMUM TEMPERATURE (F)   33        11      1963


SUNRISE AND SUNSET
JANUARY 24 2017.......SUNRISE   711 AM CST   SUNSET   536 PM CST
JANUARY 25 2017.......SUNRISE   711 AM CST   SUNSET   537 PM CST


-  INDICATES NEGATIVE NUMBERS.
R  INDICATES RECORD WAS SET OR TIED.
MM INDICATES DATA IS MISSING.
T  INDICATES TRACE AMOUNT.




$$
