000
CDUS44 KSHV 290740
CLIELD


CLIMATE REPORT
NATIONAL WEATHER SERVICE SHREVEPORT, LA
239 AM CDT FRI APR 29 2016


...................................

...THE EL DORADO CLIMATE SUMMARY FOR APRIL 28 2016...

CLIMATE NORMAL PERIOD 1981 TO 2010
CLIMATE RECORD PERIOD 1907 TO 2016


WEATHER ITEM   OBSERVED TIME   RECORD YEAR NORMAL DEPARTURE LAST
                VALUE   (LST)  VALUE       VALUE  FROM      YEAR
                                                  NORMAL
..................................................................
TEMPERATURE (F)
 YESTERDAY
  MAXIMUM         85    349 PM  91    1948  78      7       60
  MINIMUM         54    503 AM  40    1992  55     -1       50
  AVERAGE         70                        67      3       55

PRECIPITATION (IN)
  YESTERDAY        0.00          6.09 1991   0.14  -0.14     0.16
  MONTH TO DATE    6.63                      3.81   2.82     3.47
  SINCE DEC 1     34.01                     22.83  11.18    19.40
  SINCE JAN 1     25.95                     17.65   8.30    16.07

SNOWFALL (IN)
  YESTERDAY        0.0
  MONTH TO DATE    0.0
  SINCE MAR 1      0.0
  SINCE JUL 1      1.5
  SNOW DEPTH       0

DEGREE DAYS
 HEATING
  YESTERDAY        0                         2     -2       10
  MONTH TO DATE   70                       114    -44       77
  SINCE MAR 1    271                       422   -151      424
  SINCE JUL 1   2010                      2650   -640     2910

 COOLING
  YESTERDAY        5                         3      2        0
  MONTH TO DATE   52                        63    -11       87
  SINCE MAR 1     79                        85     -6      101
  SINCE JAN 1     85                        91     -6      101
..................................................................


WIND (MPH)
  HIGHEST WIND SPEED    12   HIGHEST WIND DIRECTION     E (100)
  HIGHEST GUST SPEED    16   HIGHEST GUST DIRECTION    NE (50)
  AVERAGE WIND SPEED     3.6


SKY COVER
  POSSIBLE SUNSHINE  MM
  AVERAGE SKY COVER 0.0


WEATHER CONDITIONS
 THE FOLLOWING WEATHER WAS RECORDED YESTERDAY.
  NO SIGNIFICANT WEATHER WAS OBSERVED.


RELATIVE HUMIDITY (PERCENT)
 HIGHEST   100          1200 AM
 LOWEST     34           200 PM
 AVERAGE    67

..........................................................


THE EL DORADO CLIMATE NORMALS FOR TODAY
                         NORMAL    RECORD    YEAR
 MAXIMUM TEMPERATURE (F)   79        93      1955
 MINIMUM TEMPERATURE (F)   55        39      1965


SUNRISE AND SUNSET
APRIL 29 2016.........SUNRISE   625 AM CDT   SUNSET   753 PM CDT
APRIL 30 2016.........SUNRISE   624 AM CDT   SUNSET   753 PM CDT


-  INDICATES NEGATIVE NUMBERS.
R  INDICATES RECORD WAS SET OR TIED.
MM INDICATES DATA IS MISSING.
T  INDICATES TRACE AMOUNT.




$$
