094
CDUS44 KEPZ 240936
CLIELP


CLIMATE REPORT
NATIONAL WEATHER SERVICE EL PASO, TX
335 AM MDT TUE MAY 24 2016


...................................

...THE EL PASO CLIMATE SUMMARY FOR MAY 23 2016...

CLIMATE NORMAL PERIOD 1981 TO 2010
CLIMATE RECORD PERIOD 1879 TO 2016


WEATHER ITEM   OBSERVED TIME   RECORD YEAR NORMAL DEPARTURE LAST
                VALUE   (LST)  VALUE       VALUE  FROM      YEAR
                                                  NORMAL
..................................................................
TEMPERATURE (F)
 YESTERDAY
  MAXIMUM         92    447 PM 105    2005  90      2       83
  MINIMUM         67    529 AM  45    1975  62      5       65
  AVERAGE         80                        76      4       74

PRECIPITATION (IN)
  YESTERDAY        0.00          0.94 1941   0.02  -0.02     0.00
  MONTH TO DATE    T                         0.33  -0.33     0.81
  SINCE MAR 1      0.05                      0.82  -0.77     1.66
  SINCE JAN 1      0.58                      1.68  -1.10     2.54

SNOWFALL (IN)
  YESTERDAY        0.0                                       0.0
  MONTH TO DATE    0.0                                       0.0
  SINCE MAR 1      0.0                                       0.0
  SINCE JUL 1      8.1                                        T
  SNOW DEPTH       0

DEGREE DAYS
 HEATING
  YESTERDAY        0                         0      0        0
  MONTH TO DATE   14                         6      8        0
  SINCE MAR 1    184                       368   -184      241
  SINCE JUL 1   2018                      2471   -453     2064

 COOLING
  YESTERDAY       15                        11      4        9
  MONTH TO DATE  183                       186     -3      152
  SINCE MAR 1    294                       278     16      278
  SINCE JAN 1    297                       278     19      279
..................................................................


WIND (MPH)
  HIGHEST WIND SPEED    28   HIGHEST WIND DIRECTION     W (260)
  HIGHEST GUST SPEED    38   HIGHEST GUST DIRECTION     W (250)
  AVERAGE WIND SPEED    13.4


SKY COVER
  POSSIBLE SUNSHINE  MM
  AVERAGE SKY COVER 0.3


WEATHER CONDITIONS
 THE FOLLOWING WEATHER WAS RECORDED YESTERDAY.
  NO SIGNIFICANT WEATHER WAS OBSERVED.


RELATIVE HUMIDITY (PERCENT)
 HIGHEST    16           600 AM
 LOWEST      4           400 PM
 AVERAGE    10

..........................................................


THE EL PASO CLIMATE NORMALS FOR TODAY
                         NORMAL    RECORD    YEAR
 MAXIMUM TEMPERATURE (F)   90       102      2000
 MINIMUM TEMPERATURE (F)   62        36      1939


SUNRISE AND SUNSET
MAY 24 2016...........SUNRISE   603 AM MDT   SUNSET   802 PM MDT
MAY 25 2016...........SUNRISE   603 AM MDT   SUNSET   803 PM MDT


-  INDICATES NEGATIVE NUMBERS.
R  INDICATES RECORD WAS SET OR TIED.
MM INDICATES DATA IS MISSING.
T  INDICATES TRACE AMOUNT.




$$
