000
CDUS44 KEPZ 120926
CLIELP


CLIMATE REPORT
NATIONAL WEATHER SERVICE EL PASO, TX
325 AM MDT SAT JUL 12 2014


...................................

...THE EL PASO CLIMATE SUMMARY FOR JULY 11 2014...

CLIMATE NORMAL PERIOD 1981 TO 2010
CLIMATE RECORD PERIOD 1879 TO 2014


WEATHER ITEM   OBSERVED TIME   RECORD YEAR NORMAL DEPARTURE LAST
                VALUE   (LST)  VALUE       VALUE  FROM      YEAR
                                                  NORMAL
..................................................................
TEMPERATURE (F)
 YESTERDAY
  MAXIMUM         97    405 PM 110    1979  95      2       98
  MINIMUM         75    607 AM  61    1943  71      4       79
  AVERAGE         86                        83      3       89

PRECIPITATION (IN)
  YESTERDAY        0.00          0.94 1924   0.05  -0.05     0.00
  MONTH TO DATE    0.13                      0.47  -0.34     0.08
  SINCE JUN 1      0.14                      1.41  -1.27     0.24
  SINCE JAN 1      0.78                      3.23  -2.45     1.13

SNOWFALL (IN)
  YESTERDAY        0.0                                       0.0
  MONTH TO DATE    0.0                                       0.0
  SINCE JUN 1      0.0                                       0.0
  SINCE JUL 1      0.0                                       0.0
  SNOW DEPTH       0

DEGREE DAYS
 HEATING
  YESTERDAY        0                         0      0        0
  MONTH TO DATE    0                         0      0        0
  SINCE JUN 1      0                         0      0        0
  SINCE JUL 1      0                         0      0        0

 COOLING
  YESTERDAY       21                        18      3       24
  MONTH TO DATE  212                       201     11      221
  SINCE JUN 1    905                       703    202      884
  SINCE JAN 1   1332                      1080    252     1392
..................................................................


WIND (MPH)
  HIGHEST WIND SPEED    20   HIGHEST WIND DIRECTION     E (100)
  HIGHEST GUST SPEED    26   HIGHEST GUST DIRECTION     E (100)
  AVERAGE WIND SPEED     8.2


SKY COVER
  POSSIBLE SUNSHINE  MM
  AVERAGE SKY COVER 0.3


WEATHER CONDITIONS
 THE FOLLOWING WEATHER WAS RECORDED YESTERDAY.
  NO SIGNIFICANT WEATHER WAS OBSERVED.


RELATIVE HUMIDITY (PERCENT)
 HIGHEST    50           600 AM
 LOWEST     17           500 PM
 AVERAGE    34

..........................................................


THE EL PASO CLIMATE NORMALS FOR TODAY
                         NORMAL    RECORD    YEAR
 MAXIMUM TEMPERATURE (F)   95       108      1979
 MINIMUM TEMPERATURE (F)   71        59      1973


SUNRISE AND SUNSET
JULY 12 2014..........SUNRISE   609 AM MDT   SUNSET   813 PM MDT
JULY 13 2014..........SUNRISE   610 AM MDT   SUNSET   813 PM MDT


-  INDICATES NEGATIVE NUMBERS.
R  INDICATES RECORD WAS SET OR TIED.
MM INDICATES DATA IS MISSING.
T  INDICATES TRACE AMOUNT.




$$
