000
CDUS44 KEPZ 240928
CLIELP


CLIMATE REPORT
NATIONAL WEATHER SERVICE EL PASO, TX
327 AM MDT SUN JUL 24 2016


...................................

...THE EL PASO CLIMATE SUMMARY FOR JULY 23 2016...

CLIMATE NORMAL PERIOD 1981 TO 2010
CLIMATE RECORD PERIOD 1879 TO 2016


WEATHER ITEM   OBSERVED TIME   RECORD YEAR NORMAL DEPARTURE LAST
                VALUE   (LST)  VALUE       VALUE  FROM      YEAR
                                                  NORMAL
..................................................................
TEMPERATURE (F)
 YESTERDAY
  MAXIMUM        104R   419 PM 104    1963  94     10       97
  MINIMUM         78    528 AM  56    1880  71      7       71
  AVERAGE         91                        82      9       84

PRECIPITATION (IN)
  YESTERDAY        0.00          0.81 1957   0.05  -0.05     0.00
  MONTH TO DATE    0.13                      1.05  -0.92     1.69
  SINCE JUN 1      0.46                      1.99  -1.53     1.87
  SINCE JAN 1      1.10                      3.81  -2.71     4.41

SNOWFALL (IN)
  YESTERDAY        0.0                                       0.0
  MONTH TO DATE    0.0                                       0.0
  SINCE JUN 1      0.0                                       0.0
  SINCE JUL 1      0.0                                       0.0
  SNOW DEPTH       0

DEGREE DAYS
 HEATING
  YESTERDAY        0                         0      0        0
  MONTH TO DATE    0                         0      0        0
  SINCE JUN 1      0                         0      0        0
  SINCE JUL 1      0                         0      0        0

 COOLING
  YESTERDAY       26                        17      9       19
  MONTH TO DATE  563                       414    149      448
  SINCE JUN 1   1155                       916    239     1040
  SINCE JAN 1   1551                      1293    258     1411
..................................................................


WIND (MPH)
  HIGHEST WIND SPEED    10   HIGHEST WIND DIRECTION     S (170)
  HIGHEST GUST SPEED    15   HIGHEST GUST DIRECTION    SE (140)
  AVERAGE WIND SPEED     3.7


SKY COVER
  POSSIBLE SUNSHINE  MM
  AVERAGE SKY COVER 0.2


WEATHER CONDITIONS
 THE FOLLOWING WEATHER WAS RECORDED YESTERDAY.
  NO SIGNIFICANT WEATHER WAS OBSERVED.


RELATIVE HUMIDITY (PERCENT)
 HIGHEST    31           800 AM
 LOWEST     10           600 PM
 AVERAGE    21

..........................................................


THE EL PASO CLIMATE NORMALS FOR TODAY
                         NORMAL    RECORD    YEAR
 MAXIMUM TEMPERATURE (F)   94       106      1979
 MINIMUM TEMPERATURE (F)   71        57      1880


SUNRISE AND SUNSET
JULY 24 2016..........SUNRISE   617 AM MDT   SUNSET   807 PM MDT
JULY 25 2016..........SUNRISE   617 AM MDT   SUNSET   807 PM MDT


-  INDICATES NEGATIVE NUMBERS.
R  INDICATES RECORD WAS SET OR TIED.
MM INDICATES DATA IS MISSING.
T  INDICATES TRACE AMOUNT.




$$
