000
CDUS44 KEPZ 232329
CLIELP


CLIMATE REPORT
NATIONAL WEATHER SERVICE EL PASO, TX
528 PM MDT SAT SEP 23 2017


...................................

...THE EL PASO CLIMATE SUMMARY FOR SEPTEMBER 23 2017...
VALID TODAY AS OF 0500 PM LOCAL TIME.

CLIMATE NORMAL PERIOD 1981 TO 2010
CLIMATE RECORD PERIOD 1879 TO 2017


WEATHER ITEM   OBSERVED TIME   RECORD YEAR NORMAL DEPARTURE LAST
                VALUE   (LST)  VALUE       VALUE  FROM      YEAR
                                                  NORMAL
..................................................................
TEMPERATURE (F)
 TODAY
  MAXIMUM         91    358 PM  96    1982  86      5       91
                                      1973
  MINIMUM         71    905 AM  42    1975  61     10       66

PRECIPITATION (IN)
  TODAY            0.01                      0.05  -0.04     0.00
  MONTH TO DATE    0.01                      1.24  -1.23     1.16
  SINCE SEP 1      0.01                      1.24  -1.23     1.16
  SINCE JAN 1      7.93                      7.56   0.37     7.13

..................................................................


WIND (MPH)
  HIGHEST WIND SPEED    16   HIGHEST WIND DIRECTION    SE (140)
  HIGHEST GUST SPEED    21   HIGHEST GUST DIRECTION    SE (150)


SKY COVER
  AVERAGE SKY COVER 0.7


WEATHER CONDITIONS
 THE FOLLOWING WEATHER WAS RECORDED TODAY.
  HAZE


RELATIVE HUMIDITY (PERCENT)
 HIGHEST    79           900 AM
 LOWEST     28          1200 AM

..........................................................


THE EL PASO CLIMATE NORMALS FOR TOMORROW
                         NORMAL    RECORD    YEAR
 MAXIMUM TEMPERATURE (F)   85        97      1982
 MINIMUM TEMPERATURE (F)   60        45      1975


SUNRISE AND SUNSET
SEPTEMBER 23 2017.....SUNRISE   655 AM MDT   SUNSET   700 PM MDT
SEPTEMBER 24 2017.....SUNRISE   655 AM MDT   SUNSET   659 PM MDT


-  INDICATES NEGATIVE NUMBERS.
R  INDICATES RECORD WAS SET OR TIED.
MM INDICATES DATA IS MISSING.
T  INDICATES TRACE AMOUNT.




$$
