612
CDUS44 KEPZ 190927
CLIELP


CLIMATE REPORT
NATIONAL WEATHER SERVICE EL PASO, TX
226 AM MST SUN NOV 19 2017


...................................

...THE EL PASO CLIMATE SUMMARY FOR NOVEMBER 18 2017...

CLIMATE NORMAL PERIOD 1981 TO 2010
CLIMATE RECORD PERIOD 1879 TO 2017


WEATHER ITEM   OBSERVED TIME   RECORD YEAR NORMAL DEPARTURE LAST
                VALUE   (LST)  VALUE       VALUE  FROM      YEAR
                                                  NORMAL
..................................................................
TEMPERATURE (F)
 YESTERDAY
  MAXIMUM         71   1200 AM  81    1981  65      6       67
                                      1942
  MINIMUM         45   1144 PM  11    1880  39      6       41
  AVERAGE         58                        52      6       54

PRECIPITATION (IN)
  YESTERDAY        0.00          0.93 1906   0.02  -0.02     0.00
  MONTH TO DATE    0.28                      0.29  -0.01     0.38
  SINCE SEP 1      1.49                      2.41  -0.92     2.50
  SINCE JAN 1      9.41                      8.73   0.68     8.47

SNOWFALL (IN)
  YESTERDAY        0.0                                       0.0
  MONTH TO DATE    0.0                                       0.0
  SINCE SEP 1      0.0                                       0.0
  SINCE JUL 1      0.0                                        T
  SNOW DEPTH       0

DEGREE DAYS
 HEATING
  YESTERDAY        7                        13     -6       11
  MONTH TO DATE   34                       173   -139       82
  SINCE SEP 1     77                       256   -179       89
  SINCE JUL 1     77                       256   -179       89

 COOLING
  YESTERDAY        0                         0      0        0
  MONTH TO DATE   14                         0     14       23
  SINCE SEP 1    630                       399    231      587
  SINCE JAN 1   2917                      2328    589     2811
..................................................................


WIND (MPH)
  HIGHEST WIND SPEED    25   HIGHEST WIND DIRECTION     W (290)
  HIGHEST GUST SPEED    33   HIGHEST GUST DIRECTION     W (290)
  AVERAGE WIND SPEED    11.5


SKY COVER
  POSSIBLE SUNSHINE  MM
  AVERAGE SKY COVER 0.3


WEATHER CONDITIONS
 THE FOLLOWING WEATHER WAS RECORDED YESTERDAY.
  HAZE


RELATIVE HUMIDITY (PERCENT)
 HIGHEST    39          1000 PM
 LOWEST     12           200 PM
 AVERAGE    26

..........................................................


THE EL PASO CLIMATE NORMALS FOR TODAY
                         NORMAL    RECORD    YEAR
 MAXIMUM TEMPERATURE (F)   65        79      1990
                                             1942
 MINIMUM TEMPERATURE (F)   39        12      1880


SUNRISE AND SUNSET
NOVEMBER 19 2017......SUNRISE   638 AM MST   SUNSET   504 PM MST
NOVEMBER 20 2017......SUNRISE   639 AM MST   SUNSET   504 PM MST


-  INDICATES NEGATIVE NUMBERS.
R  INDICATES RECORD WAS SET OR TIED.
MM INDICATES DATA IS MISSING.
T  INDICATES TRACE AMOUNT.




$$
