000
CDUS44 KEPZ 220927
CLIELP


CLIMATE REPORT
NATIONAL WEATHER SERVICE EL PASO, TX
226 AM MST MON JAN 22 2018


...................................

...THE EL PASO CLIMATE SUMMARY FOR JANUARY 21 2018...

CLIMATE NORMAL PERIOD 1981 TO 2010
CLIMATE RECORD PERIOD 1879 TO 2018


WEATHER ITEM   OBSERVED TIME   RECORD YEAR NORMAL DEPARTURE LAST
                VALUE   (LST)  VALUE       VALUE  FROM      YEAR
                                                  NORMAL
..................................................................
TEMPERATURE (F)
 YESTERDAY
  MAXIMUM         56    106 AM  78    1974  58     -2       49
  MINIMUM         39   1155 PM   8    1883  33      6       42
  AVERAGE         48                        46      2       46

PRECIPITATION (IN)
  YESTERDAY        0.00          0.42 1923   0.01  -0.01     0.26
  MONTH TO DATE    0.10                      0.26  -0.16     1.05
  SINCE DEC 1      0.78                      1.04  -0.26     1.91
  SINCE JAN 1      0.10                      0.26  -0.16     1.05

SNOWFALL (IN)
  YESTERDAY        0.0                                        T
  MONTH TO DATE    0.0                                        T
  SINCE DEC 1      0.1                                        T
  SINCE JUL 1      0.1                                        T
  SNOW DEPTH       0

DEGREE DAYS
 HEATING
  YESTERDAY       17                        19     -2       19
  MONTH TO DATE  388                       431    -43      300
  SINCE DEC 1    892                      1057   -165      780
  SINCE JUL 1   1055                      1499   -444     1022

 COOLING
  YESTERDAY        0                         0      0        0
  MONTH TO DATE    0                         0      0        0
  SINCE DEC 1      0                         0      0        0
  SINCE JAN 1      0                         0      0        0
..................................................................


WIND (MPH)
  HIGHEST WIND SPEED    37   HIGHEST WIND DIRECTION     W (270)
  HIGHEST GUST SPEED    47   HIGHEST GUST DIRECTION     W (270)
  AVERAGE WIND SPEED    19.3


SKY COVER
  POSSIBLE SUNSHINE  MM
  AVERAGE SKY COVER 0.3


WEATHER CONDITIONS
 THE FOLLOWING WEATHER WAS RECORDED YESTERDAY.
  NO SIGNIFICANT WEATHER WAS OBSERVED.


RELATIVE HUMIDITY (PERCENT)
 HIGHEST    58           300 AM
 LOWEST     16          1100 AM
 AVERAGE    37

..........................................................


THE EL PASO CLIMATE NORMALS FOR TODAY
                         NORMAL    RECORD    YEAR
 MAXIMUM TEMPERATURE (F)   58        75      1950
 MINIMUM TEMPERATURE (F)   33         8      1918


SUNRISE AND SUNSET
JANUARY 22 2018.......SUNRISE   704 AM MST   SUNSET   531 PM MST
JANUARY 23 2018.......SUNRISE   704 AM MST   SUNSET   532 PM MST


-  INDICATES NEGATIVE NUMBERS.
R  INDICATES RECORD WAS SET OR TIED.
MM INDICATES DATA IS MISSING.
T  INDICATES TRACE AMOUNT.




$$
