000
CDUS44 KEPZ 010929
CLIELP


CLIMATE REPORT
NATIONAL WEATHER SERVICE EL PASO, TX
327 AM MDT WED OCT 1 2014


...................................

...THE EL PASO CLIMATE SUMMARY FOR SEPTEMBER 30 2014...

CLIMATE NORMAL PERIOD 1981 TO 2010
CLIMATE RECORD PERIOD 1879 TO 2014


WEATHER ITEM   OBSERVED TIME   RECORD YEAR NORMAL DEPARTURE LAST
                VALUE   (LST)  VALUE       VALUE  FROM      YEAR
                                                  NORMAL
..................................................................
TEMPERATURE (F)
 YESTERDAY
  MAXIMUM         86    344 PM  97    1994  83      3       88
  MINIMUM         65    526 AM  41    1945  58      7       56
  AVERAGE         76                        71      5       72

PRECIPITATION (IN)
  YESTERDAY        0.00          2.14 1982   0.04  -0.04     0.00
  MONTH TO DATE    4.23                      1.51   2.72     3.85
  SINCE SEP 1      4.23                      1.51   2.72     3.85
  SINCE JAN 1      7.36                      7.83  -0.47     9.15

SNOWFALL (IN)
  YESTERDAY        0.0                                       0.0
  MONTH TO DATE    0.0                                       0.0
  SINCE SEP 1      0.0                                       0.0
  SINCE JUL 1      0.0                                        T
  SNOW DEPTH       0

DEGREE DAYS
 HEATING
  YESTERDAY        0                         0      0        0
  MONTH TO DATE    0                         0      0        0
  SINCE SEP 1      0                         4     -4        0
  SINCE JUL 1      0                         4     -4        0

 COOLING
  YESTERDAY       11                         6      5        7
  MONTH TO DATE  316                       317     -1      337
  SINCE SEP 1    316                       317     -1      337
  SINCE JAN 1   2535                      2246    289     2615
..................................................................


WIND (MPH)
  HIGHEST WIND SPEED    21   HIGHEST WIND DIRECTION     W (260)
  HIGHEST GUST SPEED    30   HIGHEST GUST DIRECTION     W (270)
  AVERAGE WIND SPEED     9.2


SKY COVER
  POSSIBLE SUNSHINE  MM
  AVERAGE SKY COVER 0.1


WEATHER CONDITIONS
 THE FOLLOWING WEATHER WAS RECORDED YESTERDAY.
  NO SIGNIFICANT WEATHER WAS OBSERVED.


RELATIVE HUMIDITY (PERCENT)
 HIGHEST    63           600 AM
 LOWEST     20          1000 PM
 AVERAGE    42

..........................................................


THE EL PASO CLIMATE NORMALS FOR TODAY
                         NORMAL    RECORD    YEAR
 MAXIMUM TEMPERATURE (F)   83        94      2000
                                             1993
                                             1979
 MINIMUM TEMPERATURE (F)   58        43      1965


SUNRISE AND SUNSET
OCTOBER  1 2014.......SUNRISE   659 AM MDT   SUNSET   650 PM MDT
OCTOBER  2 2014.......SUNRISE   700 AM MDT   SUNSET   649 PM MDT


-  INDICATES NEGATIVE NUMBERS.
R  INDICATES RECORD WAS SET OR TIED.
MM INDICATES DATA IS MISSING.
T  INDICATES TRACE AMOUNT.




$$
