016
CDUS44 KEPZ 180930
CLIELP


CLIMATE REPORT
NATIONAL WEATHER SERVICE EL PASO, TX
229 AM MST WED JAN 18 2017


...................................

...THE EL PASO CLIMATE SUMMARY FOR JANUARY 17 2017...

CLIMATE NORMAL PERIOD 1981 TO 2010
CLIMATE RECORD PERIOD 1879 TO 2017


WEATHER ITEM   OBSERVED TIME   RECORD YEAR NORMAL DEPARTURE LAST
                VALUE   (LST)  VALUE       VALUE  FROM      YEAR
                                                  NORMAL
..................................................................
TEMPERATURE (F)
 YESTERDAY
  MAXIMUM         53    205 PM  74    1971  58     -5       66
  MINIMUM         38   1159 PM  16    1964  32      6       36
  AVERAGE         46                        45      1       51

PRECIPITATION (IN)
  YESTERDAY        0.01          0.48 1892   0.01   0.00     0.00
  MONTH TO DATE    0.76                      0.21   0.55     0.46
  SINCE DEC 1      1.62                      0.99   0.63     1.54
  SINCE JAN 1      0.76                      0.21   0.55     0.46

SNOWFALL (IN)
  YESTERDAY        0.0                                       0.0
  MONTH TO DATE    0.0                                        T
  SINCE DEC 1      0.0                                       8.1
  SINCE JUL 1      T                                         8.1
  SNOW DEPTH       0

DEGREE DAYS
 HEATING
  YESTERDAY       19                        20     -1       14
  MONTH TO DATE  231                       352   -121      380
  SINCE DEC 1    711                       978   -267      934
  SINCE JUL 1    953                      1420   -467     1269

 COOLING
  YESTERDAY        0                         0      0        0
  MONTH TO DATE    0                         0      0        0
  SINCE DEC 1      0                         0      0        0
  SINCE JAN 1      0                         0      0        0
..................................................................


WIND (MPH)
  HIGHEST WIND SPEED    14   HIGHEST WIND DIRECTION     N (360)
  HIGHEST GUST SPEED    16   HIGHEST GUST DIRECTION     N (360)
  AVERAGE WIND SPEED     7.5


SKY COVER
  POSSIBLE SUNSHINE  MM
  AVERAGE SKY COVER 0.5


WEATHER CONDITIONS
 THE FOLLOWING WEATHER WAS RECORDED YESTERDAY.
  THUNDERSTORM
  LIGHT RAIN


RELATIVE HUMIDITY (PERCENT)
 HIGHEST    86           300 AM
 LOWEST     61          1100 AM
 AVERAGE    74

..........................................................


THE EL PASO CLIMATE NORMALS FOR TODAY
                         NORMAL    RECORD    YEAR
 MAXIMUM TEMPERATURE (F)   58        77      1921
 MINIMUM TEMPERATURE (F)   33         9      1987


SUNRISE AND SUNSET
JANUARY 18 2017.......SUNRISE   705 AM MST   SUNSET   527 PM MST
JANUARY 19 2017.......SUNRISE   705 AM MST   SUNSET   528 PM MST


-  INDICATES NEGATIVE NUMBERS.
R  INDICATES RECORD WAS SET OR TIED.
MM INDICATES DATA IS MISSING.
T  INDICATES TRACE AMOUNT.




$$
