000
CDUS45 KLKN 200933
CLIELY


CLIMATE REPORT
NATIONAL WEATHER SERVICE ELKO NV
229 AM PDT SUN APR 20 2014


...................................

...THE ELY AIRPORT NV CLIMATE SUMMARY FOR APRIL 19 2014...

CLIMATE NORMAL PERIOD 1981 TO 2010
CLIMATE RECORD PERIOD 1893 TO 2014


WEATHER ITEM   OBSERVED TIME   RECORD YEAR NORMAL DEPARTURE LAST
                VALUE   (LST)  VALUE       VALUE  FROM      YEAR
                                                  NORMAL
..................................................................
TEMPERATURE (F)
 YESTERDAY
  MAXIMUM         68   1255 PM  79    1994  59      9       58
  MINIMUM         35    530 AM   8    2007  28      7       22
  AVERAGE         52                        43      9       40

PRECIPITATION (IN)
  YESTERDAY        0.03          0.30 1896   0.03   0.00      T
  MONTH TO DATE    0.20                      0.59  -0.39     0.86
  SINCE OCT 1      5.03                      5.26  -0.23     5.66
  SINCE JAN 1      2.35                      2.97  -0.62     2.56

SNOWFALL (IN)
  YESTERDAY        0.0           3.2  1967   0.1   -0.1      0.0
  MONTH TO DATE    2.9                       3.7   -0.8      6.5
  SINCE MAR 1      7.3                      12.0   -4.7      9.6
  SINCE JUL 1     46.4                      46.9   -0.5     65.0
  SNOW DEPTH       0

DEGREE DAYS
 HEATING
  YESTERDAY       13                        22     -9       25
  MONTH TO DATE  392                       455    -63      453
  SINCE MAR 1   1225                      1345   -120     1214
  SINCE JUL 1   6244                      6682   -438     6433

 COOLING
  YESTERDAY        0                         0      0        0
  MONTH TO DATE    0                         0      0        0
  SINCE MAR 1      0                         0      0        0
  SINCE JAN 1      0                         0      0        0
..................................................................


WIND (MPH)
  HIGHEST WIND SPEED    23   HIGHEST WIND DIRECTION    NE (50)
  HIGHEST GUST SPEED    28   HIGHEST GUST DIRECTION    NE (30)
  AVERAGE WIND SPEED     7.6



WEATHER CONDITIONS
 THE FOLLOWING WEATHER WAS RECORDED YESTERDAY.
  RAIN


RELATIVE HUMIDITY (PERCENT)
 HIGHEST    70          1000 PM
 LOWEST     24          1200 PM
 AVERAGE    47

..........................................................


THE ELY AIRPORT NV CLIMATE NORMALS FOR TODAY
                         NORMAL    RECORD    YEAR
 MAXIMUM TEMPERATURE (F)   59        81      1994
 MINIMUM TEMPERATURE (F)   28         6      1966


SUNRISE AND SUNSET
APRIL 20 2014.........SUNRISE   555 AM PDT   SUNSET   722 PM PDT
APRIL 21 2014.........SUNRISE   554 AM PDT   SUNSET   723 PM PDT


-  INDICATES NEGATIVE NUMBERS.
R  INDICATES RECORD WAS SET OR TIED.
MM INDICATES DATA IS MISSING.
T  INDICATES TRACE AMOUNT.




$$
