000
CDUS45 KLKN 250935
CLIELY


CLIMATE REPORT
NATIONAL WEATHER SERVICE ELKO NV
134 AM PST THU DEC 25 2014


...................................

...THE ELY AIRPORT NV CLIMATE SUMMARY FOR DECEMBER 24 2014...

CLIMATE NORMAL PERIOD 1981 TO 2010
CLIMATE RECORD PERIOD 1893 TO 2014


WEATHER ITEM   OBSERVED TIME   RECORD YEAR NORMAL DEPARTURE LAST
                VALUE   (LST)  VALUE       VALUE  FROM      YEAR
                                                  NORMAL
..................................................................
TEMPERATURE (F)
 YESTERDAY
  MAXIMUM         42    215 PM  63    1950  39      3       44
  MINIMUM         18    658 AM -22    1990  10      8       13
  AVERAGE         30                        24      6       29

PRECIPITATION (IN)
  YESTERDAY        0.06          0.45 1971   0.02   0.04     0.00
  MONTH TO DATE    0.53                      0.43   0.10     0.99
  SINCE OCT 1      0.97                      2.13  -1.16     2.68
  SINCE JAN 1      9.06                      9.60  -0.54     8.54

SNOWFALL (IN)
  YESTERDAY        1.8           4.4  2012   0.3    1.5      0.0
  MONTH TO DATE    3.7                       6.0   -2.3     12.9
  SINCE DEC 1      3.7                       6.0   -2.3     12.9
  SINCE JUL 1      4.4                      15.5  -11.1     25.8
  SNOW DEPTH       0

DEGREE DAYS
 HEATING
  YESTERDAY       35                        40     -5       36
  MONTH TO DATE  727                       946   -219     1070
  SINCE DEC 1    727                       946   -219     1070
  SINCE JUL 1   2174                      2814   -640     2835

 COOLING
  YESTERDAY        0                         0      0        0
  MONTH TO DATE    0                         0      0        0
  SINCE DEC 1      0                         0      0        0
  SINCE JAN 1    286                       218     68      387
..................................................................


WIND (MPH)
  HIGHEST WIND SPEED    32   HIGHEST WIND DIRECTION    SE (150)
  HIGHEST GUST SPEED    40   HIGHEST GUST DIRECTION     W (270)
  AVERAGE WIND SPEED    12.6



WEATHER CONDITIONS
 THE FOLLOWING WEATHER WAS RECORDED YESTERDAY.
  SNOW
  LIGHT SNOW
  FOG
  HAZE


RELATIVE HUMIDITY (PERCENT)
 HIGHEST    92          1000 PM
 LOWEST     49          1200 PM
 AVERAGE    71

..........................................................


THE ELY AIRPORT NV CLIMATE NORMALS FOR TODAY
                         NORMAL    RECORD    YEAR
 MAXIMUM TEMPERATURE (F)   39        60      1910
 MINIMUM TEMPERATURE (F)   10       -17      1948


SUNRISE AND SUNSET
DECEMBER 25 2014......SUNRISE   657 AM PST   SUNSET   422 PM PST
DECEMBER 26 2014......SUNRISE   658 AM PST   SUNSET   423 PM PST


-  INDICATES NEGATIVE NUMBERS.
R  INDICATES RECORD WAS SET OR TIED.
MM INDICATES DATA IS MISSING.
T  INDICATES TRACE AMOUNT.




$$
