000
CDUS45 KLKN 270929
CLIELY


CLIMATE REPORT
NATIONAL WEATHER SERVICE ELKO NV
227 AM PDT SAT MAY 27 2017


...................................

...THE ELY AIRPORT NV CLIMATE SUMMARY FOR MAY 26 2017...

CLIMATE NORMAL PERIOD 1981 TO 2010
CLIMATE RECORD PERIOD 1893 TO 2017


WEATHER ITEM   OBSERVED TIME   RECORD YEAR NORMAL DEPARTURE LAST
                VALUE   (LST)  VALUE       VALUE  FROM      YEAR
                                                  NORMAL
..................................................................
TEMPERATURE (F)
 YESTERDAY
  MAXIMUM         69    323 PM  88    1986  71     -2       61
  MINIMUM         35    440 AM  23    1950  36     -1       35
  AVERAGE         52                        53     -1       48

PRECIPITATION (IN)
  YESTERDAY        0.00          0.83 1941   0.04  -0.04     0.00
  MONTH TO DATE    0.28                      0.93  -0.65     0.51
  SINCE OCT 1      7.95                      6.55   1.40    11.30
  SINCE JAN 1      6.17                      4.26   1.91     6.94

SNOWFALL (IN)
  YESTERDAY        0.0           0.0  1893   0.0    0.0      0.0
  MONTH TO DATE    1.2                       2.2   -1.0       T
  SINCE MAR 1     18.4                      15.7    2.7     21.1
  SINCE JUL 1     68.0                      50.6   17.4    100.4
  SNOW DEPTH       0

DEGREE DAYS
 HEATING
  YESTERDAY       13                        12      1       17
  MONTH TO DATE  372                       389    -17      415
  SINCE MAR 1   1784                      1955   -171     1831
  SINCE JUL 1   6745                      7292   -547     7205

 COOLING
  YESTERDAY        0                         0      0        0
  MONTH TO DATE    0                         0      0        0
  SINCE MAR 1      0                         0      0        0
  SINCE JAN 1      0                         0      0        0
..................................................................


WIND (MPH)
  HIGHEST WIND SPEED    24   HIGHEST WIND DIRECTION     W (290)
  HIGHEST GUST SPEED    43   HIGHEST GUST DIRECTION     W (260)
  AVERAGE WIND SPEED    10.9



WEATHER CONDITIONS
 THE FOLLOWING WEATHER WAS RECORDED YESTERDAY.
  NO SIGNIFICANT WEATHER WAS OBSERVED.


RELATIVE HUMIDITY (PERCENT)
 HIGHEST    59           200 AM
 LOWEST     17           300 PM
 AVERAGE    38

..........................................................


THE ELY AIRPORT NV CLIMATE NORMALS FOR TODAY
                         NORMAL    RECORD    YEAR
 MAXIMUM TEMPERATURE (F)   72        88      1986
 MINIMUM TEMPERATURE (F)   36        19      1953


SUNRISE AND SUNSET
MAY 27 2017...........SUNRISE   517 AM PDT   SUNSET   757 PM PDT
MAY 28 2017...........SUNRISE   516 AM PDT   SUNSET   757 PM PDT


-  INDICATES NEGATIVE NUMBERS.
R  INDICATES RECORD WAS SET OR TIED.
MM INDICATES DATA IS MISSING.
T  INDICATES TRACE AMOUNT.




$$
