000
CDUS45 KLKN 230028
CLIELY


CLIMATE REPORT
NATIONAL WEATHER SERVICE ELKO NV
526 PM PDT MON SEP 22 2014


...................................

...THE ELY AIRPORT NV CLIMATE SUMMARY FOR SEPTEMBER 22 2014...
VALID TODAY AS OF 0500 PM LOCAL TIME.

CLIMATE NORMAL PERIOD 1981 TO 2010
CLIMATE RECORD PERIOD 1893 TO 2014


WEATHER ITEM   OBSERVED TIME   RECORD YEAR NORMAL DEPARTURE LAST
                VALUE   (LST)  VALUE       VALUE  FROM      YEAR
                                                  NORMAL
..................................................................
TEMPERATURE (F)
 TODAY
  MAXIMUM         76    300 PM  85    2011  73      3       63
                                      1992
  MINIMUM         41    551 AM  15    1968  35      6       40
  AVERAGE         59                        54      5       52

PRECIPITATION (IN)
  TODAY            0.00          0.65 1967   0.03  -0.03     0.00
  MONTH TO DATE    0.39                      0.59  -0.20     1.69
  SINCE OCT 1     10.33                      9.52   0.81     8.94
  SINCE JAN 1      7.65                      7.23   0.42     5.84

SNOWFALL (IN)
  TODAY            0.0           0.0  1893   0.1   -0.1      0.0
  MONTH TO DATE    0.0                       0.2   -0.2      0.0
  SINCE SEP 1      0.0                       0.2   -0.2      0.0
  SINCE JUL 1      0.0                       0.2   -0.2      0.0
  SNOW DEPTH       0

DEGREE DAYS
 HEATING
  TODAY            6                        11     -5       13
  MONTH TO DATE   51                       149    -98       94
  SINCE SEP 1     51                       149    -98       94
  SINCE JUL 1     99                       213   -114      102

 COOLING
  TODAY            0                         0      0        0
  MONTH TO DATE   17                         4     13       17
  SINCE SEP 1     17                         4     13       17
  SINCE JAN 1    285                       216     69      387
..................................................................


WIND (MPH)
  HIGHEST WIND SPEED    18   HIGHEST WIND DIRECTION     S (200)
  HIGHEST GUST SPEED    24   HIGHEST GUST DIRECTION     S (200)



WEATHER CONDITIONS
 THE FOLLOWING WEATHER WAS RECORDED TODAY.
  NO SIGNIFICANT WEATHER WAS OBSERVED.


RELATIVE HUMIDITY (PERCENT)
 HIGHEST   100          1200 AM
 LOWEST     31           300 PM
 AVERAGE    66

..........................................................


THE ELY AIRPORT NV CLIMATE NORMALS FOR TOMORROW
                         NORMAL    RECORD    YEAR
 MAXIMUM TEMPERATURE (F)   73        86      2011
                                             2003
                                             2001
 MINIMUM TEMPERATURE (F)   35        19      1977


SUNRISE AND SUNSET
SEPTEMBER 22 2014.....SUNRISE   627 AM PDT   SUNSET   636 PM PDT
SEPTEMBER 23 2014.....SUNRISE   628 AM PDT   SUNSET   635 PM PDT


-  INDICATES NEGATIVE NUMBERS.
R  INDICATES RECORD WAS SET OR TIED.
MM INDICATES DATA IS MISSING.
T  INDICATES TRACE AMOUNT.




$$
