000
CDUS45 KLKN 010029
CLIELY


CLIMATE REPORT
NATIONAL WEATHER SERVICE ELKO NV
529 PM PDT WED AUG 31 2016


...................................

...THE ELY AIRPORT NV CLIMATE SUMMARY FOR AUGUST 31 2016...
VALID TODAY AS OF 0500 PM LOCAL TIME.

CLIMATE NORMAL PERIOD 1981 TO 2010
CLIMATE RECORD PERIOD 1893 TO 2016


WEATHER ITEM   OBSERVED TIME   RECORD YEAR NORMAL DEPARTURE LAST
                VALUE   (LST)  VALUE       VALUE  FROM      YEAR
                                                  NORMAL
..................................................................
TEMPERATURE (F)
 TODAY
  MAXIMUM         89    152 PM  92    1996  82      7       86
                                      1950
  MINIMUM         49    533 AM  29    1962  44      5       42
  AVERAGE         69                        63      6       64

PRECIPITATION (IN)
  TODAY            0.00          2.08 1909   0.03  -0.03     0.00
  MONTH TO DATE    0.33                      0.90  -0.57     0.54
  SINCE OCT 1     13.38                      8.93   4.45     6.16
  SINCE JAN 1      9.02                      6.64   2.38     4.99

SNOWFALL (IN)
  TODAY            0.0           0.0  1893   0.0    0.0      0.0
  MONTH TO DATE    0.0                       0.0    0.0      0.0
  SINCE JUN 1      0.0                       0.1   -0.1      0.0
  SINCE JUL 1      0.0                       0.0    0.0      0.0
  SNOW DEPTH       0

DEGREE DAYS
 HEATING
  TODAY            0                         3     -3        1
  MONTH TO DATE   20                        41    -21       13
  SINCE JUN 1     98                       239   -141       87
  SINCE JUL 1     37                        64    -27       32

 COOLING
  TODAY            4                         1      3        0
  MONTH TO DATE   71                        77     -6      115
  SINCE JUN 1    255                       211     44      301
  SINCE JAN 1    255                       212     43      304
..................................................................


WIND (MPH)
  HIGHEST WIND SPEED    25   HIGHEST WIND DIRECTION     S (190)
  HIGHEST GUST SPEED    36   HIGHEST GUST DIRECTION     S (190)



WEATHER CONDITIONS
 THE FOLLOWING WEATHER WAS RECORDED TODAY.
  NO SIGNIFICANT WEATHER WAS OBSERVED.


RELATIVE HUMIDITY (PERCENT)
 HIGHEST    42           500 AM
 LOWEST     12           200 PM
 AVERAGE    27

..........................................................


THE ELY AIRPORT NV CLIMATE NORMALS FOR TOMORROW
                         NORMAL    RECORD    YEAR
 MAXIMUM TEMPERATURE (F)   81        93      1950
 MINIMUM TEMPERATURE (F)   43        30      1973


SUNRISE AND SUNSET
AUGUST 31 2016........SUNRISE   608 AM PDT   SUNSET   711 PM PDT
SEPTEMBER  1 2016.....SUNRISE   608 AM PDT   SUNSET   709 PM PDT


-  INDICATES NEGATIVE NUMBERS.
R  INDICATES RECORD WAS SET OR TIED.
MM INDICATES DATA IS MISSING.
T  INDICATES TRACE AMOUNT.




$$
