096
CDUS45 KLKN 280939
CLIELY


CLIMATE REPORT
NATIONAL WEATHER SERVICE ELKO NV
235 AM PDT FRI JUL 28 2017


...................................

...THE ELY AIRPORT NV CLIMATE SUMMARY FOR JULY 27 2017...

CLIMATE NORMAL PERIOD 1981 TO 2010
CLIMATE RECORD PERIOD 1893 TO 2017


WEATHER ITEM   OBSERVED TIME   RECORD YEAR NORMAL DEPARTURE LAST
                VALUE   (LST)  VALUE       VALUE  FROM      YEAR
                                                  NORMAL
..................................................................
TEMPERATURE (F)
 YESTERDAY
  MAXIMUM         83    300 PM  98    2016  88     -5       98
  MINIMUM         54   1225 AM  34    1993  49      5       46
  AVERAGE         69                        69      0       72

PRECIPITATION (IN)
  YESTERDAY        0.00          0.60 1987   0.03  -0.03     0.00
  MONTH TO DATE    0.50                      0.53  -0.03     0.05
  SINCE OCT 1      8.47                      7.92   0.55    12.93
  SINCE JAN 1      6.69                      5.63   1.06     8.57

SNOWFALL (IN)
  YESTERDAY        0.0           0.0  1893   0.0    0.0      0.0
  MONTH TO DATE    0.0                       0.0    0.0      0.0
  SINCE JUN 1      T                         0.1   -0.1      0.0
  SINCE JUL 1      0.0                       0.0    0.0      0.0
  SNOW DEPTH       0

DEGREE DAYS
 HEATING
  YESTERDAY        0                         0      0        0
  MONTH TO DATE    0                        20    -20       17
  SINCE JUN 1     72                       195   -123       78
  SINCE JUL 1      0                        20    -20       17

 COOLING
  YESTERDAY        4                         4      0        7
  MONTH TO DATE  181                        94     87       96
  SINCE JUN 1    243                       117    126      151
  SINCE JAN 1    243                       118    125      151
..................................................................


WIND (MPH)
  HIGHEST WIND SPEED    28   HIGHEST WIND DIRECTION    NW (320)
  HIGHEST GUST SPEED    35   HIGHEST GUST DIRECTION    NW (320)
  AVERAGE WIND SPEED     6.9



WEATHER CONDITIONS
 THE FOLLOWING WEATHER WAS RECORDED YESTERDAY.
  NO SIGNIFICANT WEATHER WAS OBSERVED.


RELATIVE HUMIDITY (PERCENT)
 HIGHEST    67          1000 PM
 LOWEST     21           400 PM
 AVERAGE    44

..........................................................


THE ELY AIRPORT NV CLIMATE NORMALS FOR TODAY
                         NORMAL    RECORD    YEAR
 MAXIMUM TEMPERATURE (F)   88        98      2016
 MINIMUM TEMPERATURE (F)   49        38      1948


SUNRISE AND SUNSET
JULY 28 2017..........SUNRISE   536 AM PDT   SUNSET   755 PM PDT
JULY 29 2017..........SUNRISE   537 AM PDT   SUNSET   754 PM PDT


-  INDICATES NEGATIVE NUMBERS.
R  INDICATES RECORD WAS SET OR TIED.
MM INDICATES DATA IS MISSING.
T  INDICATES TRACE AMOUNT.




$$
