000
CDUS45 KLKN 210937
CLIELY


CLIMATE REPORT
NATIONAL WEATHER SERVICE ELKO NV
135 AM PST SUN JAN 21 2018


...................................

...THE ELY AIRPORT NV CLIMATE SUMMARY FOR JANUARY 20 2018...

CLIMATE NORMAL PERIOD 1981 TO 2010
CLIMATE RECORD PERIOD 1893 TO 2018


WEATHER ITEM   OBSERVED TIME   RECORD YEAR NORMAL DEPARTURE LAST
                VALUE   (LST)  VALUE       VALUE  FROM      YEAR
                                                  NORMAL
..................................................................
TEMPERATURE (F)
 YESTERDAY
  MAXIMUM         24    242 AM  60    2005  40    -16       31
  MINIMUM          9   1159 PM -16    1988  11     -2        7
                                      1973
  AVERAGE         17                        25     -8       19

PRECIPITATION (IN)
  YESTERDAY        0.11          0.71 1962   0.02   0.09     0.02
  MONTH TO DATE    1.10                      0.46   0.64     1.29
  SINCE OCT 1      1.68                      2.75  -1.07     3.07
  SINCE JAN 1      1.10                      0.46   0.64     1.29

SNOWFALL (IN)
  YESTERDAY        3.1          11.9  1962   0.2    2.9      0.8
  MONTH TO DATE   17.5                       6.1   11.4     19.5
  SINCE DEC 1     19.0                      14.5    4.5     28.6
  SINCE JUL 1     24.0                      24.0    0.0     34.5
  SNOW DEPTH      15

DEGREE DAYS
 HEATING
  YESTERDAY       48                        40      8       46
  MONTH TO DATE  614                       800   -186      833
  SINCE DEC 1   1699                      2032   -333     2060
  SINCE JUL 1   3343                      3900   -557     3613

 COOLING
  YESTERDAY        0                         0      0        0
  MONTH TO DATE    0                         0      0        0
  SINCE DEC 1      0                         0      0        0
  SINCE JAN 1      0                         0      0        0
..................................................................


WIND (MPH)
  HIGHEST WIND SPEED    22   HIGHEST WIND DIRECTION     N (360)
  HIGHEST GUST SPEED    26   HIGHEST GUST DIRECTION    NE (60)
  AVERAGE WIND SPEED    13.1



WEATHER CONDITIONS
 THE FOLLOWING WEATHER WAS RECORDED YESTERDAY.
  SNOW
  LIGHT SNOW
  FOG


RELATIVE HUMIDITY (PERCENT)
 HIGHEST   100           500 AM
 LOWEST     77           300 PM
 AVERAGE    89

..........................................................


THE ELY AIRPORT NV CLIMATE NORMALS FOR TODAY
                         NORMAL    RECORD    YEAR
 MAXIMUM TEMPERATURE (F)   40        59      1994
 MINIMUM TEMPERATURE (F)   11       -13      1966


SUNRISE AND SUNSET
JANUARY 21 2018.......SUNRISE   655 AM PST   SUNSET   447 PM PST
JANUARY 22 2018.......SUNRISE   654 AM PST   SUNSET   449 PM PST


-  INDICATES NEGATIVE NUMBERS.
R  INDICATES RECORD WAS SET OR TIED.
MM INDICATES DATA IS MISSING.
T  INDICATES TRACE AMOUNT.




$$
