000
CDUS45 KLKN 220927
CLIELY


CLIMATE REPORT
NATIONAL WEATHER SERVICE ELKO NV
226 AM PDT FRI AUG 22 2014


...................................

...THE ELY AIRPORT NV CLIMATE SUMMARY FOR AUGUST 21 2014...

CLIMATE NORMAL PERIOD 1981 TO 2010
CLIMATE RECORD PERIOD 1893 TO 2014


WEATHER ITEM   OBSERVED TIME   RECORD YEAR NORMAL DEPARTURE LAST
                VALUE   (LST)  VALUE       VALUE  FROM      YEAR
                                                  NORMAL
..................................................................
TEMPERATURE (F)
 YESTERDAY
  MAXIMUM         80    427 PM  93    2009  84     -4       87
                                      2007
  MINIMUM         52    516 AM  29    1974  46      6       48
  AVERAGE         66                        65      1       68

PRECIPITATION (IN)
  YESTERDAY        0.00          0.69 1957   0.03  -0.03     0.06
  MONTH TO DATE    1.81                      0.64   1.17     0.36
  SINCE OCT 1      9.27                      8.67   0.60     6.82
  SINCE JAN 1      6.59                      6.38   0.21     3.72

SNOWFALL (IN)
  YESTERDAY        0.0           0.0  1893   0.0    0.0      0.0
  MONTH TO DATE    0.0                       0.0    0.0      0.0
  SINCE JUN 1      T                         0.1   -0.1      0.0
  SINCE JUL 1      0.0                       0.0    0.0      0.0
  SNOW DEPTH       0

DEGREE DAYS
 HEATING
  YESTERDAY        0                         2     -2        0
  MONTH TO DATE   11                        17     -6        3
  SINCE JUN 1    151                       215    -64      103
  SINCE JUL 1     11                        40    -29        8

 COOLING
  YESTERDAY        1                         2     -1        3
  MONTH TO DATE   34                        63    -29       70
  SINCE JUN 1    259                       197     62      338
  SINCE JAN 1    261                       198     63      338
..................................................................


WIND (MPH)
  HIGHEST WIND SPEED    24   HIGHEST WIND DIRECTION    SE (140)
  HIGHEST GUST SPEED    28   HIGHEST GUST DIRECTION    SE (150)
  AVERAGE WIND SPEED    11.4



WEATHER CONDITIONS
 THE FOLLOWING WEATHER WAS RECORDED YESTERDAY.
  NO SIGNIFICANT WEATHER WAS OBSERVED.


RELATIVE HUMIDITY (PERCENT)
 HIGHEST    55           100 AM
 LOWEST     19           200 PM
 AVERAGE    37

..........................................................


THE ELY AIRPORT NV CLIMATE NORMALS FOR TODAY
                         NORMAL    RECORD    YEAR
 MAXIMUM TEMPERATURE (F)   84        92      2007
 MINIMUM TEMPERATURE (F)   46        32      1959
                                             1899


SUNRISE AND SUNSET
AUGUST 22 2014........SUNRISE   559 AM PDT   SUNSET   725 PM PDT
AUGUST 23 2014........SUNRISE   600 AM PDT   SUNSET   724 PM PDT


-  INDICATES NEGATIVE NUMBERS.
R  INDICATES RECORD WAS SET OR TIED.
MM INDICATES DATA IS MISSING.
T  INDICATES TRACE AMOUNT.




$$
