000
CDUS43 KTOP 210632
CLIEMP


CLIMATE REPORT
NATIONAL WEATHER SERVICE TOPEKA KS
132 AM CDT MON APR 21 2014


...................................

...THE EMPORIA KS CLIMATE SUMMARY FOR APRIL 20 2014...

CLIMATE NORMAL PERIOD 1981 TO 2010
CLIMATE RECORD PERIOD 9999 TO 9999


WEATHER ITEM   OBSERVED NORMAL DEPARTURE LAST
                VALUE   VALUE  FROM      YEAR
                               NORMAL
...............................................
TEMPERATURE (F)
 YESTERDAY
  MAXIMUM         78     69      9       59
  MINIMUM         55     45     10       31
  AVERAGE         67     57     10       45

PRECIPITATION (IN)
  YESTERDAY        T      0.13  -0.13     0.00
  MONTH TO DATE    0.51   1.91  -1.40     1.99
  SINCE MAR 1      0.92   4.44  -3.52     3.67
  SINCE JAN 1      1.41   6.30  -4.89     6.45

DEGREE DAYS
 HEATING
  YESTERDAY        0      9     -9       20
  MONTH TO DATE  255    229     26      337
  SINCE MAR 1    994    839    155     1123
  SINCE JUL 1   5319   4661    658     4719

 COOLING
  YESTERDAY        2      1      1        0
  MONTH TO DATE    7     14     -7        0
  SINCE MAR 1      7     16     -9        0
  SINCE JAN 1      7     16     -9        0
...............................................


WIND (MPH)
  HIGHEST WIND SPEED    22   HIGHEST WIND DIRECTION     S (190)
  HIGHEST GUST SPEED    27   HIGHEST GUST DIRECTION     S (190)
  AVERAGE WIND SPEED    11.6


SKY COVER
  AVERAGE SKY COVER 0.2


WEATHER CONDITIONS
 THE FOLLOWING WEATHER WAS RECORDED YESTERDAY.
  LIGHT RAIN
  HAZE


RELATIVE HUMIDITY (PERCENT)
 HIGHEST    77
 LOWEST     46
 AVERAGE    62

..........................................................


THE EMPORIA KS CLIMATE NORMALS FOR TODAY
                         NORMAL
 MAXIMUM TEMPERATURE (F)   69
 MINIMUM TEMPERATURE (F)   46


SUNRISE AND SUNSET
APRIL 21 2014.........SUNRISE   641 AM CDT   SUNSET   807 PM CDT
APRIL 22 2014.........SUNRISE   639 AM CDT   SUNSET   808 PM CDT


-  INDICATES NEGATIVE NUMBERS.
R  INDICATES RECORD WAS SET OR TIED.
MM INDICATES DATA IS MISSING.
T  INDICATES TRACE AMOUNT.




$$
