000
CDUS43 KTOP 260636
CLIEMP


CLIMATE REPORT
NATIONAL WEATHER SERVICE TOPEKA KS
134 AM CDT MON SEP 26 2016


...................................

...THE EMPORIA KS CLIMATE SUMMARY FOR SEPTEMBER 25 2016...

CLIMATE NORMAL PERIOD 1981 TO 2010
CLIMATE RECORD PERIOD 9999 TO 9999


WEATHER ITEM   OBSERVED NORMAL DEPARTURE LAST
                VALUE   VALUE  FROM      YEAR
                               NORMAL
...............................................
TEMPERATURE (F)
 YESTERDAY
  MAXIMUM         68     77     -9       83
  MINIMUM         55     53      2       62
  AVERAGE         62     65     -3       73

PRECIPITATION (IN)
  YESTERDAY        0.57   0.11   0.46     0.00
  MONTH TO DATE    7.67   2.88   4.79     1.19
  SINCE SEP 1      7.67   2.88   4.79     1.19
  SINCE JAN 1     36.26  29.49   6.77    26.81

DEGREE DAYS
 HEATING
  YESTERDAY        3      3      0        0
  MONTH TO DATE    3     27    -24       13
  SINCE SEP 1      3     27    -24       13
  SINCE JUL 1      3     28    -25       13

 COOLING
  YESTERDAY        0      3     -3        8
  MONTH TO DATE  221    150     71      259
  SINCE SEP 1    221    150     71      259
  SINCE JAN 1   1557   1358    199     1438
...............................................


WIND (MPH)
  HIGHEST WIND SPEED    20   HIGHEST WIND DIRECTION    NW (330)
  HIGHEST GUST SPEED    25   HIGHEST GUST DIRECTION    NW (330)
  AVERAGE WIND SPEED     5.5


SKY COVER
  AVERAGE SKY COVER 0.4


WEATHER CONDITIONS
 THE FOLLOWING WEATHER WAS RECORDED YESTERDAY.
  THUNDERSTORM
  HEAVY RAIN
  RAIN
  LIGHT RAIN
  FOG


RELATIVE HUMIDITY (PERCENT)
 HIGHEST   100
 LOWEST     58
 AVERAGE    79

..........................................................


THE EMPORIA KS CLIMATE NORMALS FOR TODAY
                         NORMAL
 MAXIMUM TEMPERATURE (F)   77
 MINIMUM TEMPERATURE (F)   53


SUNRISE AND SUNSET
SEPTEMBER 26 2016.....SUNRISE   717 AM CDT   SUNSET   715 PM CDT
SEPTEMBER 27 2016.....SUNRISE   717 AM CDT   SUNSET   713 PM CDT


-  INDICATES NEGATIVE NUMBERS.
R  INDICATES RECORD WAS SET OR TIED.
MM INDICATES DATA IS MISSING.
T  INDICATES TRACE AMOUNT.




$$
