000
CDUS43 KTOP 272233
CLIEMP


CLIMATE REPORT
NATIONAL WEATHER SERVICE TOPEKA KS
433 PM CST THU NOV 27 2014


...................................

...THE EMPORIA KS CLIMATE SUMMARY FOR NOVEMBER 27 2014...
VALID TODAY AS OF 0400 PM LOCAL TIME.

CLIMATE NORMAL PERIOD 1981 TO 2010
CLIMATE RECORD PERIOD 9999 TO 9999


WEATHER ITEM   OBSERVED NORMAL DEPARTURE LAST
                VALUE   VALUE  FROM      YEAR
                               NORMAL
...............................................
TEMPERATURE (F)
 TODAY
  MAXIMUM         42     50     -8       36
  MINIMUM         17     28    -11       12
  AVERAGE         30     39     -9       24

PRECIPITATION (IN)
  TODAY            0.00   0.04  -0.04     0.00
  MONTH TO DATE    0.30   2.01  -1.71     0.66
  SINCE SEP 1      7.46   8.28  -0.82     8.84
  SINCE JAN 1     26.22  34.89  -8.67    32.93

DEGREE DAYS
 HEATING
  TODAY           35     26      9       41
  MONTH TO DATE  735    534    201      622
  SINCE SEP 1    992    860    132      949
  SINCE JUL 1    994    861    133      951

 COOLING
  TODAY            0      0      0        0
  MONTH TO DATE    0      0      0        0
  SINCE SEP 1    177    194    -17      246
  SINCE JAN 1   1380   1402    -22     1375
...............................................


WIND (MPH)
  HIGHEST WIND SPEED    16   HIGHEST WIND DIRECTION    SE (150)
  HIGHEST GUST SPEED    33   HIGHEST GUST DIRECTION    NW (330)
  AVERAGE WIND SPEED     6.0



WEATHER CONDITIONS
 THE FOLLOWING WEATHER WAS RECORDED TODAY.
  NO SIGNIFICANT WEATHER WAS OBSERVED.


RELATIVE HUMIDITY (PERCENT)
 HIGHEST    92
 LOWEST     34
 AVERAGE    63

..........................................................


THE EMPORIA KS CLIMATE NORMALS FOR TOMORROW
                         NORMAL
 MAXIMUM TEMPERATURE (F)   50
 MINIMUM TEMPERATURE (F)   28


SUNRISE AND SUNSET
NOVEMBER 27 2014......SUNRISE   719 AM CST   SUNSET   506 PM CST
NOVEMBER 28 2014......SUNRISE   720 AM CST   SUNSET   505 PM CST


-  INDICATES NEGATIVE NUMBERS.
R  INDICATES RECORD WAS SET OR TIED.
MM INDICATES DATA IS MISSING.
T  INDICATES TRACE AMOUNT.




$$
