000
CDUS43 KTOP 252134
CLIEMP


CLIMATE REPORT
NATIONAL WEATHER SERVICE TOPEKA KS
434 PM CDT FRI JUL 25 2014


...................................

...THE EMPORIA KS CLIMATE SUMMARY FOR JULY 25 2014...
VALID TODAY AS OF 0400 PM LOCAL TIME.

CLIMATE NORMAL PERIOD 1981 TO 2010
CLIMATE RECORD PERIOD 9999 TO 9999


WEATHER ITEM   OBSERVED NORMAL DEPARTURE LAST
                VALUE   VALUE  FROM      YEAR
                               NORMAL
...............................................
TEMPERATURE (F)
 TODAY
  MAXIMUM         99     91      8       85
  MINIMUM         73     69      4       64
  AVERAGE         86     80      6       75

PRECIPITATION (IN)
  TODAY            0.00   0.09  -0.09     0.18
  MONTH TO DATE    1.07   3.70  -2.63     1.47
  SINCE JUN 1      7.96   9.54  -1.58     2.88
  SINCE JAN 1     13.57  22.22  -8.65    15.45

DEGREE DAYS
 HEATING
  TODAY            0      0      0        0
  MONTH TO DATE    2      0      2        0
  SINCE JUN 1      6      8     -2       12
  SINCE JUL 1      2      0      2        0

 COOLING
  TODAY           21     15      6       10
  MONTH TO DATE  243    347   -104      353
  SINCE JUN 1    515    610    -95      652
  SINCE JAN 1    691    729    -38      768
...............................................


WIND (MPH)
  HIGHEST WIND SPEED    26   HIGHEST WIND DIRECTION     S (190)
  HIGHEST GUST SPEED    34   HIGHEST GUST DIRECTION    SW (220)
  AVERAGE WIND SPEED    18.3



WEATHER CONDITIONS
 THE FOLLOWING WEATHER WAS RECORDED TODAY.
  HAZE


RELATIVE HUMIDITY (PERCENT)
 HIGHEST    87
 LOWEST     35
 AVERAGE    61

..........................................................


THE EMPORIA KS CLIMATE NORMALS FOR TOMORROW
                         NORMAL
 MAXIMUM TEMPERATURE (F)   91
 MINIMUM TEMPERATURE (F)   69


SUNRISE AND SUNSET
JULY 25 2014..........SUNRISE   621 AM CDT   SUNSET   841 PM CDT
JULY 26 2014..........SUNRISE   622 AM CDT   SUNSET   840 PM CDT


-  INDICATES NEGATIVE NUMBERS.
R  INDICATES RECORD WAS SET OR TIED.
MM INDICATES DATA IS MISSING.
T  INDICATES TRACE AMOUNT.




$$
