000
CDUS43 KTOP 242234
CLIEMP


CLIMATE REPORT
NATIONAL WEATHER SERVICE TOPEKA KS
433 PM CST TUE JAN 24 2017


...................................

...THE EMPORIA KS CLIMATE SUMMARY FOR JANUARY 24 2017...
VALID TODAY AS OF 0400 PM LOCAL TIME.

CLIMATE NORMAL PERIOD 1981 TO 2010
CLIMATE RECORD PERIOD 9999 TO 9999


WEATHER ITEM   OBSERVED NORMAL DEPARTURE LAST
                VALUE   VALUE  FROM      YEAR
                               NORMAL
...............................................
TEMPERATURE (F)
 TODAY
  MAXIMUM         69     42     27       48
  MINIMUM         32     21     11       26
  AVERAGE         51     31     20       37

PRECIPITATION (IN)
  TODAY            0.00   0.03  -0.03     0.00
  MONTH TO DATE    1.05   0.39   0.66     0.46
  SINCE DEC 1      1.82   1.74   0.08     3.55
  SINCE JAN 1      1.05   0.39   0.66     0.46

DEGREE DAYS
 HEATING
  TODAY           14     34    -20       28
  MONTH TO DATE  746    816    -70      748
  SINCE DEC 1   1792   1809    -17     1528
  SINCE JUL 1   2342   2749   -407     2247

 COOLING
  TODAY            0      0      0        0
  MONTH TO DATE    0      0      0        0
  SINCE DEC 1      0      0      0        0
  SINCE JAN 1      0      0      0        0
...............................................


WIND (MPH)
  HIGHEST WIND SPEED    26   HIGHEST WIND DIRECTION    SW (210)
  HIGHEST GUST SPEED    33   HIGHEST GUST DIRECTION    SW (220)
  AVERAGE WIND SPEED    15.3



WEATHER CONDITIONS
 THE FOLLOWING WEATHER WAS RECORDED TODAY.
  NO SIGNIFICANT WEATHER WAS OBSERVED.


RELATIVE HUMIDITY (PERCENT)
 HIGHEST    96
 LOWEST     30
 AVERAGE    63

..........................................................


THE EMPORIA KS CLIMATE NORMALS FOR TOMORROW
                         NORMAL
 MAXIMUM TEMPERATURE (F)   42
 MINIMUM TEMPERATURE (F)   21


SUNRISE AND SUNSET
JANUARY 24 2017.......SUNRISE   736 AM CST   SUNSET   539 PM CST
JANUARY 25 2017.......SUNRISE   735 AM CST   SUNSET   540 PM CST


-  INDICATES NEGATIVE NUMBERS.
R  INDICATES RECORD WAS SET OR TIED.
MM INDICATES DATA IS MISSING.
T  INDICATES TRACE AMOUNT.




$$
