000
CDUS43 KTOP 302133
CLIEMP


CLIMATE REPORT
NATIONAL WEATHER SERVICE TOPEKA KS
433 PM CDT SAT APR 30 2016


...................................

...THE EMPORIA KS CLIMATE SUMMARY FOR APRIL 30 2016...
VALID TODAY AS OF 0400 PM LOCAL TIME.

CLIMATE NORMAL PERIOD 1981 TO 2010
CLIMATE RECORD PERIOD 9999 TO 9999


WEATHER ITEM   OBSERVED NORMAL DEPARTURE LAST
                VALUE   VALUE  FROM      YEAR
                               NORMAL
...............................................
TEMPERATURE (F)
 TODAY
  MAXIMUM         63     72     -9       74
  MINIMUM         52     49      3       45
  AVERAGE         58     61     -3       60

PRECIPITATION (IN)
  TODAY            0.05   0.18  -0.13     0.00
  MONTH TO DATE    6.55   3.38   3.17     4.31
  SINCE MAR 1      8.15   5.91   2.24     4.89
  SINCE JAN 1      9.32   7.77   1.55     6.29

DEGREE DAYS
 HEATING
  TODAY            7      5      2        5
  MONTH TO DATE  221    297    -76      229
  SINCE MAR 1    664    907   -243      760
  SINCE JUL 1   3777   4729   -952     4761

 COOLING
  TODAY            0      1     -1        0
  MONTH TO DATE   19     21     -2        5
  SINCE MAR 1     20     23     -3        6
  SINCE JAN 1     20     23     -3        6
...............................................


WIND (MPH)
  HIGHEST WIND SPEED    17   HIGHEST WIND DIRECTION     W (260)
  HIGHEST GUST SPEED    23   HIGHEST GUST DIRECTION     W (250)
  AVERAGE WIND SPEED    10.1



WEATHER CONDITIONS
 THE FOLLOWING WEATHER WAS RECORDED TODAY.
  LIGHT RAIN
  FOG


RELATIVE HUMIDITY (PERCENT)
 HIGHEST   100
 LOWEST     56
 AVERAGE    78

..........................................................


THE EMPORIA KS CLIMATE NORMALS FOR TOMORROW
                         NORMAL
 MAXIMUM TEMPERATURE (F)   72
 MINIMUM TEMPERATURE (F)   50


SUNRISE AND SUNSET
APRIL 30 2016.........SUNRISE   629 AM CDT   SUNSET   816 PM CDT
MAY  1 2016...........SUNRISE   627 AM CDT   SUNSET   817 PM CDT


-  INDICATES NEGATIVE NUMBERS.
R  INDICATES RECORD WAS SET OR TIED.
MM INDICATES DATA IS MISSING.
T  INDICATES TRACE AMOUNT.




$$
