000
CDUS43 KTOP 302140
CLIEMP


CLIMATE REPORT
NATIONAL WEATHER SERVICE TOPEKA KS
438 PM CDT THU OCT 30 2014


...................................

...THE EMPORIA KS CLIMATE SUMMARY FOR OCTOBER 30 2014...
VALID TODAY AS OF 430 PM LOCAL TIME.

CLIMATE NORMAL PERIOD 1981 TO 2010
CLIMATE RECORD PERIOD 9999 TO 9999


WEATHER ITEM   OBSERVED NORMAL DEPARTURE LAST
                VALUE   VALUE  FROM      YEAR
                               NORMAL
...............................................
TEMPERATURE (F)
 TODAY
  MAXIMUM         70     64      6       70
  MINIMUM         45     40      5       51
  AVERAGE         58     52      6       61

PRECIPITATION (IN)
  TODAY            0.00   0.08  -0.08     1.02
  MONTH TO DATE    3.36   2.81   0.55     3.20
  SINCE SEP 1      7.16   6.20   0.96     6.15
  SINCE JAN 1     25.92  32.81  -6.89    30.24

DEGREE DAYS
 HEATING
  TODAY            7     13     -6        4
  MONTH TO DATE  184    263    -79      300
  SINCE SEP 1    230    312    -82      316
  SINCE JUL 1    232    313    -81      318

 COOLING
  TODAY            0      0      0        0
  MONTH TO DATE   31     29      2       30
  SINCE SEP 1    177    194    -17      246
  SINCE JAN 1   1380   1402    -22     1375
...............................................


WIND (MPH)
  HIGHEST WIND SPEED    26   HIGHEST WIND DIRECTION    NW (330)
  HIGHEST GUST SPEED    36   HIGHEST GUST DIRECTION    NW (330)
  AVERAGE WIND SPEED    14.4



WEATHER CONDITIONS
 THE FOLLOWING WEATHER WAS RECORDED TODAY.
  NO SIGNIFICANT WEATHER WAS OBSERVED.


RELATIVE HUMIDITY (PERCENT)
 HIGHEST    83
 LOWEST     28
 AVERAGE    56

..........................................................


THE EMPORIA KS CLIMATE NORMALS FOR TOMORROW
                         NORMAL
 MAXIMUM TEMPERATURE (F)   63
 MINIMUM TEMPERATURE (F)   40


SUNRISE AND SUNSET
OCTOBER 30 2014.......SUNRISE   749 AM CDT   SUNSET   627 PM CDT
OCTOBER 31 2014.......SUNRISE   750 AM CDT   SUNSET   626 PM CDT


-  INDICATES NEGATIVE NUMBERS.
R  INDICATES RECORD WAS SET OR TIED.
MM INDICATES DATA IS MISSING.
T  INDICATES TRACE AMOUNT.




$$
