000
CDUS43 KTOP 230646
CLIEMP


CLIMATE REPORT
NATIONAL WEATHER SERVICE TOPEKA KS
1245 AM CST FRI FEB 23 2018


...................................

...THE EMPORIA KS CLIMATE SUMMARY FOR FEBRUARY 22 2018...

CLIMATE NORMAL PERIOD 1981 TO 2010
CLIMATE RECORD PERIOD 9999 TO 9999


WEATHER ITEM   OBSERVED NORMAL DEPARTURE LAST
                VALUE   VALUE  FROM      YEAR
                               NORMAL
...............................................
TEMPERATURE (F)
 YESTERDAY
  MAXIMUM         32     48    -16       80
  MINIMUM         25     26     -1       41
  AVERAGE         29     37     -8       61

PRECIPITATION (IN)
  YESTERDAY        0.10   0.05   0.05     0.00
  MONTH TO DATE    0.59   0.97  -0.38     0.68
  SINCE DEC 1      1.50   2.95  -1.45     2.50
  SINCE JAN 1      1.26   1.60  -0.34     1.73

DEGREE DAYS
 HEATING
  YESTERDAY       36     28      8        4
  MONTH TO DATE  749    675     74      445
  SINCE DEC 1   2768   2723     45     2417
  SINCE JUL 1   3587   3663    -76     2967

 COOLING
  YESTERDAY        0      0      0        0
  MONTH TO DATE    0      0      0        0
  SINCE DEC 1      0      0      0        0
  SINCE JAN 1      0      0      0        0
...............................................


WIND (MPH)
  HIGHEST WIND SPEED    16   HIGHEST WIND DIRECTION     E (100)
  HIGHEST GUST SPEED    19   HIGHEST GUST DIRECTION     E (110)
  AVERAGE WIND SPEED     5.8


SKY COVER
  AVERAGE SKY COVER 1.0


WEATHER CONDITIONS
 THE FOLLOWING WEATHER WAS RECORDED YESTERDAY.
  FREEZING RAIN
  LT FREEZING RAIN
  FOG


RELATIVE HUMIDITY (PERCENT)
 HIGHEST   100
 LOWEST     92
 AVERAGE    96

..........................................................


THE EMPORIA KS CLIMATE NORMALS FOR TODAY
                         NORMAL
 MAXIMUM TEMPERATURE (F)   49
 MINIMUM TEMPERATURE (F)   27


SUNRISE AND SUNSET
FEBRUARY 23 2018......SUNRISE   705 AM CST   SUNSET   612 PM CST
FEBRUARY 24 2018......SUNRISE   704 AM CST   SUNSET   613 PM CST


-  INDICATES NEGATIVE NUMBERS.
R  INDICATES RECORD WAS SET OR TIED.
MM INDICATES DATA IS MISSING.
T  INDICATES TRACE AMOUNT.




$$
