000
CDUS46 KOTX 300822
CLIEPH


CLIMATE REPORT
NATIONAL WEATHER SERVICE SPOKANE, WA
1222 AM PST FRI JAN 30 2015


...................................

...THE EPHRATA WA AIRPORT CLIMATE SUMMARY FOR JANUARY 29 2015...

CLIMATE NORMAL PERIOD 1981 TO 2010
CLIMATE RECORD PERIOD 9999 TO 9999


WEATHER ITEM   OBSERVED TIME   RECORD YEAR NORMAL DEPARTURE LAST
                VALUE   (LST)  VALUE       VALUE  FROM      YEAR
                                                  NORMAL
..................................................................
TEMPERATURE (F)
 YESTERDAY
  MAXIMUM         40    424 PM  55    1984  38      2       33
  MINIMUM         36    816 AM -22    1950  24     12       23
  AVERAGE         38                        31      7       28

PRECIPITATION (IN)
  YESTERDAY        0.00          0.42 1958   0.02  -0.02     0.24
  MONTH TO DATE    0.71                      0.86  -0.15     0.31
  SINCE OCT 1      3.50                      3.69  -0.19     1.06
  SINCE JAN 1      0.71                      0.86  -0.15     0.31

SNOWFALL (IN)
  YESTERDAY       MM

DEGREE DAYS
 HEATING
  YESTERDAY       27                        34     -7       37
  MONTH TO DATE  935                      1054   -119      950
  SINCE DEC 1   1863                      2221   -358     2166
  SINCE JUL 1   3010                      3640   -630     3535

 COOLING
  YESTERDAY        0                         0      0        0
  MONTH TO DATE    0                         0      0        0
  SINCE DEC 1      0                         0      0        0
  SINCE JAN 1      0                         0      0        0
..................................................................


WIND (MPH)
  HIGHEST WIND SPEED    10   HIGHEST WIND DIRECTION     N (350)
  HIGHEST GUST SPEED    13   HIGHEST GUST DIRECTION     N (360)
  AVERAGE WIND SPEED     4.4


SKY COVER
  POSSIBLE SUNSHINE  MM
  AVERAGE SKY COVER 1.0


WEATHER CONDITIONS
 THE FOLLOWING WEATHER WAS RECORDED YESTERDAY.
  NO SIGNIFICANT WEATHER WAS OBSERVED.


RELATIVE HUMIDITY (PERCENT)
 HIGHEST    92           200 AM
 LOWEST     79          1100 AM
 AVERAGE    86

..........................................................


THE EPHRATA WA AIRPORT CLIMATE NORMALS FOR TODAY
                         NORMAL    RECORD    YEAR
 MAXIMUM TEMPERATURE (F)   38        59      1989
 MINIMUM TEMPERATURE (F)   24       -18      1950


SUNRISE AND SUNSET
JANUARY 30 2015.......SUNRISE   726 AM PST   SUNSET   457 PM PST
JANUARY 31 2015.......SUNRISE   725 AM PST   SUNSET   458 PM PST


-  INDICATES NEGATIVE NUMBERS.
R  INDICATES RECORD WAS SET OR TIED.
MM INDICATES DATA IS MISSING.
T  INDICATES TRACE AMOUNT.




$$
