000
CDUS46 KOTX 200829
CLIEPH


CLIMATE REPORT
NATIONAL WEATHER SERVICE SPOKANE, WA
124 AM PDT MON OCT 20 2014


...................................

...THE EPHRATA WA AIRPORT CLIMATE SUMMARY FOR OCTOBER 19 2014...

CLIMATE NORMAL PERIOD 1981 TO 2010
CLIMATE RECORD PERIOD 9999 TO 9999


WEATHER ITEM   OBSERVED TIME   RECORD YEAR NORMAL DEPARTURE LAST
                VALUE   (LST)  VALUE       VALUE  FROM      YEAR
                                                  NORMAL
..................................................................
TEMPERATURE (F)
 YESTERDAY
  MAXIMUM         70    258 PM  72    2003  61      9       64
                                      1974
  MINIMUM         50    229 AM  20    1984  37     13       33
  AVERAGE         60                        49     11       49

PRECIPITATION (IN)
  YESTERDAY        0.00        0.21   1979  0.02  -0.02     0.00
  MONTH TO DATE    0.17                     0.27  -0.10      T
  SINCE OCT 1      0.17                     0.27  -0.10      T
  SINCE JAN 1      4.35                     5.29  -0.94     4.97

SNOWFALL (IN)
  YESTERDAY       MM

DEGREE DAYS
 HEATING
  YESTERDAY        5                        16    -11       16
  MONTH TO DATE  107                       225   -118      266
  SINCE SEP 1    144                       335   -191      374
  SINCE JUL 1    145                       352   -207      374

 COOLING
  YESTERDAY        0                         0      0        0
  MONTH TO DATE    8                         0      8        0
  SINCE SEP 1    104                        75     29      160
  SINCE JAN 1   1137                       769    368     1084
..................................................................


WIND (MPH)
  HIGHEST WIND SPEED    14   HIGHEST WIND DIRECTION     N (350)
  HIGHEST GUST SPEED    17   HIGHEST GUST DIRECTION    NW (330)
  AVERAGE WIND SPEED     6.7


SKY COVER
  POSSIBLE SUNSHINE  MM
  AVERAGE SKY COVER 0.0


WEATHER CONDITIONS
 THE FOLLOWING WEATHER WAS RECORDED YESTERDAY.
  NO SIGNIFICANT WEATHER WAS OBSERVED.


RELATIVE HUMIDITY (PERCENT)
 HIGHEST    89           600 AM
 LOWEST     45           400 PM
 AVERAGE    67

..........................................................


THE EPHRATA WA AIRPORT CLIMATE NORMALS FOR TODAY
                         NORMAL    RECORD    YEAR
 MAXIMUM TEMPERATURE (F)   60        75      2003
 MINIMUM TEMPERATURE (F)   37        26      1961


SUNRISE AND SUNSET
OCTOBER 20 2014.......SUNRISE   724 AM PDT   SUNSET   601 PM PDT
OCTOBER 21 2014.......SUNRISE   725 AM PDT   SUNSET   559 PM PDT


-  INDICATES NEGATIVE NUMBERS.
R  INDICATES RECORD WAS SET OR TIED.
MM INDICATES DATA IS MISSING.
T  INDICATES TRACE AMOUNT.

$$
