000
CDUS46 KOTX 260825
CLIEPH


CLIMATE REPORT
NATIONAL WEATHER SERVICE SPOKANE, WA
125 AM PDT MON SEP 26 2016


...................................

...THE EPHRATA WA AIRPORT CLIMATE SUMMARY FOR SEPTEMBER 25 2016...

CLIMATE NORMAL PERIOD 1981 TO 2010
CLIMATE RECORD PERIOD 9999 TO 9999


WEATHER ITEM   OBSERVED TIME   RECORD YEAR NORMAL DEPARTURE LAST
                VALUE   (LST)  VALUE       VALUE  FROM      YEAR
                                                  NORMAL
..................................................................
TEMPERATURE (F)
 YESTERDAY
  MAXIMUM         78    410 PM  92    1952  74      4       79
  MINIMUM         49    605 AM  34    1970  47      2       49
  AVERAGE         64                        60      4       64

PRECIPITATION (IN)
  YESTERDAY        0.00          0.38 1998   0.02  -0.02     0.00
  MONTH TO DATE    0.07                      0.29  -0.22     0.16
  SINCE OCT 1      9.08                      7.78   1.30     7.15
  SINCE JAN 1      6.36                      4.95   1.41     4.36

SNOWFALL (IN)
  YESTERDAY       MM

DEGREE DAYS
 HEATING
  YESTERDAY        1                         6     -5        1
  MONTH TO DATE   85                        75     10       89
  SINCE SEP 1     85                        75     10       89
  SINCE JUL 1     87                        92     -5       89

 COOLING
  YESTERDAY        0                         1     -1        0
  MONTH TO DATE    7                        70    -63       40
  SINCE SEP 1      7                        70    -63       40
  SINCE JAN 1    739                       764    -25     1274
..................................................................


WIND (MPH)
  HIGHEST WIND SPEED    10   HIGHEST WIND DIRECTION     S (160)
  HIGHEST GUST SPEED    12   HIGHEST GUST DIRECTION    SW (230)
  AVERAGE WIND SPEED     5.0


SKY COVER
  POSSIBLE SUNSHINE  MM
  AVERAGE SKY COVER 0.2


WEATHER CONDITIONS
 THE FOLLOWING WEATHER WAS RECORDED YESTERDAY.
  NO SIGNIFICANT WEATHER WAS OBSERVED.


RELATIVE HUMIDITY (PERCENT)
 HIGHEST    71           400 AM
 LOWEST     31          1200 PM
 AVERAGE    51

..........................................................


THE EPHRATA WA AIRPORT CLIMATE NORMALS FOR TODAY
                         NORMAL    RECORD    YEAR
 MAXIMUM TEMPERATURE (F)   74        90      1963
 MINIMUM TEMPERATURE (F)   46        33      1972


SUNRISE AND SUNSET
SEPTEMBER 26 2016.....SUNRISE   651 AM PDT   SUNSET   646 PM PDT
SEPTEMBER 27 2016.....SUNRISE   652 AM PDT   SUNSET   644 PM PDT


-  INDICATES NEGATIVE NUMBERS.
R  INDICATES RECORD WAS SET OR TIED.
MM INDICATES DATA IS MISSING.
T  INDICATES TRACE AMOUNT.




$$
