000
CDUS46 KOTX 190823
CLIEPH


CLIMATE REPORT
NATIONAL WEATHER SERVICE SPOKANE, WA
1223 AM PST SUN FEB 19 2017


...................................

...THE EPHRATA WA AIRPORT CLIMATE SUMMARY FOR FEBRUARY 18 2017...

CLIMATE NORMAL PERIOD 1981 TO 2010
CLIMATE RECORD PERIOD 9999 TO 9999


WEATHER ITEM   OBSERVED TIME   RECORD YEAR NORMAL DEPARTURE LAST
                VALUE   (LST)  VALUE       VALUE  FROM      YEAR
                                                  NORMAL
..................................................................
TEMPERATURE (F)
 YESTERDAY
  MAXIMUM         38    422 PM  59    1977  43     -5       54
  MINIMUM         34   1159 PM   0    1956  26      8       38
  AVERAGE         36                        35      1       46

PRECIPITATION (IN)
  YESTERDAY        0.05          0.90 1989   0.02   0.03     0.05
  MONTH TO DATE    0.46                      0.46   0.00     0.23
  SINCE OCT 1      5.02                      4.20   0.82     4.59
  SINCE JAN 1      1.42                      1.37   0.05     1.87

SNOWFALL (IN)
  YESTERDAY       MM

DEGREE DAYS
 HEATING
  YESTERDAY       29                        30     -1       19
  MONTH TO DATE  696                       577    119      476
  SINCE DEC 1   3327                      2866    461     2546
  SINCE JUL 1   4450                      4285    165     3702

 COOLING
  YESTERDAY        0                         0      0        0
  MONTH TO DATE    0                         0      0        0
  SINCE DEC 1      0                         0      0        0
  SINCE JAN 1      0                         0      0        0
..................................................................


WIND (MPH)
  HIGHEST WIND SPEED    17   HIGHEST WIND DIRECTION     N (350)
  HIGHEST GUST SPEED    21   HIGHEST GUST DIRECTION     N (340)
  AVERAGE WIND SPEED     6.4


SKY COVER
  POSSIBLE SUNSHINE  MM
  AVERAGE SKY COVER 0.9


WEATHER CONDITIONS
 THE FOLLOWING WEATHER WAS RECORDED YESTERDAY.
  LIGHT RAIN
  FOG
  FOG W/VISIBILITY <= 1/4 MILE


RELATIVE HUMIDITY (PERCENT)
 HIGHEST    89           800 PM
 LOWEST     70           100 AM
 AVERAGE    80

..........................................................


THE EPHRATA WA AIRPORT CLIMATE NORMALS FOR TODAY
                         NORMAL    RECORD    YEAR
 MAXIMUM TEMPERATURE (F)   44        61      1991
 MINIMUM TEMPERATURE (F)   26         7      1986


SUNRISE AND SUNSET
FEBRUARY 19 2017......SUNRISE   656 AM PST   SUNSET   529 PM PST
FEBRUARY 20 2017......SUNRISE   654 AM PST   SUNSET   530 PM PST


-  INDICATES NEGATIVE NUMBERS.
R  INDICATES RECORD WAS SET OR TIED.
MM INDICATES DATA IS MISSING.
T  INDICATES TRACE AMOUNT.




$$
