000
CDUS41 KCLE 012220
CLIERI


CLIMATE REPORT
NATIONAL WEATHER SERVICE CLEVELAND OH
520 PM EST SUN FEB 1 2015


...................................

...THE ERIE PA CLIMATE SUMMARY FOR FEBRUARY 1 2015...
VALID TODAY AS OF 0500 PM LOCAL TIME.

CLIMATE NORMAL PERIOD 1981 TO 2010
CLIMATE RECORD PERIOD 1873 TO 2015


WEATHER ITEM   OBSERVED TIME   RECORD YEAR NORMAL DEPARTURE LAST
                VALUE   (LST)  VALUE       VALUE  FROM      YEAR
                                                  NORMAL
..................................................................
TEMPERATURE (F)
 TODAY
  MAXIMUM         30    253 AM  58    2002  34     -4       43
  MINIMUM         24    359 PM  -5    1971  20      4       30
  AVERAGE         27                        27      0       37

PRECIPITATION (IN)
  TODAY            0.20                      0.08   0.12     0.69
  MONTH TO DATE    0.20                      0.08   0.12     0.69
  SINCE DEC 1      6.39                      6.77  -0.38     9.21
  SINCE JAN 1      3.94                      3.03   0.91     3.25

SNOWFALL (IN)
  TODAY            2.4                       0.8    1.6      0.2
  MONTH TO DATE    2.4                       0.8    1.6      0.2
  SINCE DEC 1     45.3                      57.9  -12.6     76.3
  SINCE JUL 1     70.3                      66.6    3.7     91.9
  SNOW DEPTH       7

DEGREE DAYS
 HEATING
  TODAY           38                        38      0       28
  MONTH TO DATE   38                        38      0       28
  SINCE DEC 1   2254                      2220     34     2410
  SINCE JUL 1   3468                      3376     92     3609

 COOLING
  TODAY            0                         0      0        0
  MONTH TO DATE    0                         0      0        0
  SINCE DEC 1      0                         0      0        0
  SINCE JAN 1      0                         0      0        0
..................................................................


WIND (MPH)
  HIGHEST WIND SPEED    16   HIGHEST WIND DIRECTION    NE (50)
  HIGHEST GUST SPEED    19   HIGHEST GUST DIRECTION    NE (50)


SKY COVER
  POSSIBLE SUNSHINE  MM
  AVERAGE SKY COVER 1.0


WEATHER CONDITIONS
 THE FOLLOWING WEATHER WAS RECORDED TODAY.
  SNOW
  LIGHT SNOW
  FOG
  HAZE


RELATIVE HUMIDITY (PERCENT)
 HIGHEST    88           200 PM
 LOWEST     63          1200 AM
 AVERAGE    76

..........................................................


THE ERIE PA CLIMATE NORMALS FOR TOMORROW
                         NORMAL    RECORD    YEAR
 MAXIMUM TEMPERATURE (F)   34        61      1903
 MINIMUM TEMPERATURE (F)   20        -7      1971


SUNRISE AND SUNSET
FEBRUARY  1 2015......SUNRISE   734 AM EST   SUNSET   535 PM EST
FEBRUARY  2 2015......SUNRISE   733 AM EST   SUNSET   536 PM EST


-  INDICATES NEGATIVE NUMBERS.
R  INDICATES RECORD WAS SET OR TIED.
MM INDICATES DATA IS MISSING.
T  INDICATES TRACE AMOUNT.




$$
