000
CDUS41 KCLE 010534
CLIERI


CLIMATE REPORT
NATIONAL WEATHER SERVICE CLEVELAND OH
132 AM EDT SAT AUG 1 2015


...................................

...THE ERIE PA CLIMATE SUMMARY FOR JULY 31 2015...

CLIMATE NORMAL PERIOD 1981 TO 2010
CLIMATE RECORD PERIOD 1873 TO 2015


WEATHER ITEM   OBSERVED TIME   RECORD YEAR NORMAL DEPARTURE LAST
                VALUE   (LST)  VALUE       VALUE  FROM      YEAR
                                                  NORMAL
..................................................................
TEMPERATURE (F)
 YESTERDAY
  MAXIMUM         83    523 PM  98    1999  80      3       74
  MINIMUM         66    507 AM  51    1891  64      2       60
  AVERAGE         75                        72      3       67

PRECIPITATION (IN)
  YESTERDAY        T                         0.12  -0.12     0.01
  MONTH TO DATE    2.79                      3.54  -0.75     3.25
  SINCE JUN 1      8.07                      7.30   0.77     8.24
  SINCE JAN 1     22.26                     22.36  -0.10    24.39

SNOWFALL (IN)
  YESTERDAY        0.0                       0.0    0.0      0.0
  MONTH TO DATE    0.0                       0.0    0.0      0.0
  SINCE JUN 1      0.0                       0.0    0.0      0.0
  SINCE JUL 1      0.0                       0.0    0.0      0.0
  SNOW DEPTH       0

DEGREE DAYS
 HEATING
  YESTERDAY        0                         0      0        0
  MONTH TO DATE   12                         2     10        5
  SINCE JUN 1     49                        68    -19       35
  SINCE JUL 1     12                         7      5        5

 COOLING
  YESTERDAY       10                         7      3        2
  MONTH TO DATE  199                       213    -14      145
  SINCE JUN 1    299                       336    -37      310
  SINCE JAN 1    411                       375     36      349
..................................................................


WIND (MPH)
  HIGHEST WIND SPEED    20   HIGHEST WIND DIRECTION     W (250)
  HIGHEST GUST SPEED    27   HIGHEST GUST DIRECTION     W (280)
  AVERAGE WIND SPEED     9.2


SKY COVER
  POSSIBLE SUNSHINE  MM
  AVERAGE SKY COVER 0.1


WEATHER CONDITIONS
 THE FOLLOWING WEATHER WAS RECORDED YESTERDAY.
  LIGHT RAIN


RELATIVE HUMIDITY (PERCENT)
 HIGHEST    81           500 AM
 LOWEST     40           500 PM
 AVERAGE    61

..........................................................


THE ERIE PA CLIMATE NORMALS FOR TODAY
                         NORMAL    RECORD    YEAR
 MAXIMUM TEMPERATURE (F)   80        95      1917
 MINIMUM TEMPERATURE (F)   64        50      1960


SUNRISE AND SUNSET
AUGUST  1 2015........SUNRISE   614 AM EDT   SUNSET   840 PM EDT
AUGUST  2 2015........SUNRISE   615 AM EDT   SUNSET   839 PM EDT


-  INDICATES NEGATIVE NUMBERS.
R  INDICATES RECORD WAS SET OR TIED.
MM INDICATES DATA IS MISSING.
T  INDICATES TRACE AMOUNT.




$$
