000
CDUS46 KPQR 260221
CLIEUG


CLIMATE REPORT
NATIONAL WEATHER SERVICE PORTLAND OREGON
721 PM PDT SUN JUN 25 2017


...................................

...THE EUGENE OR CLIMATE SUMMARY FOR JUNE 25 2017...
VALID TODAY AS OF 0700 PM LOCAL TIME.

CLIMATE NORMAL PERIOD 1981 TO 2010
CLIMATE RECORD PERIOD 1892 TO 2017


WEATHER ITEM   OBSERVED TIME   RECORD YEAR NORMAL DEPARTURE LAST
                VALUE   (LST)  VALUE       VALUE  FROM      YEAR
                                                  NORMAL
..................................................................
TEMPERATURE (F)
 TODAY
  MAXIMUM         91   1223 PM 100    1925  76     15       81
  MINIMUM         55    406 AM  33    2001  49      6       46
  AVERAGE         73                        62     11       64

PRECIPITATION (IN)
  TODAY            0.00          1.12 1942   0.03  -0.03     0.00
  MONTH TO DATE    1.38                      1.37   0.01     0.78
  SINCE OCT 1     45.04                     43.53   1.51    39.55
  SINCE JAN 1     25.45                     24.73   0.72    20.71

SNOWFALL (IN)
  TODAY            0.0
  MONTH TO DATE    0.0
  SINCE JUN 1      0.0
  SINCE JUL 1      5.1

DEGREE DAYS
 HEATING
  TODAY            0                         4     -4        1
  MONTH TO DATE  116                       142    -26      100
  SINCE JUN 1    116                       142    -26      100
  SINCE JUL 1   4549                      4791   -242     3885

 COOLING
  TODAY            8                         1      7        0
  MONTH TO DATE   30                        10     20       49
  SINCE JUN 1     30                        10     20       49
  SINCE JAN 1     43                        15     28       52
..................................................................


WIND (MPH)
  HIGHEST WIND SPEED    23   HIGHEST WIND DIRECTION     W (250)
  HIGHEST GUST SPEED    28   HIGHEST GUST DIRECTION    SW (240)
  AVERAGE WIND SPEED     7.7


SKY COVER
  POSSIBLE SUNSHINE  MM
  AVERAGE SKY COVER 0.3


WEATHER CONDITIONS
 THE FOLLOWING WEATHER WAS RECORDED TODAY.
  NO SIGNIFICANT WEATHER WAS OBSERVED.


RELATIVE HUMIDITY (PERCENT)
 HIGHEST    93           300 AM
 LOWEST     24          1200 PM
 AVERAGE    59

..........................................................


THE EUGENE OR CLIMATE NORMALS FOR TOMORROW
                         NORMAL    RECORD    YEAR
 MAXIMUM TEMPERATURE (F)   76        98      2015
 MINIMUM TEMPERATURE (F)   49        37      1976


SUNRISE AND SUNSET
JUNE 25 2017..........SUNRISE   531 AM PDT   SUNSET   900 PM PDT
JUNE 26 2017..........SUNRISE   531 AM PDT   SUNSET   900 PM PDT


-  INDICATES NEGATIVE NUMBERS.
R  INDICATES RECORD WAS SET OR TIED.
MM INDICATES DATA IS MISSING.
T  INDICATES TRACE AMOUNT.




$$
