000
CDUS46 KPQR 221142
CLIEUG


CLIMATE REPORT
NATIONAL WEATHER SERVICE PORTLAND OREGON
342 AM PST MON JAN 22 2018


...................................

...THE EUGENE OR CLIMATE SUMMARY FOR JANUARY 21 2018...

CLIMATE NORMAL PERIOD 1981 TO 2010
CLIMATE RECORD PERIOD 1892 TO 2018


WEATHER ITEM   OBSERVED TIME   RECORD YEAR NORMAL DEPARTURE LAST
                VALUE   (LST)  VALUE       VALUE  FROM      YEAR
                                                  NORMAL
..................................................................
TEMPERATURE (F)
 YESTERDAY
  MAXIMUM         49    614 AM  63    1925  48      1       47
  MINIMUM         39    907 PM   6    1930  35      4       37
  AVERAGE         44                        41      3       42

PRECIPITATION (IN)
  YESTERDAY        0.32          1.74 1993   0.21   0.11     0.14
  MONTH TO DATE    3.32                      4.87  -1.55     3.83
  SINCE OCT 1     17.33                     23.67  -6.34    23.42
  SINCE JAN 1      3.32                      4.87  -1.55     3.83

SNOWFALL (IN)
  YESTERDAY       MM
  MONTH TO DATE    0.0
  SINCE DEC 1      T
  SINCE JUL 1      T

DEGREE DAYS
 HEATING
  YESTERDAY       21                        24     -3       23
  MONTH TO DATE  463                       517    -54      646
  SINCE DEC 1   1330                      1301     29     1517
  SINCE JUL 1   2459                      2474    -15     2350

 COOLING
  YESTERDAY        0                         0      0        0
  MONTH TO DATE    0                         0      0        0
  SINCE DEC 1      0                         0      0        0
  SINCE JAN 1      0                         0      0        0
..................................................................


WIND (MPH)
  HIGHEST WIND SPEED    29   HIGHEST WIND DIRECTION     S (180)
  HIGHEST GUST SPEED    40   HIGHEST GUST DIRECTION     S (180)
  AVERAGE WIND SPEED    11.0


SKY COVER
  POSSIBLE SUNSHINE  MM
  AVERAGE SKY COVER 0.9


WEATHER CONDITIONS
 THE FOLLOWING WEATHER WAS RECORDED YESTERDAY.
  RAIN
  LIGHT RAIN
  FOG


RELATIVE HUMIDITY (PERCENT)
 HIGHEST   100          1200 PM
 LOWEST     56           600 AM
 AVERAGE    78

..........................................................


THE EUGENE OR CLIMATE NORMALS FOR TODAY
                         NORMAL    RECORD    YEAR
 MAXIMUM TEMPERATURE (F)   48        69      1931
 MINIMUM TEMPERATURE (F)   35         6      1962


SUNRISE AND SUNSET
JANUARY 22 2018.......SUNRISE   740 AM PST   SUNSET   510 PM PST
JANUARY 23 2018.......SUNRISE   739 AM PST   SUNSET   511 PM PST


-  INDICATES NEGATIVE NUMBERS.
R  INDICATES RECORD WAS SET OR TIED.
MM INDICATES DATA IS MISSING.
T  INDICATES TRACE AMOUNT.




$$
