000
CDUS46 KPQR 181142
CLIEUG


CLIMATE REPORT
NATIONAL WEATHER SERVICE PORTLAND OREGON
441 AM PDT FRI AUG 18 2017


...................................

...THE EUGENE OR CLIMATE SUMMARY FOR AUGUST 17 2017...

CLIMATE NORMAL PERIOD 1981 TO 2010
CLIMATE RECORD PERIOD 1892 TO 2017


WEATHER ITEM   OBSERVED TIME   RECORD YEAR NORMAL DEPARTURE LAST
                VALUE   (LST)  VALUE       VALUE  FROM      YEAR
                                                  NORMAL
..................................................................
TEMPERATURE (F)
 YESTERDAY
  MAXIMUM         86    403 PM  97    1940  83      3       87
  MINIMUM         49    510 AM  40    1935  51     -2       49
  AVERAGE         68                        67      1       68

PRECIPITATION (IN)
  YESTERDAY        0.00          1.07 1990   0.02  -0.02     0.00
  MONTH TO DATE    0.14                      0.24  -0.10      T
  SINCE OCT 1     45.20                     44.44   0.76    39.80
  SINCE JAN 1     25.61                     25.64  -0.03    20.96

SNOWFALL (IN)
  YESTERDAY        0.0
  MONTH TO DATE    0.0
  SINCE JUN 1      0.0
  SINCE JUL 1      0.0

DEGREE DAYS
 HEATING
  YESTERDAY        0                         1     -1        0
  MONTH TO DATE   10                        17     -7       11
  SINCE JUN 1    140                       210    -70      121
  SINCE JUL 1     15                        53    -38       21

 COOLING
  YESTERDAY        3                         3      0        3
  MONTH TO DATE  120                        60     60       74
  SINCE JUN 1    236                       172     64      224
  SINCE JAN 1    249                       177     72      227
..................................................................


WIND (MPH)
  HIGHEST WIND SPEED    16   HIGHEST WIND DIRECTION     N (20)
  HIGHEST GUST SPEED    21   HIGHEST GUST DIRECTION     N (350)
  AVERAGE WIND SPEED     8.0


SKY COVER
  POSSIBLE SUNSHINE  MM
  AVERAGE SKY COVER 0.3


WEATHER CONDITIONS
 THE FOLLOWING WEATHER WAS RECORDED YESTERDAY.
  FOG
  HAZE


RELATIVE HUMIDITY (PERCENT)
 HIGHEST   100           500 AM
 LOWEST     16           400 PM
 AVERAGE    58

..........................................................


THE EUGENE OR CLIMATE NORMALS FOR TODAY
                         NORMAL    RECORD    YEAR
 MAXIMUM TEMPERATURE (F)   83        98      1950
 MINIMUM TEMPERATURE (F)   51        38      1914


SUNRISE AND SUNSET
AUGUST 18 2017........SUNRISE   620 AM PDT   SUNSET   812 PM PDT
AUGUST 19 2017........SUNRISE   621 AM PDT   SUNSET   810 PM PDT


-  INDICATES NEGATIVE NUMBERS.
R  INDICATES RECORD WAS SET OR TIED.
MM INDICATES DATA IS MISSING.
T  INDICATES TRACE AMOUNT.




$$
