000
CDUS46 KPQR 140221
CLIEUG


CLIMATE REPORT
NATIONAL WEATHER SERVICE PORTLAND OREGON
720 PM PDT SUN JUL 13 2014


...................................

...THE EUGENE OR CLIMATE SUMMARY FOR JULY 13 2014...
VALID TODAY AS OF 0700 PM LOCAL TIME.

CLIMATE NORMAL PERIOD 1981 TO 2010
CLIMATE RECORD PERIOD 1892 TO 2014


WEATHER ITEM   OBSERVED TIME   RECORD YEAR NORMAL DEPARTURE LAST
                VALUE   (LST)  VALUE       VALUE  FROM      YEAR
                                                  NORMAL
..................................................................
TEMPERATURE (F)
 TODAY
  MAXIMUM         75    332 PM  99    1996  82     -7       84
                                      1935
  MINIMUM         58    436 AM  43    1977  51      7       48
                                      1970
  AVERAGE         67                        67      0       66

PRECIPITATION (IN)
  TODAY            0.11          0.40 1982   0.01   0.10     0.00
  MONTH TO DATE    0.11                      0.29  -0.18     0.00
  SINCE OCT 1     26.74                     43.95 -17.21    29.01
  SINCE JAN 1     22.55                     25.15  -2.60     9.67

SNOWFALL (IN)
  TODAY            0.0
  MONTH TO DATE    0.0
  SINCE JUN 1      0.0
  SINCE JUL 1      0.0

DEGREE DAYS
 HEATING
  TODAY            0                         1     -1        0
  MONTH TO DATE    0                        22    -22        4
  SINCE JUN 1    107                       179    -72       96
  SINCE JUL 1      0                        22    -22        4

 COOLING
  TODAY            2                         3     -1        1
  MONTH TO DATE   80                        30     50       56
  SINCE JUN 1     86                        49     37      104
  SINCE JAN 1     89                        54     35      109
..................................................................


WIND (MPH)
  HIGHEST WIND SPEED    18   HIGHEST WIND DIRECTION     W (250)
  HIGHEST GUST SPEED    21   HIGHEST GUST DIRECTION    SW (240)
  AVERAGE WIND SPEED     9.3


SKY COVER
  POSSIBLE SUNSHINE  MM
  AVERAGE SKY COVER 0.6


WEATHER CONDITIONS
 THE FOLLOWING WEATHER WAS RECORDED TODAY.
  THUNDERSTORM
  RAIN
  FOG


RELATIVE HUMIDITY (PERCENT)
 HIGHEST    90           900 AM
 LOWEST     64           200 PM
 AVERAGE    77

..........................................................


THE EUGENE OR CLIMATE NORMALS FOR TOMORROW
                         NORMAL    RECORD    YEAR
 MAXIMUM TEMPERATURE (F)   82       102      1941
 MINIMUM TEMPERATURE (F)   52        43      1999


SUNRISE AND SUNSET
JULY 13 2014..........SUNRISE   542 AM PDT   SUNSET   855 PM PDT
JULY 14 2014..........SUNRISE   543 AM PDT   SUNSET   854 PM PDT


-  INDICATES NEGATIVE NUMBERS.
R  INDICATES RECORD WAS SET OR TIED.
MM INDICATES DATA IS MISSING.
T  INDICATES TRACE AMOUNT.




$$
