000
CDUS46 KPQR 252321
CLIEUG


CLIMATE REPORT
NATIONAL WEATHER SERVICE PORTLAND OREGON
421 PM PDT MON MAY 25 2015


...................................

...THE EUGENE OR CLIMATE SUMMARY FOR MAY 25 2015...
VALID TODAY AS OF 0400 PM LOCAL TIME.

CLIMATE NORMAL PERIOD 1981 TO 2010
CLIMATE RECORD PERIOD 1892 TO 2015


WEATHER ITEM   OBSERVED TIME   RECORD YEAR NORMAL DEPARTURE LAST
                VALUE   (LST)  VALUE       VALUE  FROM      YEAR
                                                  NORMAL
..................................................................
TEMPERATURE (F)
 TODAY
  MAXIMUM         70    255 PM  89    1947  69      1       76
                                      1938
  MINIMUM         50    424 AM  34    1975  45      5       47
                                      1973
                                      1930
  AVERAGE         60                        57      3       62

PRECIPITATION (IN)
  TODAY            0.00          0.86 1960   0.09  -0.09     0.00
  MONTH TO DATE    0.79                      2.21  -1.42     1.54
  SINCE OCT 1     29.03                     41.63 -12.60    25.24
  SINCE JAN 1     11.98                     22.83 -10.85    21.05

SNOWFALL (IN)
  TODAY            0.0
  MONTH TO DATE    0.0
  SINCE MAR 1      0.0
  SINCE JUL 1      0.0

DEGREE DAYS
 HEATING
  TODAY            5                         8     -3        3
  MONTH TO DATE  198                       258    -60      165
  SINCE MAR 1   1081                      1273   -192     1026
  SINCE JUL 1   3643                      4600   -957     4593

 COOLING
  TODAY            0                         0      0        0
  MONTH TO DATE    0                         0      0        3
  SINCE MAR 1      0                         0      0        3
  SINCE JAN 1      0                         0      0        3
..................................................................


WIND (MPH)
  HIGHEST WIND SPEED    12   HIGHEST WIND DIRECTION    NE (30)
  HIGHEST GUST SPEED    15   HIGHEST GUST DIRECTION     N (10)
  AVERAGE WIND SPEED     3.1


SKY COVER
  POSSIBLE SUNSHINE  MM
  AVERAGE SKY COVER 0.9


WEATHER CONDITIONS
 THE FOLLOWING WEATHER WAS RECORDED TODAY.
  FOG


RELATIVE HUMIDITY (PERCENT)
 HIGHEST    89          1200 AM
 LOWEST     53           300 PM
 AVERAGE    71

..........................................................


THE EUGENE OR CLIMATE NORMALS FOR TOMORROW
                         NORMAL    RECORD    YEAR
 MAXIMUM TEMPERATURE (F)   69        87      1950
 MINIMUM TEMPERATURE (F)   45        33      1973


SUNRISE AND SUNSET
MAY 25 2015...........SUNRISE   537 AM PDT   SUNSET   843 PM PDT
MAY 26 2015...........SUNRISE   537 AM PDT   SUNSET   844 PM PDT


-  INDICATES NEGATIVE NUMBERS.
R  INDICATES RECORD WAS SET OR TIED.
MM INDICATES DATA IS MISSING.
T  INDICATES TRACE AMOUNT.




$$
