000
CDUS46 KPQR 281141
CLIEUG


CLIMATE REPORT
NATIONAL WEATHER SERVICE PORTLAND OREGON
441 AM PDT FRI APR 28 2017


...................................

...THE EUGENE OR CLIMATE SUMMARY FOR APRIL 27 2017...

CLIMATE NORMAL PERIOD 1981 TO 2010
CLIMATE RECORD PERIOD 1892 TO 2017


WEATHER ITEM   OBSERVED TIME   RECORD YEAR NORMAL DEPARTURE LAST
                VALUE   (LST)  VALUE       VALUE  FROM      YEAR
                                                  NORMAL
..................................................................
TEMPERATURE (F)
 YESTERDAY
  MAXIMUM         56    440 PM  88    1926  63     -7       61
  MINIMUM         39   1135 PM  30    1948  41     -2       47
  AVERAGE         48                        52     -4       54

PRECIPITATION (IN)
  YESTERDAY        0.11          1.32 1962   0.09   0.02     0.01
  MONTH TO DATE    3.63                      3.08   0.55     2.97
  SINCE OCT 1     42.42                     39.17   3.25    37.41
  SINCE JAN 1     22.83                     20.37   2.46    18.57

SNOWFALL (IN)
  YESTERDAY        0.0
  MONTH TO DATE    0.0
  SINCE MAR 1      T
  SINCE JUL 1      5.1

DEGREE DAYS
 HEATING
  YESTERDAY       17                        13      4       11
  MONTH TO DATE  401                       407     -6      258
  SINCE MAR 1    925                       976    -51      748
  SINCE JUL 1   4126                      4303   -177     3553

 COOLING
  YESTERDAY        0                         0      0        0
  MONTH TO DATE    0                         0      0        0
  SINCE MAR 1      0                         0      0        0
  SINCE JAN 1      0                         0      0        0
..................................................................


WIND (MPH)
  HIGHEST WIND SPEED    21   HIGHEST WIND DIRECTION     W (290)
  HIGHEST GUST SPEED    26   HIGHEST GUST DIRECTION     W (280)
  AVERAGE WIND SPEED     8.0


SKY COVER
  POSSIBLE SUNSHINE  MM
  AVERAGE SKY COVER 0.7


WEATHER CONDITIONS
 THE FOLLOWING WEATHER WAS RECORDED YESTERDAY.
  LIGHT RAIN
  FOG


RELATIVE HUMIDITY (PERCENT)
 HIGHEST    96           300 AM
 LOWEST     59           400 PM
 AVERAGE    78

..........................................................


THE EUGENE OR CLIMATE NORMALS FOR TODAY
                         NORMAL    RECORD    YEAR
 MAXIMUM TEMPERATURE (F)   63        89      1926
 MINIMUM TEMPERATURE (F)   41        30      1967


SUNRISE AND SUNSET
APRIL 28 2017.........SUNRISE   608 AM PDT   SUNSET   813 PM PDT
APRIL 29 2017.........SUNRISE   607 AM PDT   SUNSET   814 PM PDT


-  INDICATES NEGATIVE NUMBERS.
R  INDICATES RECORD WAS SET OR TIED.
MM INDICATES DATA IS MISSING.
T  INDICATES TRACE AMOUNT.




$$
