000
CDUS46 KPQR 291147
CLIEUG


CLIMATE REPORT
NATIONAL WEATHER SERVICE PORTLAND OREGON
445 AM PDT SAT AUG 29 2015


...................................

...THE EUGENE OR CLIMATE SUMMARY FOR AUGUST 28 2015...

CLIMATE NORMAL PERIOD 1981 TO 2010
CLIMATE RECORD PERIOD 1892 TO 2015


WEATHER ITEM   OBSERVED TIME   RECORD YEAR NORMAL DEPARTURE LAST
                VALUE   (LST)  VALUE       VALUE  FROM      YEAR
                                                  NORMAL
..................................................................
TEMPERATURE (F)
 YESTERDAY
  MAXIMUM         83    334 PM  97    1931  81      2       90
                                      1915
  MINIMUM         63    616 AM  41    1985  50     13       55
                                      1960
  AVERAGE         73                        66      7       73

PRECIPITATION (IN)
  YESTERDAY        T             1.21 1983   0.03  -0.03     0.00
  MONTH TO DATE    T                         0.52  -0.52     0.19
  SINCE OCT 1     29.46                     44.72 -15.26    27.19
  SINCE JAN 1     12.41                     25.92 -13.51    23.00

SNOWFALL (IN)
  YESTERDAY        0.0
  MONTH TO DATE    0.0
  SINCE JUN 1      0.0
  SINCE JUL 1      0.0

DEGREE DAYS
 HEATING
  YESTERDAY        0                         1     -1        0
  MONTH TO DATE    0                        28    -28        0
  SINCE JUN 1     46                       221   -175      113
  SINCE JUL 1      5                        64    -59        6

 COOLING
  YESTERDAY        8                         2      6        8
  MONTH TO DATE  156                        86     70      204
  SINCE JUN 1    482                       198    284      403
  SINCE JAN 1    487                       203    284      406
..................................................................


WIND (MPH)
  HIGHEST WIND SPEED    12   HIGHEST WIND DIRECTION     N (360)
  HIGHEST GUST SPEED    15   HIGHEST GUST DIRECTION     N (350)
  AVERAGE WIND SPEED     3.7


SKY COVER
  POSSIBLE SUNSHINE  MM
  AVERAGE SKY COVER 0.8


WEATHER CONDITIONS
 THE FOLLOWING WEATHER WAS RECORDED YESTERDAY.
  NO SIGNIFICANT WEATHER WAS OBSERVED.


RELATIVE HUMIDITY (PERCENT)
 HIGHEST    66          1100 PM
 LOWEST     34           300 PM
 AVERAGE    50

..........................................................


THE EUGENE OR CLIMATE NORMALS FOR TODAY
                         NORMAL    RECORD    YEAR
 MAXIMUM TEMPERATURE (F)   81       100      1944
 MINIMUM TEMPERATURE (F)   50        38      1969


SUNRISE AND SUNSET
AUGUST 29 2015........SUNRISE   632 AM PDT   SUNSET   754 PM PDT
AUGUST 30 2015........SUNRISE   633 AM PDT   SUNSET   753 PM PDT


-  INDICATES NEGATIVE NUMBERS.
R  INDICATES RECORD WAS SET OR TIED.
MM INDICATES DATA IS MISSING.
T  INDICATES TRACE AMOUNT.




$$
