354
CDUS43 KPAH 290626
CLIEVV


CLIMATE REPORT
NATIONAL WEATHER SERVICE PADUCAH KY
125 AM CDT MON MAY 29 2017


...................................

...THE EVANSVILLE IN CLIMATE SUMMARY FOR MAY 28 2017...

CLIMATE NORMAL PERIOD 1981 TO 2010
CLIMATE RECORD PERIOD 1896 TO 2017


WEATHER ITEM   OBSERVED TIME   RECORD YEAR NORMAL DEPARTURE LAST
                VALUE   (LST)  VALUE       VALUE  FROM      YEAR
                                                  NORMAL
..................................................................
TEMPERATURE (F)
 YESTERDAY
  MAXIMUM         78    457 PM  98    1911  81     -3       83
  MINIMUM         62   1148 PM  43    1961  58      4       70
  AVERAGE         70                        69      1       77

PRECIPITATION (IN)
  YESTERDAY        0.00          1.33 1964   0.17  -0.17      T
  MONTH TO DATE    3.89                      4.84  -0.95     3.99
  SINCE MAR 1     17.63                     13.45   4.18    15.35
  SINCE JAN 1     20.90                     19.72   1.18    21.69

SNOWFALL (IN)
  YESTERDAY        0.0           0.0  2002   0.0    0.0      0.0
                                      2001
  MONTH TO DATE    0.0                       0.0    0.0      0.0
  SINCE MAR 1      1.0                       1.1   -0.1       T
  SINCE JUL 1      1.4                      11.8  -10.4     14.2
  SNOW DEPTH       0

DEGREE DAYS
 HEATING
  YESTERDAY        0                         1     -1        0
  MONTH TO DATE   73                        83    -10      114
  SINCE MAR 1    693                       964   -271      760
  SINCE JUL 1   3392                      4538  -1146     3578

 COOLING
  YESTERDAY        5                         6     -1       12
  MONTH TO DATE  136                        90     46       54
  SINCE MAR 1    197                       117     80       76
  SINCE JAN 1    197                       117     80       76
..................................................................


WIND (MPH)
  HIGHEST WIND SPEED    21   HIGHEST WIND DIRECTION     W (250)
  HIGHEST GUST SPEED    26   HIGHEST GUST DIRECTION     W (260)
  AVERAGE WIND SPEED     9.9


SKY COVER
  AVERAGE SKY COVER 0.4


WEATHER CONDITIONS
 THE FOLLOWING WEATHER WAS RECORDED YESTERDAY.
  THUNDERSTORM


RELATIVE HUMIDITY (PERCENT)
 HIGHEST    87
 LOWEST     58
 AVERAGE    73

..........................................................


THE EVANSVILLE IN CLIMATE NORMALS FOR TODAY
                         NORMAL    RECORD    YEAR
 MAXIMUM TEMPERATURE (F)   81        94      1926
 MINIMUM TEMPERATURE (F)   59        39      1965


SUNRISE AND SUNSET
MAY 29 2017...........SUNRISE   530 AM CDT   SUNSET   805 PM CDT
MAY 30 2017...........SUNRISE   530 AM CDT   SUNSET   806 PM CDT


-  INDICATES NEGATIVE NUMBERS.
R  INDICATES RECORD WAS SET OR TIED.
MM INDICATES DATA IS MISSING.
T  INDICATES TRACE AMOUNT.




$$
