000
CDUS43 KPAH 170629
CLIEVV


CLIMATE REPORT
NATIONAL WEATHER SERVICE PADUCAH KY
1228 AM CST TUE JAN 17 2017


...................................

...THE EVANSVILLE IN CLIMATE SUMMARY FOR JANUARY 16 2017...

CLIMATE NORMAL PERIOD 1981 TO 2010
CLIMATE RECORD PERIOD 1896 TO 2017


WEATHER ITEM   OBSERVED TIME   RECORD YEAR NORMAL DEPARTURE LAST
                VALUE   (LST)  VALUE       VALUE  FROM      YEAR
                                                  NORMAL
..................................................................
TEMPERATURE (F)
 YESTERDAY
  MAXIMUM         59   1159 PM  71    1928  41     18       35
  MINIMUM         41    706 AM -17    1982  24     17       31
  AVERAGE         50                        32     18       33

PRECIPITATION (IN)
  YESTERDAY        0.32          0.89 1949   0.09   0.23     0.00
  MONTH TO DATE    1.78                      1.56   0.22     1.50
  SINCE DEC 1      5.70                      5.32   0.38     6.70
  SINCE JAN 1      1.78                      1.56   0.22     1.50

SNOWFALL (IN)
  YESTERDAY        0.0           7.8  1978   0.1   -0.1      0.0
  MONTH TO DATE    0.4                       1.7   -1.3      2.5
  SINCE DEC 1      0.4                       4.9   -4.5      2.5
  SINCE JUL 1      0.4                       5.2   -4.8      2.5
  SNOW DEPTH       0

DEGREE DAYS
 HEATING
  YESTERDAY       15                        33    -18       32
  MONTH TO DATE  459                       523    -64      481
  SINCE DEC 1   1359                      1434    -75     1010
  SINCE JUL 1   1889                      2295   -406     1619

 COOLING
  YESTERDAY        0                         0      0        0
  MONTH TO DATE    0                         0      0        0
  SINCE DEC 1      0                         0      0        3
  SINCE JAN 1      0                         0      0        0
..................................................................


WIND (MPH)
  HIGHEST WIND SPEED    13   HIGHEST WIND DIRECTION     S (170)
  HIGHEST GUST SPEED    17   HIGHEST GUST DIRECTION     S (170)
  AVERAGE WIND SPEED     5.3


SKY COVER
  AVERAGE SKY COVER 1.0


WEATHER CONDITIONS
 THE FOLLOWING WEATHER WAS RECORDED YESTERDAY.
  HEAVY RAIN
  RAIN
  LIGHT RAIN
  FOG


RELATIVE HUMIDITY (PERCENT)
 HIGHEST    93
 LOWEST     83
 AVERAGE    88

..........................................................


THE EVANSVILLE IN CLIMATE NORMALS FOR TODAY
                         NORMAL    RECORD    YEAR
 MAXIMUM TEMPERATURE (F)   41        69      1952
 MINIMUM TEMPERATURE (F)   24       -21      1977


SUNRISE AND SUNSET
JANUARY 17 2017.......SUNRISE   704 AM CST   SUNSET   457 PM CST
JANUARY 18 2017.......SUNRISE   704 AM CST   SUNSET   458 PM CST


-  INDICATES NEGATIVE NUMBERS.
R  INDICATES RECORD WAS SET OR TIED.
MM INDICATES DATA IS MISSING.
T  INDICATES TRACE AMOUNT.




$$
