000
CDUS45 KSLC 291233
CLIEVW


CLIMATE REPORT
NATIONAL WEATHER SERVICE SALT LAKE CITY UT
633 AM MDT SUN MAY 29 2016


...................................

...THE EVANSTON WY CLIMATE SUMMARY FOR MAY 28 2016...

CLIMATE NORMAL PERIOD 1981 TO 2010
CLIMATE RECORD PERIOD 9999 TO 9999


WEATHER ITEM   OBSERVED TIME   RECORD YEAR NORMAL DEPARTURE LAST
                VALUE   (LST)  VALUE       VALUE  FROM      YEAR
                                                  NORMAL
..................................................................
TEMPERATURE (F)
 YESTERDAY
  MAXIMUM         63    431 PM  MM      MM  65     -2       59
  MINIMUM         39    535 AM  MM      MM  40     -1       38
  AVERAGE         51                        52     -1       49

PRECIPITATION (IN)
  YESTERDAY        0.00         MM      MM   0.05  -0.05     0.17
  MONTH TO DATE    2.04                      1.60   0.44     4.49
  SINCE OCT 1      4.36                      7.55  -3.19     7.39
  SINCE JAN 1      3.37                      4.76  -1.39     6.51

DEGREE DAYS
 HEATING
  YESTERDAY       14                        13      1       16
  MONTH TO DATE  483                       468     15      492
  SINCE MAR 1   2058                      2297   -239     1945
  SINCE JUL 1   7585                      8305   -720     6917

 COOLING
  YESTERDAY        0                         0      0        0
  MONTH TO DATE    0                         0      0        0
  SINCE MAR 1      0                         0      0        0
  SINCE JAN 1      0                         0      0        0
..................................................................


WIND (MPH)
  RESULTANT WIND SPEED  10   RESULTANT WIND DIRECTION   W (250)
  HIGHEST WIND SPEED    26   HIGHEST WIND DIRECTION     W (260)
  HIGHEST GUST SPEED    34   HIGHEST GUST DIRECTION     W (260)
  AVERAGE WIND SPEED    11.3


SKY COVER
  POSSIBLE SUNSHINE  MM
  AVERAGE SKY COVER 0.4


WEATHER CONDITIONS
 THE FOLLOWING WEATHER WAS RECORDED YESTERDAY.
  NO SIGNIFICANT WEATHER WAS OBSERVED.


RELATIVE HUMIDITY (PERCENT)
 HIGHEST    79           500 AM
 LOWEST     25           500 PM
 AVERAGE    52

..........................................................


THE EVANSTON WY CLIMATE NORMALS FOR TODAY
                         NORMAL    RECORD    YEAR
 MAXIMUM TEMPERATURE (F)   65        MM        MM
 MINIMUM TEMPERATURE (F)   40        MM        MM


SUNRISE AND SUNSET
MAY 29 2016...........SUNRISE   555 AM MDT   SUNSET   849 PM MDT
MAY 30 2016...........SUNRISE   554 AM MDT   SUNSET   850 PM MDT


-  INDICATES NEGATIVE NUMBERS.
R  INDICATES RECORD WAS SET OR TIED.
MM INDICATES DATA IS MISSING.
T  INDICATES TRACE AMOUNT.




$$
