000
CDUS45 KSLC 011217
CLIEVW


CLIMATE REPORT
NATIONAL WEATHER SERVICE SALT LAKE CITY UT
516 AM MST SUN MAR 1 2015


...................................

...THE EVANSTON WY CLIMATE SUMMARY FOR FEBRUARY 28 2015...

CLIMATE NORMAL PERIOD 1981 TO 2010
CLIMATE RECORD PERIOD 9999 TO 9999


WEATHER ITEM   OBSERVED TIME   RECORD YEAR NORMAL DEPARTURE LAST
                VALUE   (LST)  VALUE       VALUE  FROM      YEAR
                                                  NORMAL
..................................................................
TEMPERATURE (F)
 YESTERDAY
  MAXIMUM         29    456 PM  MM      MM  34     -5       42
  MINIMUM         15    824 AM  MM      MM  17     -2       26
  AVERAGE         22                        26     -4       34

PRECIPITATION (IN)
  YESTERDAY        0.02         MM      MM   0.02   0.00      T
  MONTH TO DATE    0.37                      0.61  -0.24      T
  SINCE OCT 1      1.89                      3.94  -2.05     1.23
  SINCE JAN 1      1.01                      1.15  -0.14     0.03

DEGREE DAYS
 HEATING
  YESTERDAY       43                        39      4       31
  MONTH TO DATE  885                      1177   -292     1070
  SINCE DEC 1   3176                      3899   -723     3755
  SINCE JUL 1   4972                      6008  -1036     5650

 COOLING
  YESTERDAY        0                         0      0        0
  MONTH TO DATE    0                         0      0        0
  SINCE DEC 1      0                         0      0        0
  SINCE JAN 1      0                         0      0        0
..................................................................


WIND (MPH)
  RESULTANT WIND SPEED  12   RESULTANT WIND DIRECTION   E (90)
  HIGHEST WIND SPEED    25   HIGHEST WIND DIRECTION     E (80)
  HIGHEST GUST SPEED    31   HIGHEST GUST DIRECTION     E (80)
  AVERAGE WIND SPEED    13.0


SKY COVER
  POSSIBLE SUNSHINE  MM
  AVERAGE SKY COVER 0.5


WEATHER CONDITIONS
 THE FOLLOWING WEATHER WAS RECORDED YESTERDAY.
  LIGHT SNOW
  FOG


RELATIVE HUMIDITY (PERCENT)
 HIGHEST    88           400 AM
 LOWEST     58           200 PM
 AVERAGE    73

..........................................................


THE EVANSTON WY CLIMATE NORMALS FOR TODAY
                         NORMAL    RECORD    YEAR
 MAXIMUM TEMPERATURE (F)   35        MM        MM
 MINIMUM TEMPERATURE (F)   18        MM        MM


SUNRISE AND SUNSET
MARCH  1 2015.........SUNRISE   659 AM MST   SUNSET   615 PM MST
MARCH  2 2015.........SUNRISE   657 AM MST   SUNSET   616 PM MST


-  INDICATES NEGATIVE NUMBERS.
R  INDICATES RECORD WAS SET OR TIED.
MM INDICATES DATA IS MISSING.
T  INDICATES TRACE AMOUNT.




$$
