000
CDUS45 KSLC 181233
CLIEVW


CLIMATE REPORT
NATIONAL WEATHER SERVICE SALT LAKE CITY UT
633 AM MDT THU SEP 18 2014


...................................

...THE EVANSTON WY CLIMATE SUMMARY FOR SEPTEMBER 17 2014...

CLIMATE NORMAL PERIOD 1981 TO 2010
CLIMATE RECORD PERIOD 9999 TO 9999


WEATHER ITEM   OBSERVED TIME   RECORD YEAR NORMAL DEPARTURE LAST
                VALUE   (LST)  VALUE       VALUE  FROM      YEAR
                                                  NORMAL
..................................................................
TEMPERATURE (F)
 YESTERDAY
  MAXIMUM         80    241 PM  MM      MM  68     12       73
  MINIMUM         55    550 AM  MM      MM  42     13       54
  AVERAGE         68                        55     13       64

PRECIPITATION (IN)
  YESTERDAY        T            MM      MM   0.05  -0.05      T
  MONTH TO DATE    0.84                      0.69   0.15     1.33
  SINCE OCT 1      7.65                     11.51  -3.86     6.14
  SINCE JAN 1      6.45                      8.72  -2.27     3.91

DEGREE DAYS
 HEATING
  YESTERDAY        0                        10    -10        1
  MONTH TO DATE   92                       129    -37       59
  SINCE SEP 1     92                       129    -37       59
  SINCE JUL 1    212                       232    -20       73

 COOLING
  YESTERDAY        3                         0      3        0
  MONTH TO DATE    6                         0      6       26
  SINCE SEP 1      6                         0      6       26
  SINCE JAN 1    212                       157     55      348
..................................................................


WIND (MPH)
  RESULTANT WIND SPEED   6   RESULTANT WIND DIRECTION  SE (140)
  HIGHEST WIND SPEED    25   HIGHEST WIND DIRECTION    SW (220)
  HIGHEST GUST SPEED    33   HIGHEST GUST DIRECTION    SW (230)
  AVERAGE WIND SPEED     8.0


SKY COVER
  POSSIBLE SUNSHINE  MM
  AVERAGE SKY COVER 0.1


WEATHER CONDITIONS
 THE FOLLOWING WEATHER WAS RECORDED YESTERDAY.
  THUNDERSTORM
  LIGHT RAIN


RELATIVE HUMIDITY (PERCENT)
 HIGHEST    47           500 AM
 LOWEST     21           400 PM
 AVERAGE    34

..........................................................


THE EVANSTON WY CLIMATE NORMALS FOR TODAY
                         NORMAL    RECORD    YEAR
 MAXIMUM TEMPERATURE (F)   68        MM        MM
 MINIMUM TEMPERATURE (F)   41        MM        MM


SUNRISE AND SUNSET
SEPTEMBER 18 2014.....SUNRISE   708 AM MDT   SUNSET   728 PM MDT
SEPTEMBER 19 2014.....SUNRISE   709 AM MDT   SUNSET   726 PM MDT


-  INDICATES NEGATIVE NUMBERS.
R  INDICATES RECORD WAS SET OR TIED.
MM INDICATES DATA IS MISSING.
T  INDICATES TRACE AMOUNT.




$$
