000
CDUS45 KSLC 151253
CLIEVW


CLIMATE REPORT
NATIONAL WEATHER SERVICE SALT LAKE CITY UT
553 AM MST FRI DEC 15 2017


...................................

...THE EVANSTON WY CLIMATE SUMMARY FOR DECEMBER 14 2017...

CLIMATE NORMAL PERIOD 1981 TO 2010
CLIMATE RECORD PERIOD 9999 TO 9999


WEATHER ITEM   OBSERVED TIME   RECORD YEAR NORMAL DEPARTURE LAST
                VALUE   (LST)  VALUE       VALUE  FROM      YEAR
                                                  NORMAL
..................................................................
TEMPERATURE (F)
 YESTERDAY
  MAXIMUM         37    225 PM  MM      MM  28      9       41
  MINIMUM         21   1159 PM  MM      MM  13      8       22
  AVERAGE         29                        20      9       32

PRECIPITATION (IN)
  YESTERDAY        0.00         MM      MM   0.02  -0.02      T
  MONTH TO DATE    0.01                      0.29  -0.28     0.18
  SINCE OCT 1      1.48                      2.50  -1.02     1.54
  SINCE JAN 1      6.84                     11.84  -5.00     7.26

DEGREE DAYS
 HEATING
  YESTERDAY       36                        45     -9       33
  MONTH TO DATE  449                       610   -161      619
  SINCE DEC 1    449                       610   -161      619
  SINCE JUL 1   2296                      2719   -423     2270

 COOLING
  YESTERDAY        0                         0      0        0
  MONTH TO DATE    0                         0      0        0
  SINCE DEC 1      0                         0      0        0
  SINCE JAN 1    333                       162    171      293
..................................................................


WIND (MPH)
  RESULTANT WIND SPEED   2   RESULTANT WIND DIRECTION   W (280)
  HIGHEST WIND SPEED    15   HIGHEST WIND DIRECTION    SW (230)
  HIGHEST GUST SPEED    19   HIGHEST GUST DIRECTION    SW (220)
  AVERAGE WIND SPEED     7.5


SKY COVER
  POSSIBLE SUNSHINE  MM
  AVERAGE SKY COVER 0.4


WEATHER CONDITIONS
 THE FOLLOWING WEATHER WAS RECORDED YESTERDAY.
  NO SIGNIFICANT WEATHER WAS OBSERVED.


RELATIVE HUMIDITY (PERCENT)
 HIGHEST    96           600 AM
 LOWEST     47           200 PM
 AVERAGE    72

..........................................................


THE EVANSTON WY CLIMATE NORMALS FOR TODAY
                         NORMAL    RECORD    YEAR
 MAXIMUM TEMPERATURE (F)   28        MM        MM
 MINIMUM TEMPERATURE (F)   13        MM        MM


SUNRISE AND SUNSET
DECEMBER 15 2017......SUNRISE   743 AM MST   SUNSET   456 PM MST
DECEMBER 16 2017......SUNRISE   744 AM MST   SUNSET   456 PM MST


-  INDICATES NEGATIVE NUMBERS.
R  INDICATES RECORD WAS SET OR TIED.
MM INDICATES DATA IS MISSING.
T  INDICATES TRACE AMOUNT.




$$
