000
CDUS45 KSLC 261226
CLIEVW


CLIMATE REPORT
NATIONAL WEATHER SERVICE SALT LAKE CITY UT
626 AM MDT WED APR 26 2017


...................................

...THE EVANSTON WY CLIMATE SUMMARY FOR APRIL 25 2017...

CLIMATE NORMAL PERIOD 1981 TO 2010
CLIMATE RECORD PERIOD 9999 TO 9999


WEATHER ITEM   OBSERVED TIME   RECORD YEAR NORMAL DEPARTURE LAST
                VALUE   (LST)  VALUE       VALUE  FROM      YEAR
                                                  NORMAL
..................................................................
TEMPERATURE (F)
 YESTERDAY
  MAXIMUM         44    243 PM  MM      MM  53     -9       49
  MINIMUM         30   1159 PM  MM      MM  31     -1       33
  AVERAGE         37                        42     -5       41

PRECIPITATION (IN)
  YESTERDAY        T            MM      MM   0.04  -0.04     0.17
  MONTH TO DATE    0.31                      0.89  -0.58     0.53
  SINCE OCT 1      4.92                      5.69  -0.77     2.09
  SINCE JAN 1      3.34                      2.90   0.44     1.10

DEGREE DAYS
 HEATING
  YESTERDAY       28                        23      5       24
  MONTH TO DATE  612                       660    -48      519
  SINCE MAR 1   1470                      1720   -250     1439
  SINCE JUL 1   7047                      7728   -681     6966

 COOLING
  YESTERDAY        0                         0      0        0
  MONTH TO DATE    0                         0      0        0
  SINCE MAR 1      0                         0      0        0
  SINCE JAN 1      0                         0      0        0
..................................................................


WIND (MPH)
  RESULTANT WIND SPEED  12   RESULTANT WIND DIRECTION   W (270)
  HIGHEST WIND SPEED    24   HIGHEST WIND DIRECTION     W (290)
  HIGHEST GUST SPEED    30   HIGHEST GUST DIRECTION     W (290)
  AVERAGE WIND SPEED    13.2


SKY COVER
  POSSIBLE SUNSHINE  MM
  AVERAGE SKY COVER 1.0


WEATHER CONDITIONS
 THE FOLLOWING WEATHER WAS RECORDED YESTERDAY.
  LIGHT SNOW
  FOG
  FOG W/VISIBILITY <= 1/4 MILE


RELATIVE HUMIDITY (PERCENT)
 HIGHEST   100          1200 AM
 LOWEST     53           200 PM
 AVERAGE    77

..........................................................


THE EVANSTON WY CLIMATE NORMALS FOR TODAY
                         NORMAL    RECORD    YEAR
 MAXIMUM TEMPERATURE (F)   53        MM        MM
 MINIMUM TEMPERATURE (F)   32        MM        MM


SUNRISE AND SUNSET
APRIL 26 2017.........SUNRISE   628 AM MDT   SUNSET   816 PM MDT
APRIL 27 2017.........SUNRISE   627 AM MDT   SUNSET   818 PM MDT


-  INDICATES NEGATIVE NUMBERS.
R  INDICATES RECORD WAS SET OR TIED.
MM INDICATES DATA IS MISSING.
T  INDICATES TRACE AMOUNT.




$$
