000
CDUS45 KSLC 301227
CLIEVW


CLIMATE REPORT
NATIONAL WEATHER SERVICE SALT LAKE CITY UT
627 AM MDT FRI SEP 30 2016


...................................

...THE EVANSTON WY CLIMATE SUMMARY FOR SEPTEMBER 29 2016...

CLIMATE NORMAL PERIOD 1981 TO 2010
CLIMATE RECORD PERIOD 9999 TO 9999


WEATHER ITEM   OBSERVED TIME   RECORD YEAR NORMAL DEPARTURE LAST
                VALUE   (LST)  VALUE       VALUE  FROM      YEAR
                                                  NORMAL
..................................................................
TEMPERATURE (F)
 YESTERDAY
  MAXIMUM         70    204 PM  MM      MM  63      7       77
  MINIMUM         50   1159 PM  MM      MM  38     12       50
  AVERAGE         60                        50     10       64

PRECIPITATION (IN)
  YESTERDAY        0.00         MM      MM   0.05  -0.05     0.00
  MONTH TO DATE    1.85                      1.27   0.58     0.88
  SINCE OCT 1      6.71                     12.09  -5.38    10.67
  SINCE JAN 1      5.72                      9.30  -3.58     9.79

DEGREE DAYS
 HEATING
  YESTERDAY        5                        15    -10        1
  MONTH TO DATE  244                       280    -36      128
  SINCE SEP 1    244                       280    -36      128
  SINCE JUL 1    303                       383    -80      220

 COOLING
  YESTERDAY        0                         0      0        0
  MONTH TO DATE    7                         0      7       23
  SINCE SEP 1      7                         0      7       23
  SINCE JAN 1    293                       157    136      232
..................................................................


WIND (MPH)
  RESULTANT WIND SPEED   6   RESULTANT WIND DIRECTION  SW (220)
  HIGHEST WIND SPEED    29   HIGHEST WIND DIRECTION     W (250)
  HIGHEST GUST SPEED    35   HIGHEST GUST DIRECTION    SW (240)
  AVERAGE WIND SPEED     8.3


SKY COVER
  POSSIBLE SUNSHINE  MM
  AVERAGE SKY COVER 0.4


WEATHER CONDITIONS
 THE FOLLOWING WEATHER WAS RECORDED YESTERDAY.
  NO SIGNIFICANT WEATHER WAS OBSERVED.


RELATIVE HUMIDITY (PERCENT)
 HIGHEST    68          1100 PM
 LOWEST     32           200 PM
 AVERAGE    50

..........................................................


THE EVANSTON WY CLIMATE NORMALS FOR TODAY
                         NORMAL    RECORD    YEAR
 MAXIMUM TEMPERATURE (F)   63        MM        MM
 MINIMUM TEMPERATURE (F)   37        MM        MM


SUNRISE AND SUNSET
SEPTEMBER 30 2016.....SUNRISE   720 AM MDT   SUNSET   707 PM MDT
OCTOBER  1 2016.......SUNRISE   721 AM MDT   SUNSET   705 PM MDT


-  INDICATES NEGATIVE NUMBERS.
R  INDICATES RECORD WAS SET OR TIED.
MM INDICATES DATA IS MISSING.
T  INDICATES TRACE AMOUNT.




$$
