000
CDUS45 KSLC 011233
CLIEVW


CLIMATE REPORT
NATIONAL WEATHER SERVICE SALT LAKE CITY UT
632 AM MDT TUE SEP 1 2015


...................................

...THE EVANSTON WY CLIMATE SUMMARY FOR AUGUST 31 2015...

CLIMATE NORMAL PERIOD 1981 TO 2010
CLIMATE RECORD PERIOD 9999 TO 9999


WEATHER ITEM   OBSERVED TIME   RECORD YEAR NORMAL DEPARTURE LAST
                VALUE   (LST)  VALUE       VALUE  FROM      YEAR
                                                  NORMAL
..................................................................
TEMPERATURE (F)
 YESTERDAY
  MAXIMUM         81    204 PM  MM      MM  75      6       65
  MINIMUM         49    517 AM  MM      MM  47      2       47
  AVERAGE         65                        61      4       56

PRECIPITATION (IN)
  YESTERDAY        0.00         MM      MM   0.03  -0.03     0.08
  MONTH TO DATE    0.88                      0.96  -0.08     2.25
  SINCE OCT 1      9.79                     10.82  -1.03     6.81
  SINCE JAN 1      8.91                      8.03   0.88     5.61

DEGREE DAYS
 HEATING
  YESTERDAY        0                         5     -5        9
  MONTH TO DATE   33                        69    -36      101
  SINCE JUN 1    166                       333   -167      343
  SINCE JUL 1     92                       103    -11      120

 COOLING
  YESTERDAY        0                         1     -1        0
  MONTH TO DATE   84                        61     23       39
  SINCE JUN 1    209                       156     53      201
  SINCE JAN 1    209                       157     52      206
..................................................................


WIND (MPH)
  RESULTANT WIND SPEED   7   RESULTANT WIND DIRECTION   W (260)
  HIGHEST WIND SPEED    24   HIGHEST WIND DIRECTION     W (270)
  HIGHEST GUST SPEED    31   HIGHEST GUST DIRECTION     W (280)
  AVERAGE WIND SPEED     9.5


SKY COVER
  POSSIBLE SUNSHINE  MM
  AVERAGE SKY COVER 0.2


WEATHER CONDITIONS
 THE FOLLOWING WEATHER WAS RECORDED YESTERDAY.
  NO SIGNIFICANT WEATHER WAS OBSERVED.


RELATIVE HUMIDITY (PERCENT)
 HIGHEST    68           700 AM
 LOWEST     16           300 PM
 AVERAGE    42

..........................................................


THE EVANSTON WY CLIMATE NORMALS FOR TODAY
                         NORMAL    RECORD    YEAR
 MAXIMUM TEMPERATURE (F)   74        MM        MM
 MINIMUM TEMPERATURE (F)   47        MM        MM


SUNRISE AND SUNSET
SEPTEMBER  1 2015.....SUNRISE   650 AM MDT   SUNSET   757 PM MDT
SEPTEMBER  2 2015.....SUNRISE   651 AM MDT   SUNSET   756 PM MDT


-  INDICATES NEGATIVE NUMBERS.
R  INDICATES RECORD WAS SET OR TIED.
MM INDICATES DATA IS MISSING.
T  INDICATES TRACE AMOUNT.




$$
