000
CDUS45 KSLC 200026
CLIEVW


CLIMATE REPORT
NATIONAL WEATHER SERVICE SALT LAKE CITY UT
625 PM MDT SAT AUG 19 2017


...................................

...THE EVANSTON WY CLIMATE SUMMARY FOR AUGUST 19 2017...
VALID TODAY AS OF 0500 PM LOCAL TIME.

CLIMATE NORMAL PERIOD 1981 TO 2010
CLIMATE RECORD PERIOD 9999 TO 9999


WEATHER ITEM   OBSERVED TIME   RECORD YEAR NORMAL DEPARTURE LAST
                VALUE   (LST)  VALUE       VALUE  FROM      YEAR
                                                  NORMAL
..................................................................
TEMPERATURE (F)
 TODAY
  MAXIMUM         84        MM  MM      MM  79      5       81
  MINIMUM         51        MM  MM      MM  50      1       47
  AVERAGE         68                        64      4       64

PRECIPITATION (IN)
  TODAY            0.00         MM      MM   0.03  -0.03     0.00
  MONTH TO DATE    0.01                      0.60  -0.59     0.18
  SINCE OCT 1      6.94                     10.46  -3.52     4.86
  SINCE JAN 1      5.36                      7.67  -2.31     3.87

DEGREE DAYS
 HEATING
  TODAY            0                         2     -2        1
  MONTH TO DATE   20                        26     -6        8
  SINCE JUN 1    150                       292   -142       85
  SINCE JUL 1     23                        62    -39       33

 COOLING
  TODAY            3                         2      1        0
  MONTH TO DATE   46                        49     -3       61
  SINCE JUN 1    257                       144    113      267
  SINCE JAN 1    257                       145    112      267
..................................................................


WIND (MPH)
  RESULTANT WIND SPEED   6   RESULTANT WIND DIRECTION  SW (240)
  HIGHEST WIND SPEED    21   HIGHEST WIND DIRECTION    NW (310)
  HIGHEST GUST SPEED    30   HIGHEST GUST DIRECTION    NW (310)
  AVERAGE WIND SPEED    10.8


SKY COVER
  POSSIBLE SUNSHINE  MM
  AVERAGE SKY COVER 0.0


WEATHER CONDITIONS
 THE FOLLOWING WEATHER WAS RECORDED TODAY.
  NO SIGNIFICANT WEATHER WAS OBSERVED.


RELATIVE HUMIDITY (PERCENT)
 HIGHEST    44           500 AM
 LOWEST     12           100 PM
 AVERAGE    28

..........................................................


THE EVANSTON WY CLIMATE NORMALS FOR TOMORROW
                         NORMAL    RECORD    YEAR
 MAXIMUM TEMPERATURE (F)   78        MM        MM
 MINIMUM TEMPERATURE (F)   50        MM        MM


SUNRISE AND SUNSET
AUGUST 19 2017........SUNRISE   638 AM MDT   SUNSET   817 PM MDT
AUGUST 20 2017........SUNRISE   639 AM MDT   SUNSET   815 PM MDT


-  INDICATES NEGATIVE NUMBERS.
R  INDICATES RECORD WAS SET OR TIED.
MM INDICATES DATA IS MISSING.
T  INDICATES TRACE AMOUNT.




$$
