000
CDUS42 KMHX 270527
CLIEWN


CLIMATE REPORT
NATIONAL WEATHER SERVICE NEWPORT/MOREHEAD CITY NC
127 AM EDT WED JUL 27 2016


...................................

...THE NEW BERN NC CLIMATE SUMMARY FOR JULY 26 2016...

CLIMATE NORMAL PERIOD 1981 TO 2010
CLIMATE RECORD PERIOD 1948 TO 2016


WEATHER ITEM   OBSERVED TIME   RECORD YEAR NORMAL DEPARTURE LAST
                VALUE   (LST)  VALUE       VALUE  FROM      YEAR
                                                  NORMAL
..................................................................
TEMPERATURE (F)
 YESTERDAY
  MAXIMUM         95    410 PM  98    1949  89      6       89
  MINIMUM         76    548 AM  62    2015  72      4       62
                                      1973
  AVERAGE         86                        81      5       76

PRECIPITATION (IN)
  YESTERDAY        0.00          2.54 1950   0.22  -0.22     0.00
  MONTH TO DATE   10.33                      5.08   5.25     7.85
  SINCE JUN 1     13.75                      9.67   4.08    15.63
  SINCE JAN 1     36.46                     29.06   7.40    32.45

SNOWFALL (IN)
  YESTERDAY        0.0
  MONTH TO DATE    0.0
  SINCE NOV 1      T
  SINCE JUL 1      0.0
  SNOW DEPTH       0

DEGREE DAYS
 HEATING
  YESTERDAY        0                         0      0        0
  MONTH TO DATE    0                         0      0        0
  SINCE JUN 1      0                         1     -1        0
  SINCE JUL 1      0                         0      0        0

 COOLING
  YESTERDAY       21                        16      5       11
  MONTH TO DATE  463                       409     54      435
  SINCE JUN 1    856                       774     82      911
  SINCE JAN 1   1126                      1017    109     1209
..................................................................


WIND (MPH)
  HIGHEST WIND SPEED    14   HIGHEST WIND DIRECTION    SW (240)
  HIGHEST GUST SPEED    20   HIGHEST GUST DIRECTION    SW (230)
  AVERAGE WIND SPEED     8.4


SKY COVER
  POSSIBLE SUNSHINE  MM
  AVERAGE SKY COVER 0.1


WEATHER CONDITIONS
 THE FOLLOWING WEATHER WAS RECORDED YESTERDAY.
  NO SIGNIFICANT WEATHER WAS OBSERVED.


RELATIVE HUMIDITY (PERCENT)
 HIGHEST    94           500 AM
 LOWEST     53           400 PM
 AVERAGE    74

..........................................................


THE NEW BERN NC CLIMATE NORMALS FOR TODAY
                         NORMAL    RECORD    YEAR
 MAXIMUM TEMPERATURE (F)   89        99      2005
                                             1949
 MINIMUM TEMPERATURE (F)   72        61      1962


SUNRISE AND SUNSET
JULY 27 2016..........SUNRISE   614 AM EDT   SUNSET   815 PM EDT
JULY 28 2016..........SUNRISE   615 AM EDT   SUNSET   814 PM EDT


-  INDICATES NEGATIVE NUMBERS.
R  INDICATES RECORD WAS SET OR TIED.
MM INDICATES DATA IS MISSING.
T  INDICATES TRACE AMOUNT.




$$
