000
CDUS42 KMHX 260526
CLIEWN


CLIMATE REPORT
NATIONAL WEATHER SERVICE NEWPORT/MOREHEAD CITY NC
125 AM EDT WED APR 26 2017


...................................

...THE NEW BERN NC CLIMATE SUMMARY FOR APRIL 25 2017...

CLIMATE NORMAL PERIOD 1981 TO 2010
CLIMATE RECORD PERIOD 1948 TO 2017


WEATHER ITEM   OBSERVED TIME   RECORD YEAR NORMAL DEPARTURE LAST
                VALUE   (LST)  VALUE       VALUE  FROM      YEAR
                                                  NORMAL
..................................................................
TEMPERATURE (F)
 YESTERDAY
  MAXIMUM         75    101 PM  94    1960  76     -1       80
  MINIMUM         61   1159 PM  39    2005  53      8       45
                                      1969
  AVERAGE         68                        64      4       63

PRECIPITATION (IN)
  YESTERDAY        0.81          1.20 1978   0.11   0.70     0.00
  MONTH TO DATE    4.36                      2.64   1.72     1.34
  SINCE MAR 1      8.39                      7.03   1.36     4.67
  SINCE JAN 1     14.61                     14.71  -0.10    15.69

SNOWFALL (IN)
  YESTERDAY        0.0
  MONTH TO DATE    0.0
  SINCE NOV 1      T
  SINCE JUL 1      T
  SNOW DEPTH       0

DEGREE DAYS
 HEATING
  YESTERDAY        0                         3     -3        2
  MONTH TO DATE   55                       138    -83      169
  SINCE MAR 1    466                       507    -41      386
  SINCE JUL 1   2206                      2653   -447     2074

 COOLING
  YESTERDAY        3                         3      0        0
  MONTH TO DATE   77                        42     35       27
  SINCE MAR 1     88                        53     35       75
  SINCE JAN 1     94                        56     38       75
..................................................................


WIND (MPH)
  HIGHEST WIND SPEED    21   HIGHEST WIND DIRECTION    SW (210)
  HIGHEST GUST SPEED    28   HIGHEST GUST DIRECTION     S (200)
  AVERAGE WIND SPEED     5.3


SKY COVER
  POSSIBLE SUNSHINE  MM
  AVERAGE SKY COVER 0.5


WEATHER CONDITIONS
 THE FOLLOWING WEATHER WAS RECORDED YESTERDAY.
  THUNDERSTORM
  HEAVY RAIN
  RAIN
  LIGHT RAIN
  FOG


RELATIVE HUMIDITY (PERCENT)
 HIGHEST   100           200 AM
 LOWEST     54           100 PM
 AVERAGE    77

..........................................................


THE NEW BERN NC CLIMATE NORMALS FOR TODAY
                         NORMAL    RECORD    YEAR
 MAXIMUM TEMPERATURE (F)   76        95      1990
 MINIMUM TEMPERATURE (F)   53        39      2001


SUNRISE AND SUNSET
APRIL 26 2017.........SUNRISE   622 AM EDT   SUNSET   750 PM EDT
APRIL 27 2017.........SUNRISE   621 AM EDT   SUNSET   751 PM EDT


-  INDICATES NEGATIVE NUMBERS.
R  INDICATES RECORD WAS SET OR TIED.
MM INDICATES DATA IS MISSING.
T  INDICATES TRACE AMOUNT.




$$
