000
CDUS42 KMHX 250527
CLIEWN


CLIMATE REPORT
NATIONAL WEATHER SERVICE NEWPORT/MOREHEAD CITY NC
127 AM EDT THU MAY 25 2017


...................................

...THE NEW BERN NC CLIMATE SUMMARY FOR MAY 24 2017...

CLIMATE NORMAL PERIOD 1981 TO 2010
CLIMATE RECORD PERIOD 1948 TO 2017


WEATHER ITEM   OBSERVED TIME   RECORD YEAR NORMAL DEPARTURE LAST
                VALUE   (LST)  VALUE       VALUE  FROM      YEAR
                                                  NORMAL
..................................................................
TEMPERATURE (F)
 YESTERDAY
  MAXIMUM         79    353 PM  96    2011  82     -3       82
  MINIMUM         68    610 AM  48    2002  61      7       52
                                      1963
  AVERAGE         74                        72      2       67

PRECIPITATION (IN)
  YESTERDAY        0.02          3.17 1977   0.14  -0.12     0.00
  MONTH TO DATE    2.69                      3.12  -0.43     4.59
  SINCE MAR 1     11.09                     10.68   0.41     9.60
  SINCE JAN 1     17.31                     18.36  -1.05    20.62

SNOWFALL (IN)
  YESTERDAY        0.0
  MONTH TO DATE    0.0
  SINCE NOV 1      T
  SINCE JUL 1      T
  SNOW DEPTH       0

DEGREE DAYS
 HEATING
  YESTERDAY        0                         0      0        0
  MONTH TO DATE   28                        32     -4       34
  SINCE MAR 1    494                       553    -59      424
  SINCE JUL 1   2234                      2699   -465     2112

 COOLING
  YESTERDAY        9                         7      2        2
  MONTH TO DATE  142                       117     25       99
  SINCE MAR 1    284                       184    100      200
  SINCE JAN 1    290                       187    103      200
..................................................................


WIND (MPH)
  HIGHEST WIND SPEED    18   HIGHEST WIND DIRECTION     S (190)
  HIGHEST GUST SPEED    27   HIGHEST GUST DIRECTION     S (200)
  AVERAGE WIND SPEED     6.7


SKY COVER
  POSSIBLE SUNSHINE  MM
  AVERAGE SKY COVER 0.7


WEATHER CONDITIONS
 THE FOLLOWING WEATHER WAS RECORDED YESTERDAY.
  THUNDERSTORM
  LIGHT RAIN
  FOG


RELATIVE HUMIDITY (PERCENT)
 HIGHEST   100          1200 AM
 LOWEST     74          1000 AM
 AVERAGE    87

..........................................................


THE NEW BERN NC CLIMATE NORMALS FOR TODAY
                         NORMAL    RECORD    YEAR
 MAXIMUM TEMPERATURE (F)   82        97      2011
 MINIMUM TEMPERATURE (F)   62        46      1967


SUNRISE AND SUNSET
MAY 25 2017...........SUNRISE   558 AM EDT   SUNSET   813 PM EDT
MAY 26 2017...........SUNRISE   558 AM EDT   SUNSET   813 PM EDT


-  INDICATES NEGATIVE NUMBERS.
R  INDICATES RECORD WAS SET OR TIED.
MM INDICATES DATA IS MISSING.
T  INDICATES TRACE AMOUNT.




$$
