000
CDUS42 KMHX 280654
CLIEWN


CLIMATE REPORT
NATIONAL WEATHER SERVICE NEWPORT/MOREHEAD CITY NC
151 AM EST TUE FEB 28 2017


...................................

...THE NEW BERN NC CLIMATE SUMMARY FOR FEBRUARY 27 2017...

CLIMATE NORMAL PERIOD 1981 TO 2010
CLIMATE RECORD PERIOD 1948 TO 2017


WEATHER ITEM   OBSERVED TIME   RECORD YEAR NORMAL DEPARTURE LAST
                VALUE   (LST)  VALUE       VALUE  FROM      YEAR
                                                  NORMAL
..................................................................
TEMPERATURE (F)
 YESTERDAY
  MAXIMUM         67    208 PM  85    1962  60      7       50
  MINIMUM         31    700 AM  16    1963  38     -7       30
  AVERAGE         49                        49      0       40

PRECIPITATION (IN)
  YESTERDAY        0.00          1.35 1987   0.14  -0.14     0.00
  MONTH TO DATE    1.97                      3.53  -1.56     7.31
  SINCE DEC 1      9.72                     10.95  -1.23    17.44
  SINCE JAN 1      6.22                      7.55  -1.33    11.02

SNOWFALL (IN)
  YESTERDAY        0.0
  MONTH TO DATE    0.0
  SINCE NOV 1      T
  SINCE JUL 1      T
  SNOW DEPTH       0

DEGREE DAYS
 HEATING
  YESTERDAY       16                        16      0       25
  MONTH TO DATE  317                       491   -174      494
  SINCE DEC 1   1345                      1704   -359     1388
  SINCE JUL 1   1740                      2131   -391     1671

 COOLING
  YESTERDAY        0                         0      0        0
  MONTH TO DATE    6                         0      6        0
  SINCE DEC 1      6                         4      2       49
  SINCE JAN 1      6                         1      5        0
..................................................................


WIND (MPH)
  HIGHEST WIND SPEED    12   HIGHEST WIND DIRECTION     E (100)
  HIGHEST GUST SPEED    17   HIGHEST GUST DIRECTION    SE (140)
  AVERAGE WIND SPEED     3.9


SKY COVER
  POSSIBLE SUNSHINE  MM
  AVERAGE SKY COVER 0.1


WEATHER CONDITIONS
 THE FOLLOWING WEATHER WAS RECORDED YESTERDAY.
  FOG


RELATIVE HUMIDITY (PERCENT)
 HIGHEST   100           600 AM
 LOWEST     36          1000 AM
 AVERAGE    68

..........................................................


THE NEW BERN NC CLIMATE NORMALS FOR TODAY
                         NORMAL    RECORD    YEAR
 MAXIMUM TEMPERATURE (F)   61        88      1962
 MINIMUM TEMPERATURE (F)   38        20      1963


SUNRISE AND SUNSET
FEBRUARY 28 2017......SUNRISE   639 AM EST   SUNSET   603 PM EST
MARCH  1 2017.........SUNRISE   637 AM EST   SUNSET   604 PM EST


-  INDICATES NEGATIVE NUMBERS.
R  INDICATES RECORD WAS SET OR TIED.
MM INDICATES DATA IS MISSING.
T  INDICATES TRACE AMOUNT.




$$
