000
CDUS42 KMHX 250628
CLIEWN


CLIMATE REPORT
NATIONAL WEATHER SERVICE NEWPORT/MOREHEAD CITY NC
128 AM EST SUN JAN 25 2015


...................................

...THE NEW BERN NC CLIMATE SUMMARY FOR JANUARY 24 2015...

CLIMATE NORMAL PERIOD 1981 TO 2010
CLIMATE RECORD PERIOD 1948 TO 2015


WEATHER ITEM   OBSERVED TIME   RECORD YEAR NORMAL DEPARTURE LAST
                VALUE   (LST)  VALUE       VALUE  FROM      YEAR
                                                  NORMAL
..................................................................
TEMPERATURE (F)
 YESTERDAY
  MAXIMUM         68    617 AM  76    2002  55     13       30
                                      1950
  MINIMUM         41   1159 PM  12    2014  34      7       12
  AVERAGE         55                        44     11       21

PRECIPITATION (IN)
  YESTERDAY        1.18          1.60 1953   0.13   1.05     0.00
  MONTH TO DATE    4.43                      3.12   1.31     3.28
  SINCE DEC 1      8.58                      6.52   2.06     5.67
  SINCE JAN 1      4.43                      3.12   1.31     3.28

SNOWFALL (IN)
  YESTERDAY       MM
  MONTH TO DATE    0.0
  SINCE NOV 1      0.0
  SINCE JUL 1      0.0
  SNOW DEPTH       0

DEGREE DAYS
 HEATING
  YESTERDAY       10                        21    -11       44
  MONTH TO DATE  432                       504    -72      527
  SINCE DEC 1    904                      1071   -167      957
  SINCE JUL 1   1349                      1498   -149     1380

 COOLING
  YESTERDAY        0                         0      0        0
  MONTH TO DATE    7                         0      7        1
  SINCE DEC 1      7                         3      4       28
  SINCE JAN 1      7                         0      7        1
..................................................................


WIND (MPH)
  HIGHEST WIND SPEED    21   HIGHEST WIND DIRECTION     W (290)
  HIGHEST GUST SPEED    30   HIGHEST GUST DIRECTION     S (180)
  AVERAGE WIND SPEED    10.3


SKY COVER
  POSSIBLE SUNSHINE  MM
  AVERAGE SKY COVER 0.8


WEATHER CONDITIONS
 THE FOLLOWING WEATHER WAS RECORDED YESTERDAY.
  HEAVY RAIN
  RAIN
  LIGHT RAIN
  FOG


RELATIVE HUMIDITY (PERCENT)
 HIGHEST    89           700 AM
 LOWEST     66           400 PM
 AVERAGE    78

..........................................................


THE NEW BERN NC CLIMATE NORMALS FOR TODAY
                         NORMAL    RECORD    YEAR
 MAXIMUM TEMPERATURE (F)   55        80      1950
 MINIMUM TEMPERATURE (F)   34        11      2003


SUNRISE AND SUNSET
JANUARY 25 2015.......SUNRISE   712 AM EST   SUNSET   529 PM EST
JANUARY 26 2015.......SUNRISE   711 AM EST   SUNSET   530 PM EST


-  INDICATES NEGATIVE NUMBERS.
R  INDICATES RECORD WAS SET OR TIED.
MM INDICATES DATA IS MISSING.
T  INDICATES TRACE AMOUNT.




$$
