000
CDUS42 KMHX 240535
CLIEWN


CLIMATE REPORT
NATIONAL WEATHER SERVICE NEWPORT/MOREHEAD CITY NC
1235 AM EST FRI NOV 24 2017


...................................

...THE NEW BERN NC CLIMATE SUMMARY FOR NOVEMBER 23 2017...

CLIMATE NORMAL PERIOD 1981 TO 2010
CLIMATE RECORD PERIOD 1948 TO 2017


WEATHER ITEM   OBSERVED TIME   RECORD YEAR NORMAL DEPARTURE LAST
                VALUE   (LST)  VALUE       VALUE  FROM      YEAR
                                                  NORMAL
..................................................................
TEMPERATURE (F)
 YESTERDAY
  MAXIMUM         49   1153 AM  83    1992  64    -15       61
  MINIMUM         38    738 AM  24    1949  42     -4       27
  AVERAGE         44                        53     -9       44

PRECIPITATION (IN)
  YESTERDAY        0.00          1.49 1957   0.12  -0.12     0.00
  MONTH TO DATE    0.42                      2.58  -2.16     0.61
  SINCE SEP 1      8.40                     11.73  -3.33    18.31
  SINCE JAN 1     47.04                     48.53  -1.49    61.68

SNOWFALL (IN)
  YESTERDAY        0.0
  MONTH TO DATE    0.0
  SINCE NOV 1      0.0
  SINCE JUL 1      0.0
  SNOW DEPTH       0

DEGREE DAYS
 HEATING
  YESTERDAY       21                        12      9       21
  MONTH TO DATE  258                       216     42      269
  SINCE SEP 1    336                       333      3      327
  SINCE JUL 1    336                       333      3      327

 COOLING
  YESTERDAY        0                         0      0        0
  MONTH TO DATE    6                        14     -8        6
  SINCE SEP 1    467                       370     97      500
  SINCE JAN 1   2150                      1899    251     2255
..................................................................


WIND (MPH)
  HIGHEST WIND SPEED    13   HIGHEST WIND DIRECTION     N (20)
  HIGHEST GUST SPEED    18   HIGHEST GUST DIRECTION     N (10)
  AVERAGE WIND SPEED     7.8


SKY COVER
  POSSIBLE SUNSHINE  MM
  AVERAGE SKY COVER 0.0


WEATHER CONDITIONS
 THE FOLLOWING WEATHER WAS RECORDED YESTERDAY.
  NO SIGNIFICANT WEATHER WAS OBSERVED.


RELATIVE HUMIDITY (PERCENT)
 HIGHEST    89          1000 PM
 LOWEST     70           100 AM
 AVERAGE    80

..........................................................


THE NEW BERN NC CLIMATE NORMALS FOR TODAY
                         NORMAL    RECORD    YEAR
 MAXIMUM TEMPERATURE (F)   64        78      1983
 MINIMUM TEMPERATURE (F)   42        24      2008
                                             1970


SUNRISE AND SUNSET
NOVEMBER 24 2017......SUNRISE   652 AM EST   SUNSET   458 PM EST
NOVEMBER 25 2017......SUNRISE   653 AM EST   SUNSET   458 PM EST


-  INDICATES NEGATIVE NUMBERS.
R  INDICATES RECORD WAS SET OR TIED.
MM INDICATES DATA IS MISSING.
T  INDICATES TRACE AMOUNT.




$$
