000
CDUS42 KMHX 230526
CLIEWN


CLIMATE REPORT
NATIONAL WEATHER SERVICE NEWPORT/MOREHEAD CITY NC
125 AM EDT SAT AUG 23 2014


...................................

...THE NEW BERN NC CLIMATE SUMMARY FOR AUGUST 22 2014...

CLIMATE NORMAL PERIOD 1981 TO 2010
CLIMATE RECORD PERIOD 1948 TO 2014


WEATHER ITEM   OBSERVED TIME   RECORD YEAR NORMAL DEPARTURE LAST
                VALUE   (LST)  VALUE       VALUE  FROM      YEAR
                                                  NORMAL
..................................................................
TEMPERATURE (F)
 YESTERDAY
  MAXIMUM         95    319 PM 100    1983  87      8       89
  MINIMUM         75    524 AM  60    1969  70      5       71
  AVERAGE         85                        79      6       80

PRECIPITATION (IN)
  YESTERDAY        0.00          3.81 2006   0.21  -0.21     0.21
  MONTH TO DATE    9.01                      4.82   4.19     6.07
  SINCE JUN 1     19.01                     15.58   3.43    18.01
  SINCE JAN 1     36.89                     34.97   1.92    29.36

SNOWFALL (IN)
  YESTERDAY        0.0
  MONTH TO DATE    0.0
  SINCE NOV 1     14.0
  SINCE JUL 1      0.0
  SNOW DEPTH       0

DEGREE DAYS
 HEATING
  YESTERDAY        0                         0      0        0
  MONTH TO DATE    0                         0      0        0
  SINCE JUN 1      0                         1     -1        0
  SINCE JUL 1      0                         0      0        0

 COOLING
  YESTERDAY       20                        14      6       15
  MONTH TO DATE  323                       321      2      317
  SINCE JUN 1   1227                      1168     59     1243
  SINCE JAN 1   1588                      1411    177     1499
..................................................................


WIND (MPH)
  HIGHEST WIND SPEED    13   HIGHEST WIND DIRECTION    NW (320)
  HIGHEST GUST SPEED    17   HIGHEST GUST DIRECTION    NW (320)
  AVERAGE WIND SPEED     4.1


SKY COVER
  POSSIBLE SUNSHINE  MM
  AVERAGE SKY COVER 0.2


WEATHER CONDITIONS
 THE FOLLOWING WEATHER WAS RECORDED YESTERDAY.
  LIGHT RAIN


RELATIVE HUMIDITY (PERCENT)
 HIGHEST    85           300 AM
 LOWEST     49           300 PM
 AVERAGE    67

..........................................................


THE NEW BERN NC CLIMATE NORMALS FOR TODAY
                         NORMAL    RECORD    YEAR
 MAXIMUM TEMPERATURE (F)   87        98      2002
 MINIMUM TEMPERATURE (F)   70        57      1969


SUNRISE AND SUNSET
AUGUST 23 2014........SUNRISE   634 AM EDT   SUNSET   747 PM EDT
AUGUST 24 2014........SUNRISE   635 AM EDT   SUNSET   746 PM EDT


-  INDICATES NEGATIVE NUMBERS.
R  INDICATES RECORD WAS SET OR TIED.
MM INDICATES DATA IS MISSING.
T  INDICATES TRACE AMOUNT.




$$
