267
CDUS41 KOKX 190618
CLIEWR


CLIMATE REPORT
NATIONAL WEATHER SERVICE NEW YORK NY
118 AM EST FRI JAN 19 2018


...................................

...THE NEWARK NJ CLIMATE SUMMARY FOR JANUARY 18 2018...

CLIMATE NORMAL PERIOD 1981 TO 2010
CLIMATE RECORD PERIOD 1929 TO 2018


WEATHER ITEM   OBSERVED TIME   RECORD YEAR NORMAL DEPARTURE LAST
                VALUE   (LST)  VALUE       VALUE  FROM      YEAR
                                                  NORMAL
..................................................................
TEMPERATURE (F)
 YESTERDAY
  MAXIMUM         35        MM  66    1990  38     -3       42
  MINIMUM         17        MM  -7    1982  24     -7       38
  AVERAGE         26                        31     -5       40

PRECIPITATION (IN)
  YESTERDAY        0.00          1.84 2015   0.12  -0.12     0.04
  MONTH TO DATE    1.55                      2.13  -0.58     2.43
  SINCE DEC 1      3.19                      5.94  -2.75     5.34
  SINCE JAN 1      1.55                      2.13  -0.58     2.43

SNOWFALL (IN)
  YESTERDAY        0.0           2.9  1984   0.2   -0.2      0.0
  MONTH TO DATE    9.4                       4.5    4.9      8.8
  SINCE OCT 1     17.1                      10.3    6.8     12.2
  SINCE JUL 1     17.1                      10.3    6.8     12.2
  SNOW DEPTH       0

DEGREE DAYS
 HEATING
  YESTERDAY       39                        34      5       25
  MONTH TO DATE  701                       602     99      521
  SINCE DEC 1   1636                      1484    152     1361
  SINCE JUL 1   2321                      2352    -31     2044

 COOLING
  YESTERDAY        0                         0      0        0
  MONTH TO DATE    0                         0      0        0
  SINCE DEC 1      0                         0      0        0
  SINCE JAN 1      0                         0      0        0
..................................................................


WIND (MPH)
  HIGHEST WIND SPEED    17   HIGHEST WIND DIRECTION    NW (320)
  HIGHEST GUST SPEED    25   HIGHEST GUST DIRECTION     W (290)
  AVERAGE WIND SPEED    11.5


SKY COVER
  AVERAGE SKY COVER 0.1


WEATHER CONDITIONS
 THE FOLLOWING WEATHER WAS RECORDED YESTERDAY.
  NO SIGNIFICANT WEATHER WAS OBSERVED.


RELATIVE HUMIDITY (PERCENT)
 HIGHEST    67           500 AM
 LOWEST     32           200 PM
 AVERAGE    50

..........................................................


THE NEWARK NJ CLIMATE NORMALS FOR TODAY
                         NORMAL    RECORD    YEAR
 MAXIMUM TEMPERATURE (F)   39        64      1951
 MINIMUM TEMPERATURE (F)   24        -2      1994


SUNRISE AND SUNSET
JANUARY 19 2018.......SUNRISE   717 AM EST   SUNSET   459 PM EST
JANUARY 20 2018.......SUNRISE   716 AM EST   SUNSET   500 PM EST


-  INDICATES NEGATIVE NUMBERS.
R  INDICATES RECORD WAS SET OR TIED.
MM INDICATES DATA IS MISSING.
T  INDICATES TRACE AMOUNT.




$$
