000
CDUS43 KIND 030550
CLIEYE


CLIMATE REPORT
NATIONAL WEATHER SERVICE INDIANAPOLIS IN
150 AM EDT TUE MAY 3 2016


...................................

...THE INDIANAPOLIS EAGLE CREEK IN CLIMATE SUMMARY FOR MAY 2 2016...

CLIMATE NORMAL PERIOD 1981 TO 2010
CLIMATE RECORD PERIOD 9999 TO 9999


WEATHER ITEM   OBSERVED TIME   NORMAL DEPARTURE LAST
                VALUE   (LST)  VALUE  FROM      YEAR
                                      NORMAL
......................................................
TEMPERATURE (F)
 YESTERDAY
  MAXIMUM         60    112 AM  68     -8       74
  MINIMUM         51    800 AM  48      3       48
  AVERAGE         56            58     -2       61

PRECIPITATION (IN)
  YESTERDAY        0.08          0.21  -0.13     0.00
  MONTH TO DATE    0.17          0.43  -0.26     0.00
  SINCE MAR 1      6.47          7.63  -1.16     8.13
  SINCE JAN 1      8.43         11.97  -3.54    10.61

DEGREE DAYS
 HEATING
  YESTERDAY        9             7      2        4
  MONTH TO DATE    9            15     -6       13
  SINCE MAR 1    848          1085   -237     1165
  SINCE JUL 1   4361          5210   -849     5851

 COOLING
  YESTERDAY        0             1     -1        0
  MONTH TO DATE    3             2      1        0
  SINCE MAR 1     16            17     -1        4
  SINCE JAN 1     16            17     -1        4
......................................................


WIND (MPH)
  HIGHEST WIND SPEED    14   HIGHEST WIND DIRECTION     W (290)
  HIGHEST GUST SPEED    18   HIGHEST GUST DIRECTION     W (280)
  AVERAGE WIND SPEED     6.9


SKY COVER
  AVERAGE SKY COVER 1.0


WEATHER CONDITIONS
 THE FOLLOWING WEATHER WAS RECORDED YESTERDAY.
  RAIN
  LIGHT RAIN
  FOG


RELATIVE HUMIDITY (PERCENT)
 HIGHEST    96           700 AM
 LOWEST     77           600 PM
 AVERAGE    87

..........................................................


THE INDIANAPOLIS EAGLE CREEK IN CLIMATE NORMALS FOR TODAY
                         NORMAL
 MAXIMUM TEMPERATURE (F)   68
 MINIMUM TEMPERATURE (F)   49


SUNRISE AND SUNSET
MAY  3 2016...........SUNRISE   643 AM EDT   SUNSET   842 PM EDT
MAY  4 2016...........SUNRISE   641 AM EDT   SUNSET   843 PM EDT


-  INDICATES NEGATIVE NUMBERS.
R  INDICATES RECORD WAS SET OR TIED.
MM INDICATES DATA IS MISSING.
T  INDICATES TRACE AMOUNT.




$$
