000
CDUS43 KIND 272033
CLIEYE


CLIMATE REPORT
NATIONAL WEATHER SERVICE INDIANAPOLIS IN
431 PM EDT THU APR 27 2017


...................................

...THE INDIANAPOLIS EAGLE CREEK IN CLIMATE SUMMARY FOR APRIL 27 2017...
VALID TODAY AS OF 0400 PM LOCAL TIME.

CLIMATE NORMAL PERIOD 1981 TO 2010
CLIMATE RECORD PERIOD 9999 TO 9999


WEATHER ITEM   OBSERVED TIME   NORMAL DEPARTURE LAST
                VALUE   (LST)  VALUE  FROM      YEAR
                                      NORMAL
......................................................
TEMPERATURE (F)
 TODAY
  MAXIMUM         73   1209 AM  67      6       60
  MINIMUM         52    953 AM  47      5       49
  AVERAGE         63            57      6       55

PRECIPITATION (IN)
  TODAY            0.06          0.17  -0.11     0.26
  MONTH TO DATE    1.53          3.35  -1.82     2.74
  SINCE MAR 1      5.98          6.65  -0.67     5.18
  SINCE JAN 1     11.14         10.99   0.15     7.14

......................................................


WIND (MPH)
  HIGHEST WIND SPEED    21   HIGHEST WIND DIRECTION    SW (210)
  HIGHEST GUST SPEED    27   HIGHEST GUST DIRECTION    SW (210)
  AVERAGE WIND SPEED    11.2


SKY COVER
  AVERAGE SKY COVER 0.9


WEATHER CONDITIONS
 THE FOLLOWING WEATHER WAS RECORDED TODAY.
  LIGHT RAIN
  FOG


RELATIVE HUMIDITY (PERCENT)
 HIGHEST    84           400 AM
 LOWEST     49          1200 AM

..........................................................


THE INDIANAPOLIS EAGLE CREEK IN CLIMATE NORMALS FOR TOMORROW
                         NORMAL
 MAXIMUM TEMPERATURE (F)   67
 MINIMUM TEMPERATURE (F)   47


SUNRISE AND SUNSET
APRIL 27 2017.........SUNRISE   650 AM EDT   SUNSET   836 PM EDT
APRIL 28 2017.........SUNRISE   649 AM EDT   SUNSET   837 PM EDT


-  INDICATES NEGATIVE NUMBERS.
R  INDICATES RECORD WAS SET OR TIED.
MM INDICATES DATA IS MISSING.
T  INDICATES TRACE AMOUNT.




$$
