000
CDUS43 KIND 140534
CLIEYE


CLIMATE REPORT
NATIONAL WEATHER SERVICE INDIANAPOLIS IN
1232 AM EST THU DEC 14 2017


...................................

...THE INDIANAPOLIS EAGLE CREEK IN CLIMATE SUMMARY FOR DECEMBER 13 2017...

CLIMATE NORMAL PERIOD 1981 TO 2010
CLIMATE RECORD PERIOD 9999 TO 9999


WEATHER ITEM   OBSERVED TIME   NORMAL DEPARTURE LAST
                VALUE   (LST)  VALUE  FROM      YEAR
                                      NORMAL
......................................................
TEMPERATURE (F)
 YESTERDAY
  MAXIMUM         44    644 PM  39      5       32
  MINIMUM         18    305 AM  25     -7       12
  AVERAGE         31            32     -1       22

PRECIPITATION (IN)
  YESTERDAY        T             0.07  -0.07     0.17
  MONTH TO DATE    0.16          1.10  -0.94     0.61
  SINCE DEC 1      0.16          1.10  -0.94     0.61
  SINCE JAN 1     39.47         38.81   0.66    42.67

DEGREE DAYS
 HEATING
  YESTERDAY       34            33      1       43
  MONTH TO DATE  378           398    -20      424
  SINCE DEC 1    378           398    -20      424
  SINCE JUL 1   1273          1422   -149     1108

 COOLING
  YESTERDAY        0             0      0        0
  MONTH TO DATE    0             0      0        0
  SINCE DEC 1      0             0      0        0
  SINCE JAN 1   1146          1058     88     1453
......................................................


WIND (MPH)
  HIGHEST WIND SPEED    38   HIGHEST WIND DIRECTION     W (290)
  HIGHEST GUST SPEED    51   HIGHEST GUST DIRECTION     W (280)
  AVERAGE WIND SPEED    14.8


SKY COVER
  AVERAGE SKY COVER 0.8


WEATHER CONDITIONS
 THE FOLLOWING WEATHER WAS RECORDED YESTERDAY.
  LIGHT RAIN


RELATIVE HUMIDITY (PERCENT)
 HIGHEST    70           800 PM
 LOWEST     36          1200 PM
 AVERAGE    53

..........................................................


THE INDIANAPOLIS EAGLE CREEK IN CLIMATE NORMALS FOR TODAY
                         NORMAL
 MAXIMUM TEMPERATURE (F)   39
 MINIMUM TEMPERATURE (F)   25


SUNRISE AND SUNSET
DECEMBER 14 2017......SUNRISE   759 AM EST   SUNSET   521 PM EST
DECEMBER 15 2017......SUNRISE   800 AM EST   SUNSET   521 PM EST


-  INDICATES NEGATIVE NUMBERS.
R  INDICATES RECORD WAS SET OR TIED.
MM INDICATES DATA IS MISSING.
T  INDICATES TRACE AMOUNT.




$$
