000
CDUS43 KIND 040533
CLIEYE


CLIMATE REPORT
NATIONAL WEATHER SERVICE INDIANAPOLIS IN
1232 AM EST WED MAR 4 2015


...................................

...THE INDIANAPOLIS EAGLE CREEK IN CLIMATE SUMMARY FOR MARCH 3 2015...

CLIMATE NORMAL PERIOD 1981 TO 2010
CLIMATE RECORD PERIOD 9999 TO 9999


WEATHER ITEM   OBSERVED TIME   NORMAL DEPARTURE LAST
                VALUE   (LST)  VALUE  FROM      YEAR
                                      NORMAL
......................................................
TEMPERATURE (F)
 YESTERDAY
  MAXIMUM         41    530 PM  46     -5       18
  MINIMUM         25   1220 AM  29     -4        7
  AVERAGE         33            37     -4       13

PRECIPITATION (IN)
  YESTERDAY        0.40          0.07   0.33      T
  MONTH TO DATE    0.78          0.21   0.57     0.18
  SINCE MAR 1      0.78          0.21   0.57     0.18
  SINCE JAN 1      3.26          4.55  -1.29     4.56

DEGREE DAYS
 HEATING
  YESTERDAY       32            28      4       52
  MONTH TO DATE  114            84     30      126
  SINCE MAR 1    114            84     30      126
  SINCE JUL 1   4800          4209    591     4952

 COOLING
  YESTERDAY        0             0      0        0
  MONTH TO DATE    0             0      0        0
  SINCE MAR 1      0             0      0        0
  SINCE JAN 1      0             0      0        0
......................................................


WIND (MPH)
  HIGHEST WIND SPEED    17   HIGHEST WIND DIRECTION     W (280)
  HIGHEST GUST SPEED    24   HIGHEST GUST DIRECTION     W (270)
  AVERAGE WIND SPEED     8.6


SKY COVER
  AVERAGE SKY COVER 0.9


WEATHER CONDITIONS
 THE FOLLOWING WEATHER WAS RECORDED YESTERDAY.
  RAIN
  LIGHT RAIN
  FREEZING RAIN
  LT FREEZING RAIN
  FOG
  HAZE


RELATIVE HUMIDITY (PERCENT)
 HIGHEST   100          1200 PM
 LOWEST     63           100 AM
 AVERAGE    82

..........................................................


THE INDIANAPOLIS EAGLE CREEK IN CLIMATE NORMALS FOR TODAY
                         NORMAL
 MAXIMUM TEMPERATURE (F)   47
 MINIMUM TEMPERATURE (F)   29


SUNRISE AND SUNSET
MARCH  4 2015.........SUNRISE   714 AM EST   SUNSET   640 PM EST
MARCH  5 2015.........SUNRISE   713 AM EST   SUNSET   641 PM EST


-  INDICATES NEGATIVE NUMBERS.
R  INDICATES RECORD WAS SET OR TIED.
MM INDICATES DATA IS MISSING.
T  INDICATES TRACE AMOUNT.




$$
