000
CDUS42 KKEY 282028
CLIEYW

CLIMATE REPORT
NATIONAL WEATHER SERVICE KEY WEST, FL
426 PM EDT SAT MAY 28 2016

...................................

...THE KEY WEST CLIMATE SUMMARY FOR MAY 28 2016...
VALID TODAY AS OF 0400 PM LOCAL TIME.

CLIMATE NORMAL PERIOD 1981 TO 2010
CLIMATE RECORD PERIOD 1871 TO 2016


WEATHER ITEM   OBSERVED TIME   RECORD YEAR NORMAL DEPARTURE LAST
                VALUE   (LST)  VALUE       VALUE  FROM      YEAR
                                                  NORMAL
..................................................................
TEMPERATURE (F)
 TODAY
  MAXIMUM         86    310 PM  92    1953  86      0       86
  MINIMUM         79    610 AM  68    1916  77      2       78
  AVERAGE         83                        82      1       82

PRECIPITATION (IN)
  TODAY            0.00          2.40 2013   0.14  -0.14     0.00
  MONTH TO DATE    2.37                      2.57  -0.20     1.12
  SINCE MAR 1      4.07                      6.67  -2.60     9.20
  SINCE JAN 1     11.15                     10.20   0.95    12.43

SNOWFALL (IN)
  TODAY            0.0
  MONTH TO DATE    0.0
  SINCE MAR 1      0.0
  SINCE JUL 1      0.0
  SNOW DEPTH       0

DEGREE DAYS
 HEATING
  TODAY            0                         0      0        0
  MONTH TO DATE    0                         0      0        0
  SINCE MAR 1      0                         7     -7        0
  SINCE JUL 1     24                        73    -49       27

 COOLING
  TODAY           18                        17      1       17
  MONTH TO DATE  417                       426     -9      463
  SINCE MAR 1   1110                      1032     78     1307
  SINCE JAN 1   1438                      1380     58     1665
..................................................................

WIND (MPH)
  HIGHEST WIND SPEED    10   HIGHEST WIND DIRECTION    SE (120)
  HIGHEST GUST SPEED    13   HIGHEST GUST DIRECTION    SE (150)
  AVERAGE WIND SPEED     6.2

SKY COVER
  POSSIBLE SUNSHINE  MM
  AVERAGE SKY COVER 0.1

WEATHER CONDITIONS
 THE FOLLOWING WEATHER WAS RECORDED TODAY.
  NO SIGNIFICANT WEATHER WAS OBSERVED.

RELATIVE HUMIDITY (PERCENT)
 HIGHEST    79
 LOWEST     61
 AVERAGE    70
..........................................................

THE KEY WEST CLIMATE NORMALS FOR TOMORROW
                         NORMAL    RECORD    YEAR
 MAXIMUM TEMPERATURE (F)   87        91      1952
                                             1878
 MINIMUM TEMPERATURE (F)   77        68      1926

SUNRISE AND SUNSET
MAY 28 2016...........SUNRISE   639 AM EDT   SUNSET   810 PM EDT
MAY 29 2016...........SUNRISE   639 AM EDT   SUNSET   811 PM EDT

-  INDICATES NEGATIVE NUMBERS.
R  INDICATES RECORD WAS SET OR TIED.
MM INDICATES DATA IS MISSING.
T  INDICATES TRACE AMOUNT.


$$

FLING
