000
CDUS42 KKEY 220538
CLIEYW

CLIMATE REPORT
NATIONAL WEATHER SERVICE KEY WEST, FL
136 AM EDT TUE JUL 22 2014


...................................

...THE KEY WEST CLIMATE SUMMARY FOR JULY 21 2014...

CLIMATE NORMAL PERIOD 1981 TO 2010
CLIMATE RECORD PERIOD 1871 TO 2014


WEATHER ITEM   OBSERVED TIME   RECORD YEAR NORMAL DEPARTURE LAST
                VALUE   (LST)  VALUE       VALUE  FROM      YEAR
                                                  NORMAL
..................................................................
TEMPERATURE (F)
 YESTERDAY
  MAXIMUM         89    421 PM  94    1881  90     -1       88
                                      1877
  MINIMUM         78   1219 AM  72    1946  80     -2       81
                                      1899
  AVERAGE         84                        85     -1       85

PRECIPITATION (IN)
  YESTERDAY        T             1.66 1997   0.11  -0.11     0.00
  MONTH TO DATE    1.94                      2.40  -0.46     7.79
  SINCE JUN 1      4.32                      6.51  -2.19    16.33
  SINCE JAN 1     17.17                     17.14   0.03    31.12

SNOWFALL (IN)
  YESTERDAY        0.0
  MONTH TO DATE    0.0
  SINCE JUN 1      0.0
  SINCE JUL 1      0.0
  SNOW DEPTH       0

DEGREE DAYS
 HEATING
  YESTERDAY        0                         0      0        0
  MONTH TO DATE    0                         0      0        0
  SINCE JUN 1      0                         0      0        0
  SINCE JUL 1      0                         0      0        0

 COOLING
  YESTERDAY       19                        20     -1       20
  MONTH TO DATE  448                       408     40      360
  SINCE JUN 1   1006                       957     49      918
  SINCE JAN 1   2628                      2387    241     2547
..................................................................


WIND (MPH)
  HIGHEST WIND SPEED    12   HIGHEST WIND DIRECTION     E (110)
  HIGHEST GUST SPEED    14   HIGHEST GUST DIRECTION     E (110)
  AVERAGE WIND SPEED     6.1


SKY COVER
  POSSIBLE SUNSHINE  MM
  AVERAGE SKY COVER 0.1


WEATHER CONDITIONS
 THE FOLLOWING WEATHER WAS RECORDED YESTERDAY.
  LIGHT RAIN


RELATIVE HUMIDITY (PERCENT)
 HIGHEST    91
 LOWEST     63
 AVERAGE    77

..........................................................


THE KEY WEST CLIMATE NORMALS FOR TODAY
                         NORMAL    RECORD    YEAR
 MAXIMUM TEMPERATURE (F)   90        93      1956
                                             1881
                                             1878
 MINIMUM TEMPERATURE (F)   80        72      1950
                                             1915
                                             1901


SUNRISE AND SUNSET
JULY 22 2014..........SUNRISE   651 AM EDT   SUNSET   816 PM EDT
JULY 23 2014..........SUNRISE   651 AM EDT   SUNSET   816 PM EDT


-  INDICATES NEGATIVE NUMBERS.
R  INDICATES RECORD WAS SET OR TIED.
MM INDICATES DATA IS MISSING.
T  INDICATES TRACE AMOUNT.




$$
