000
CDUS42 KKEY 300552
CLIEYW

CLIMATE REPORT
NATIONAL WEATHER SERVICE KEY WEST, FL
150 AM EDT TUE JUN 30 2015


...................................

...THE KEY WEST CLIMATE SUMMARY FOR JUNE 29 2015...

CLIMATE NORMAL PERIOD 1981 TO 2010
CLIMATE RECORD PERIOD 1871 TO 2015


WEATHER ITEM   OBSERVED TIME   RECORD YEAR NORMAL DEPARTURE LAST
                VALUE   (LST)  VALUE       VALUE  FROM      YEAR
                                                  NORMAL
..................................................................
TEMPERATURE (F)
 YESTERDAY
  MAXIMUM         92    354 PM  94    1957  89      3       91
  MINIMUM         81    609 AM  69    1920  79      2       77
  AVERAGE         87                        84      3       84

PRECIPITATION (IN)
  YESTERDAY        0.00          1.14 1986   0.13  -0.13     0.25
  MONTH TO DATE    2.64                      3.97  -1.33     2.36
  SINCE JUN 1      2.64                      3.97  -1.33     2.36
  SINCE JAN 1     15.07                     14.60   0.47    15.21

SNOWFALL (IN)
  YESTERDAY        0.0
  MONTH TO DATE    0.0
  SINCE JUN 1      0.0
  SINCE JUL 1      0.0
  SNOW DEPTH       0

DEGREE DAYS
 HEATING
  YESTERDAY        0                         0      0        0
  MONTH TO DATE    0                         0      0        0
  SINCE JUN 1      0                         0      0        0
  SINCE JUL 1     27                        73    -46       22

 COOLING
  YESTERDAY       22                        19      3       19
  MONTH TO DATE  547                       531     16      538
  SINCE JUN 1    547                       531     16      538
  SINCE JAN 1   2264                      1961    303     2160
..................................................................


WIND (MPH)
  HIGHEST WIND SPEED    13   HIGHEST WIND DIRECTION    SE (130)
  HIGHEST GUST SPEED    17   HIGHEST GUST DIRECTION    NW (310)
  AVERAGE WIND SPEED     4.8


SKY COVER
  POSSIBLE SUNSHINE  MM
  AVERAGE SKY COVER 0.1


WEATHER CONDITIONS
 THE FOLLOWING WEATHER WAS RECORDED YESTERDAY.
  NO SIGNIFICANT WEATHER WAS OBSERVED.


RELATIVE HUMIDITY (PERCENT)
 HIGHEST    91
 LOWEST     66
 AVERAGE    79

..........................................................


THE KEY WEST CLIMATE NORMALS FOR TODAY
                         NORMAL    RECORD    YEAR
 MAXIMUM TEMPERATURE (F)   89        94      1881
 MINIMUM TEMPERATURE (F)   80        71      1935


SUNRISE AND SUNSET
JUNE 30 2015..........SUNRISE   641 AM EDT   SUNSET   820 PM EDT
JULY  1 2015..........SUNRISE   642 AM EDT   SUNSET   820 PM EDT


-  INDICATES NEGATIVE NUMBERS.
R  INDICATES RECORD WAS SET OR TIED.
MM INDICATES DATA IS MISSING.
T  INDICATES TRACE AMOUNT.


$$
