918
CDUS42 KKEY 290538
CLIEYW

CLIMATE REPORT
NATIONAL WEATHER SERVICE KEY WEST, FL
136 AM EDT THU SEP 29 2016


...................................

...THE KEY WEST CLIMATE SUMMARY FOR SEPTEMBER 28 2016...

CLIMATE NORMAL PERIOD 1981 TO 2010
CLIMATE RECORD PERIOD 1871 TO 2016


WEATHER ITEM   OBSERVED TIME   RECORD YEAR NORMAL DEPARTURE LAST
                VALUE   (LST)  VALUE       VALUE  FROM      YEAR
                                                  NORMAL
..................................................................
TEMPERATURE (F)
 YESTERDAY
  MAXIMUM         87    153 PM  92    1936  87      0       87
  MINIMUM         77    642 AM  64    1893  78     -1       79
  AVERAGE         82                        82      0       83

PRECIPITATION (IN)
  YESTERDAY        0.00          6.19 1953   0.22  -0.22     0.09
  MONTH TO DATE    8.03                      6.28   1.75     6.30
  SINCE SEP 1      8.03                      6.28   1.75     6.30
  SINCE JAN 1     33.37                     29.95   3.42    28.81

SNOWFALL (IN)
  YESTERDAY        0.0
  MONTH TO DATE    0.0
  SINCE SEP 1      0.0
  SINCE JUL 1      0.0
  SNOW DEPTH       0

DEGREE DAYS
 HEATING
  YESTERDAY        0                         0      0        0
  MONTH TO DATE    0                         0      0        0
  SINCE SEP 1      0                         0      0        0
  SINCE JUL 1      0                         0      0        0

 COOLING
  YESTERDAY       17                        17      0       18
  MONTH TO DATE  537                       513     24      566
  SINCE SEP 1    537                       513     24      566
  SINCE JAN 1   3844                      3702    142     4159
..................................................................


WIND (MPH)
  HIGHEST WIND SPEED     8   HIGHEST WIND DIRECTION     S (190)
  HIGHEST GUST SPEED    10   HIGHEST GUST DIRECTION     S (180)
  AVERAGE WIND SPEED     3.4


SKY COVER
  POSSIBLE SUNSHINE  MM
  AVERAGE SKY COVER 0.1


WEATHER CONDITIONS
 THE FOLLOWING WEATHER WAS RECORDED YESTERDAY.
  NO SIGNIFICANT WEATHER WAS OBSERVED.


RELATIVE HUMIDITY (PERCENT)
 HIGHEST    91
 LOWEST     65
 AVERAGE    78

..........................................................


THE KEY WEST CLIMATE NORMALS FOR TODAY
                         NORMAL    RECORD    YEAR
 MAXIMUM TEMPERATURE (F)   87        92      1958
                                             1872
 MINIMUM TEMPERATURE (F)   78        71      2001
                                             1947
                                             1937


SUNRISE AND SUNSET
SEPTEMBER 29 2016.....SUNRISE   718 AM EDT   SUNSET   715 PM EDT
SEPTEMBER 30 2016.....SUNRISE   719 AM EDT   SUNSET   714 PM EDT


-  INDICATES NEGATIVE NUMBERS.
R  INDICATES RECORD WAS SET OR TIED.
MM INDICATES DATA IS MISSING.
T  INDICATES TRACE AMOUNT.




$$
