000
CDUS42 KKEY 310540
CLIEYW

CLIMATE REPORT
NATIONAL WEATHER SERVICE KEY WEST, FL
139 AM EDT FRI JUL 31 2015

...................................

...THE KEY WEST CLIMATE SUMMARY FOR JULY 30 2015...

CLIMATE NORMAL PERIOD 1981 TO 2010
CLIMATE RECORD PERIOD 1871 TO 2015

WEATHER ITEM   OBSERVED TIME   RECORD YEAR NORMAL DEPARTURE LAST
               VALUE    (LST)  VALUE       VALUE  FROM      YEAR
                                                  NORMAL
..................................................................
TEMPERATURE (F)
 YESTERDAY
  MAXIMUM         88    506 PM  94    1933  90     -2       91
                                      1884
                                      1881
  MINIMUM         82   1152 PM  69    1890  80      2       81
  AVERAGE         85                        85      0       86

PRECIPITATION (IN)
  YESTERDAY        0.00          2.65 1886   0.12  -0.12     0.07
  MONTH TO DATE    0.67                      3.43  -2.76     2.03
  SINCE JUN 1      3.31                      7.54  -4.23     4.41
  SINCE JAN 1     15.74                     18.17  -2.43    17.26

SNOWFALL (IN)
  YESTERDAY        0.0
  MONTH TO DATE    0.0
  SINCE JUN 1      0.0
  SINCE JUL 1      0.0
  SNOW DEPTH       0

DEGREE DAYS
 HEATING
  YESTERDAY        0                         0      0        0
  MONTH TO DATE    0                         0      0        0
  SINCE JUN 1      0                         0      0        0
  SINCE JUL 1      0                         0      0        0

 COOLING
  YESTERDAY       20                        20      0       21
  MONTH TO DATE  631                       588     43      648
  SINCE JUN 1   1202                      1137     65     1206
  SINCE JAN 1   2919                      2567    352     2828
..................................................................

WIND (MPH)
  HIGHEST WIND SPEED     8   HIGHEST WIND DIRECTION    SW (230)
  HIGHEST GUST SPEED    11   HIGHEST GUST DIRECTION     S (200)
  AVERAGE WIND SPEED     3.7

SKY COVER
  POSSIBLE SUNSHINE  MM
  AVERAGE SKY COVER 0.0

WEATHER CONDITIONS
 THE FOLLOWING WEATHER WAS RECORDED YESTERDAY.
  NO SIGNIFICANT WEATHER WAS OBSERVED.

RELATIVE HUMIDITY (PERCENT)
 HIGHEST    85
 LOWEST     59
 AVERAGE    72

..........................................................

THE KEY WEST CLIMATE NORMALS FOR TODAY
                         NORMAL    RECORD    YEAR
 MAXIMUM TEMPERATURE (F)   90        95      1874
 MINIMUM TEMPERATURE (F)   80        71      1889

SUNRISE AND SUNSET
JULY 31 2015..........SUNRISE   655 AM EDT   SUNSET   812 PM EDT
AUGUST  1 2015........SUNRISE   655 AM EDT   SUNSET   811 PM EDT

-  INDICATES NEGATIVE NUMBERS.
R  INDICATES RECORD WAS SET OR TIED.
MM INDICATES DATA IS MISSING.
T  INDICATES TRACE AMOUNT.

$$
