000
CDAK49 PAFG 270037
CLIFAI

CLIMATE REPORT
NATIONAL WEATHER SERVICE FAIRBANKS AK
437 PM AKDT MON JUN 26 2017

...................................

...THE FAIRBANKS AK CLIMATE SUMMARY FOR JUNE 26 2017...
VALID TODAY AS OF 0400 PM LOCAL TIME.

CLIMATE NORMAL PERIOD 1981 TO 2010
CLIMATE RECORD PERIOD 1904 TO 2017


WEATHER ITEM   OBSERVED TIME   RECORD YEAR NORMAL DEPARTURE LAST
                VALUE   (LST)  VALUE       VALUE  FROM      YEAR
                                                  NORMAL
..................................................................
TEMPERATURE (F)
 TODAY
  MAXIMUM         76    248 PM  95    1915  74      2       80
  MINIMUM         49    249 AM  36    1949  52     -3       55
  AVERAGE         63                        63      0       68

PRECIPITATION (IN)
  TODAY            0.00          0.94 1995   0.05  -0.05     0.44
  MONTH TO DATE    1.73                      1.13   0.60     2.82
  SINCE JUN 1      1.73                      1.13   0.60     2.82
  SINCE JAN 1      4.78                      3.29   1.49     4.71

SNOWFALL (IN)
  TODAY            0.0           0.0  2002   0.0    0.0      0.0
                                      2001
                                      2000
  MONTH TO DATE    0.0                       0.0    0.0      0.0
  SINCE JUN 1      0.0                       0.0    0.0      0.0
  SINCE JUL 1     83.1                      65.0   18.1     60.0
  SNOW DEPTH       0

DEGREE DAYS
 HEATING
  TODAY            2                         3     -1        0
  MONTH TO DATE   94                       147    -53      155
  SINCE JUN 1     94                       147    -53      155
  SINCE JUL 1  13648                     13656     -8    11983

 COOLING
  TODAY            0                         1     -1        3
  MONTH TO DATE   28                        13     15       17
  SINCE JUN 1     28                        13     15       17
  SINCE JAN 1     28                        14     14       23
..................................................................


WIND (MPH)
  HIGHEST GUST SPEED    11   HIGHEST GUST DIRECTION    NE (40)


SKY COVER
  AVERAGE SKY COVER 0.5


WEATHER CONDITIONS
 THE FOLLOWING WEATHER WAS RECORDED TODAY.
  NO SIGNIFICANT WEATHER WAS OBSERVED.


RELATIVE HUMIDITY (PERCENT)
 HIGHEST    89
 LOWEST     33
 AVERAGE    61

..........................................................


THE FAIRBANKS AK CLIMATE NORMALS FOR TOMORROW
                         NORMAL    RECORD    YEAR
 MAXIMUM TEMPERATURE (F)   74        89      1938
 MINIMUM TEMPERATURE (F)   52        34      1923


SUNRISE AND SUNSET
JUNE 26 2017..........SUNRISE  304 AM AKDT   SUNSET  1244 AM AKDT
JUNE 27 2017..........SUNRISE  305 AM AKDT   SUNSET  1243 AM AKDT


-  INDICATES NEGATIVE NUMBERS.
R  INDICATES RECORD WAS SET OR TIED.
MM INDICATES DATA IS MISSING.
T  INDICATES TRACE AMOUNT.

&&

SNOW DEPTH IS MEASURED AT 3AM AKST/4AM AKDT

----------------------------
AVAILABLE DAYLIGHT

AMOUNT OF DAYLIGHT TODAY  (HOUR:MIN)........21:40
LOSS SINCE YESTERDAY........................3 MINUTES
----------------------------

$$
SDB JUN 17
