000
CDAK49 PAFG 060946
CLIFAI

CLIMATE REPORT
NATIONAL WEATHER SERVICE FAIRBANKS AK
1246 AM AKST SAT FEB 6 2016

...................................

...THE FAIRBANKS AK CLIMATE SUMMARY FOR FEBRUARY 5 2016...

CLIMATE NORMAL PERIOD 1981 TO 2010
CLIMATE RECORD PERIOD 1904 TO 2016


WEATHER ITEM   OBSERVED TIME   RECORD YEAR NORMAL DEPARTURE LAST
                VALUE   (LST)  VALUE       VALUE  FROM      YEAR
                                                  NORMAL
..................................................................
TEMPERATURE (F)
 YESTERDAY
  MAXIMUM         18    144 PM  39    1980   5     13      -16
  MINIMUM         -5    850 AM -56    1968 -15     10      -36
  AVERAGE          7                        -5     12      -26

PRECIPITATION (IN)
  YESTERDAY        0.00          0.31 1931   0.01  -0.01      T
  MONTH TO DATE    0.00                      0.08  -0.08      T
  SINCE DEC 1      0.08                      1.30  -1.22     1.08
  SINCE JAN 1      0.01                      0.66  -0.65     0.15

SNOWFALL (IN)
  YESTERDAY        0.0           2.4  1931   0.3   -0.3       T
  MONTH TO DATE    0.0                       1.5   -1.5       T
  SINCE DEC 1      1.9                      23.9  -22.0     19.8
  SINCE JUL 1     52.0                      49.7    2.3     29.6
  SNOW DEPTH      12

DEGREE DAYS
 HEATING
  YESTERDAY       58                        70    -12       91
  MONTH TO DATE  324                       353    -29      413
  SINCE DEC 1   4295                      4754   -459     4377
  SINCE JUL 1   8083                      8885   -802     8095

 COOLING
  YESTERDAY        0                         0      0        0
  MONTH TO DATE    0                         0      0        0
  SINCE DEC 1      0                         0      0        0
  SINCE JAN 1      0                         0      0        0
..................................................................


WIND (MPH)
  HIGHEST GUST SPEED    12   HIGHEST GUST DIRECTION    NE (30)


SKY COVER
  AVERAGE SKY COVER 0.5


WEATHER CONDITIONS
 THE FOLLOWING WEATHER WAS RECORDED YESTERDAY.
  NO SIGNIFICANT WEATHER WAS OBSERVED.


RELATIVE HUMIDITY (PERCENT)
 HIGHEST    91
 LOWEST     61
 AVERAGE    76

..........................................................


THE FAIRBANKS AK CLIMATE NORMALS FOR TODAY
                         NORMAL    RECORD    YEAR
 MAXIMUM TEMPERATURE (F)    6        40      1935
 MINIMUM TEMPERATURE (F)  -15       -52      1953


SUNRISE AND SUNSET
FEBRUARY 06 2016..........SUNRISE  922 AM AKST   SUNSET  451 PM AKST
FEBRUARY 07 2016..........SUNRISE  919 AM AKST   SUNSET  455 PM AKST


-  INDICATES NEGATIVE NUMBERS.
R  INDICATES RECORD WAS SET OR TIED.
MM INDICATES DATA IS MISSING.
T  INDICATES TRACE AMOUNT.

&&

SNOW DEPTH IS MEASURED AT 3AM AKST/4AM AKDT

----------------------------
AVAILABLE DAYLIGHT

AMOUNT OF DAYLIGHT TODAY  (HOUR:MIN)........7:29
GAIN SINCE YESTERDAY........................7 MINUTES
----------------------------

$$
RM FEB 16
