000
CDAK49 PAFG 030944
CLIFAI

CLIMATE REPORT
NATIONAL WEATHER SERVICE FAIRBANKS AK
1244 AM AKST SAT DEC 3 2016

...................................

...THE FAIRBANKS AK CLIMATE SUMMARY FOR DECEMBER 2 2016...

CLIMATE NORMAL PERIOD 1981 TO 2010
CLIMATE RECORD PERIOD 1904 TO 2016


WEATHER ITEM   OBSERVED TIME   RECORD YEAR NORMAL DEPARTURE LAST
                VALUE   (LST)  VALUE       VALUE  FROM      YEAR
                                                  NORMAL
..................................................................
TEMPERATURE (F)
 YESTERDAY
  MAXIMUM         -3    252 PM  41    1992   6     -9       13
  MINIMUM         -7   1159 PM -46    1906 -11      4        8
  AVERAGE         -5                        -2     -3       11

PRECIPITATION (IN)
  YESTERDAY        0.22          0.39 2014   0.02   0.20      T
  MONTH TO DATE    0.36                      0.04   0.32      T
  SINCE DEC 1      0.36                      0.04   0.32      T
  SINCE JAN 1     14.46                     10.21   4.25    14.31

SNOWFALL (IN)
  YESTERDAY        2.6           6.3  1992   0.3    2.3       T
  MONTH TO DATE    6.4                       0.7    5.7       T
  SINCE DEC 1      6.4                       0.7    5.7       T
  SINCE JUL 1     11.6                      26.5  -14.9     50.1
  SNOW DEPTH       7

DEGREE DAYS
 HEATING
  YESTERDAY       70                        67      3       54
  MONTH TO DATE  141                       134      7      119
  SINCE DEC 1    141                       134      7      119
  SINCE JUL 1   3911                      4265   -354     3907

 COOLING
  YESTERDAY        0                         0      0        0
  MONTH TO DATE    0                         0      0        0
  SINCE DEC 1      0                         0      0        0
  SINCE JAN 1     76                        61     15       62
..................................................................


WIND (MPH)
  HIGHEST GUST SPEED    14   HIGHEST GUST DIRECTION     W (250)


SKY COVER
  AVERAGE SKY COVER 1.0


WEATHER CONDITIONS
 THE FOLLOWING WEATHER WAS RECORDED YESTERDAY.
  LIGHT SNOW
  FOG


RELATIVE HUMIDITY (PERCENT)
 HIGHEST    90
 LOWEST     71
 AVERAGE    81

..........................................................


THE FAIRBANKS AK CLIMATE NORMALS FOR TODAY
                         NORMAL    RECORD    YEAR
 MAXIMUM TEMPERATURE (F)    6        44      1934
 MINIMUM TEMPERATURE (F)  -11       -49      1916


SUNRISE AND SUNSET
DECEMBER 03 2016..........SUNRISE  1027 AM AKST   SUNSET  256 PM AKST
DECEMBER 04 2016..........SUNRISE  1030 AM AKST   SUNSET  254 PM AKST


-  INDICATES NEGATIVE NUMBERS.
R  INDICATES RECORD WAS SET OR TIED.
MM INDICATES DATA IS MISSING.
T  INDICATES TRACE AMOUNT.

&&

SNOW DEPTH IS MEASURED AT 3AM AKST/4AM AKDT

----------------------------
AVAILABLE DAYLIGHT

AMOUNT OF DAYLIGHT TODAY  (HOUR:MIN)........4:29
LOSS SINCE YESTERDAY........................5 MINUTES
----------------------------

$$
DEC 16
