000
CDAK49 PAFG 270948
CLIFAI

CLIMATE REPORT
NATIONAL WEATHER SERVICE FAIRBANKS AK
148 AM AKDT THU APR 27 2017

...................................

...THE FAIRBANKS AK CLIMATE SUMMARY FOR APRIL 26 2017...

CLIMATE NORMAL PERIOD 1981 TO 2010
CLIMATE RECORD PERIOD 1904 TO 2017


WEATHER ITEM   OBSERVED TIME   RECORD YEAR NORMAL DEPARTURE LAST
                VALUE   (LST)  VALUE       VALUE  FROM      YEAR
                                                  NORMAL
..................................................................
TEMPERATURE (F)
 YESTERDAY
  MAXIMUM         51    444 PM  69    1994  52     -1       66
                                      1940
  MINIMUM         28    509 AM   4    1924  29     -1       41
  AVERAGE         40                        40      0       54

PRECIPITATION (IN)
  YESTERDAY        0.00          0.92 2002   0.01  -0.01     0.10
  MONTH TO DATE    0.09                      0.25  -0.16     0.33
  SINCE MAR 1      0.26                      0.50  -0.24     0.86
  SINCE JAN 1      2.46                      1.50   0.96     0.92

SNOWFALL (IN)
  YESTERDAY        0.0           4.4  2002   0.0    0.0      0.0
  MONTH TO DATE    1.2                       2.6   -1.4      3.7
  SINCE MAR 1      4.7                       7.5   -2.8      7.4
  SINCE JUL 1     83.1                      63.8   19.3     60.0
  SNOW DEPTH       5

DEGREE DAYS
 HEATING
  YESTERDAY       25                        25      0       11
  MONTH TO DATE  771                       880   -109      602
  SINCE MAR 1   2870                      2540    330     1998
  SINCE JUL 1  13000                     12930     70    11404

 COOLING
  YESTERDAY        0                         0      0        0
  MONTH TO DATE    0                         0      0        0
  SINCE MAR 1      0                         0      0        0
  SINCE JAN 1      0                         0      0        0
..................................................................


WIND (MPH)
  HIGHEST GUST SPEED    21   HIGHEST GUST DIRECTION     N (350)


SKY COVER
  AVERAGE SKY COVER 0.8


WEATHER CONDITIONS
 THE FOLLOWING WEATHER WAS RECORDED YESTERDAY.
  NO SIGNIFICANT WEATHER WAS OBSERVED.


RELATIVE HUMIDITY (PERCENT)
 HIGHEST    92
 LOWEST     39
 AVERAGE    66

..........................................................


THE FAIRBANKS AK CLIMATE NORMALS FOR TODAY
                         NORMAL    RECORD    YEAR
 MAXIMUM TEMPERATURE (F)   52        70      2005
 MINIMUM TEMPERATURE (F)   29         7      1909


SUNRISE AND SUNSET
APRIL 27 2017..........SUNRISE  531 AM AKDT   SUNSET  1009 PM AKDT
APRIL 28 2017..........SUNRISE  528 AM AKDT   SUNSET  1012 PM AKDT


-  INDICATES NEGATIVE NUMBERS.
R  INDICATES RECORD WAS SET OR TIED.
MM INDICATES DATA IS MISSING.
T  INDICATES TRACE AMOUNT.

&&

SNOW DEPTH IS MEASURED AT 3AM AKST/4AM AKDT

----------------------------
AVAILABLE DAYLIGHT

AMOUNT OF DAYLIGHT TODAY  (HOUR:MIN)........16:38
GAIN SINCE YESTERDAY........................7 MINUTES
----------------------------

$$
SDB APR 17
