480
CDAK49 PAFG 120054
CLIFAI

CLIMATE REPORT
NATIONAL WEATHER SERVICE FAIRBANKS AK
354 PM AKST MON DEC 11 2017

...................................

...THE FAIRBANKS AK CLIMATE SUMMARY FOR DECEMBER 11 2017...
VALID TODAY AS OF 0300 PM LOCAL TIME.

CLIMATE NORMAL PERIOD 1981 TO 2010
CLIMATE RECORD PERIOD 1904 TO 2017


WEATHER ITEM   OBSERVED TIME   RECORD YEAR NORMAL DEPARTURE LAST
                VALUE   (LST)  VALUE       VALUE  FROM      YEAR
                                                  NORMAL
..................................................................
TEMPERATURE (F)
 TODAY
  MAXIMUM         38    254 AM  44    1940   6     32      -14
  MINIMUM         25   1201 PM -54    1964 -12     37      -21
                                      1935
  AVERAGE         32                        -3     35      -17

PRECIPITATION (IN)
  TODAY            0.00          0.23 1931   0.02  -0.02     0.00
  MONTH TO DATE    0.08                      0.21  -0.13     0.41
  SINCE DEC 1      0.08                      0.21  -0.13     0.41
  SINCE JAN 1     14.17                     10.38   3.79    14.51

SNOWFALL (IN)
  TODAY            0.0           6.2  1931   0.4   -0.4      0.0
  MONTH TO DATE    0.9                       4.1   -3.2      6.8
  SINCE DEC 1      0.9                       4.1   -3.2      6.8
  SINCE JUL 1     30.7                      29.9    0.8     12.0
  SNOW DEPTH      10

DEGREE DAYS
 HEATING
  TODAY           33                        68    -35       82
  MONTH TO DATE  524                       745   -221      929
  SINCE DEC 1    524                       745   -221      929
  SINCE JUL 1   4089                      4876   -787     4699

 COOLING
  TODAY            0                         0      0        0
  MONTH TO DATE    0                         0      0        0
  SINCE DEC 1      0                         0      0        0
  SINCE JAN 1    104                        61     43       76
..................................................................


WIND (MPH)
  HIGHEST GUST SPEED    20   HIGHEST GUST DIRECTION     E (70)


SKY COVER
  AVERAGE SKY COVER 0.8


WEATHER CONDITIONS
 THE FOLLOWING WEATHER WAS RECORDED TODAY.
  NO SIGNIFICANT WEATHER WAS OBSERVED.


RELATIVE HUMIDITY (PERCENT)
 HIGHEST    85
 LOWEST     59
 AVERAGE    72

..........................................................


THE FAIRBANKS AK CLIMATE NORMALS FOR TOMORROW
                         NORMAL    RECORD    YEAR
 MAXIMUM TEMPERATURE (F)    6        40      1944
 MINIMUM TEMPERATURE (F)  -12       -57      1935


SUNRISE AND SUNSET
DECEMBER 11 2017......SUNRISE  1046 AM AKST  SUNSET   244 PM AKST
DECEMBER 12 2017......SUNRISE  1048 AM AKST  SUNSET   243 PM AKST


-  INDICATES NEGATIVE NUMBERS.
R  INDICATES RECORD WAS SET OR TIED.
MM INDICATES DATA IS MISSING.
T  INDICATES TRACE AMOUNT.

&&

SNOW DEPTH IS MEASURED AT 3AM AKST/4AM AKDT

----------------------------
AVAILABLE DAYLIGHT

AMOUNT OF DAYLIGHT TODAY  (HOUR:MIN)........03:55
LOSS SINCE YESTERDAY........................3 MINUTES
----------------------------

$$
DEC 17
