000
CDAK49 PAFG 170950
CLIFAI

CLIMATE REPORT
NATIONAL WEATHER SERVICE FAIRBANKS AK
150 AM AKDT THU AUG 17 2017

...................................

...THE FAIRBANKS AK CLIMATE SUMMARY FOR AUGUST 16 2017...

CLIMATE NORMAL PERIOD 1981 TO 2010
CLIMATE RECORD PERIOD 1904 TO 2017


WEATHER ITEM   OBSERVED TIME   RECORD YEAR NORMAL DEPARTURE LAST
                VALUE   (LST)  VALUE       VALUE  FROM      YEAR
                                                  NORMAL
..................................................................
TEMPERATURE (F)
 YESTERDAY
  MAXIMUM         61    529 PM  83    1957  66     -5       70
  MINIMUM         49   1144 PM  33    1943  47      2       54
  AVERAGE         55                        56     -1       62

PRECIPITATION (IN)
  YESTERDAY        0.17          0.82 2002   0.06   0.11     0.04
  MONTH TO DATE    1.31                      1.04   0.27     0.77
  SINCE JUN 1      4.98                      4.57   0.41     9.03
  SINCE JAN 1      8.03                      6.73   1.30    10.92

SNOWFALL (IN)
  YESTERDAY       MM             0.0  2002   0.0   MM        0.0
                                      2001
                                      2000
  MONTH TO DATE    0.0                       0.0    0.0      0.0
  SINCE JUN 1      0.0                       0.0    0.0      0.0
  SINCE JUL 1      0.0                       0.0    0.0      0.0
  SNOW DEPTH       0

DEGREE DAYS
 HEATING
  YESTERDAY       10                         9      1        3
  MONTH TO DATE   49                       113    -64       38
  SINCE JUN 1    167                       381   -214      283
  SINCE JUL 1     73                       221   -148      122

 COOLING
  YESTERDAY        0                         0      0        0
  MONTH TO DATE   14                         0     14        8
  SINCE JUN 1    104                        54     50       70
  SINCE JAN 1    104                        55     49       76
..................................................................


WIND (MPH)
  HIGHEST GUST SPEED    17   HIGHEST GUST DIRECTION     S (200)


SKY COVER
  AVERAGE SKY COVER 0.8


WEATHER CONDITIONS
 THE FOLLOWING WEATHER WAS RECORDED YESTERDAY.
  LIGHT RAIN
  FOG


RELATIVE HUMIDITY (PERCENT)
 HIGHEST   100
 LOWEST     69
 AVERAGE    85

..........................................................


THE FAIRBANKS AK CLIMATE NORMALS FOR TODAY
                         NORMAL    RECORD    YEAR
 MAXIMUM TEMPERATURE (F)   66        82      2007
 MINIMUM TEMPERATURE (F)   46        28      1943


SUNRISE AND SUNSET
AUGUST 17 2017........SUNRISE   546 AM AKDT  SUNSET  1003 PM AKDT
AUGUST 18 2017........SUNRISE   549 AM AKDT  SUNSET   959 PM AKDT


-  INDICATES NEGATIVE NUMBERS.
R  INDICATES RECORD WAS SET OR TIED.
MM INDICATES DATA IS MISSING.
T  INDICATES TRACE AMOUNT.

&&

SNOW DEPTH IS MEASURED AT 3AM AKST/4AM AKDT

----------------------------
AVAILABLE DAYLIGHT

AMOUNT OF DAYLIGHT TODAY  (HOUR:MIN)........16:16
LOSS SINCE YESTERDAY........................7 MINUTES
----------------------------

$$
AUG 17
