000
CDAK49 PAFG 010934
CLIFAI

CLIMATE REPORT
NATIONAL WEATHER SERVICE FAIRBANKS AK
1234 AM AKST SUN FEB 1 2015

...................................

...THE FAIRBANKS AK CLIMATE SUMMARY FOR JANUARY 31 2015...

CLIMATE NORMAL PERIOD 1981 TO 2010
CLIMATE RECORD PERIOD 1904 TO 2015


WEATHER ITEM   OBSERVED TIME   RECORD YEAR NORMAL DEPARTURE LAST
                VALUE   (LST)  VALUE       VALUE  FROM      YEAR
                                                  NORMAL
..................................................................
TEMPERATURE (F)
 YESTERDAY
  MAXIMUM        -15    341 PM  42    1940   3    -18        5
  MINIMUM        -30    544 AM -52    1911 -16    -14       -7
  AVERAGE        -22                        -6    -16       -1

PRECIPITATION (IN)
  YESTERDAY        0.00          0.48 1932   0.02  -0.02     0.00
  MONTH TO DATE    0.15                      0.58  -0.43     0.22
  SINCE DEC 1      1.08                      1.22  -0.14     1.00
  SINCE JAN 1      0.15                      0.58  -0.43     0.22

SNOWFALL (IN)
  YESTERDAY        0.0           5.9  1932   0.3   -0.3      0.0
  MONTH TO DATE    4.6                      10.3   -5.7      2.5
  SINCE DEC 1     19.8                      22.4   -2.6     16.8
  SINCE JUL 1     29.6                      48.2  -18.6     35.8
  SNOW DEPTH      12

DEGREE DAYS
 HEATING
  YESTERDAY       87                        71     16       66
  MONTH TO DATE 2207                      2261    -54     1771
  SINCE DEC 1   3964                      4401   -437     3918
  SINCE JUL 1   7682                      8532   -850     7455

 COOLING
  YESTERDAY        0                         0      0        0
  MONTH TO DATE    0                         0      0        0
  SINCE DEC 1      0                         0      0        0
  SINCE JAN 1      0                         0      0        0
..................................................................


WIND (MPH)
  HIGHEST GUST SPEED     6   HIGHEST GUST DIRECTION     E (90)


SKY COVER
  AVERAGE SKY COVER 0.2


WEATHER CONDITIONS
 THE FOLLOWING WEATHER WAS RECORDED YESTERDAY.
  FOG


RELATIVE HUMIDITY (PERCENT)
 HIGHEST    70
 LOWEST     57
 AVERAGE    64

..........................................................


THE FAIRBANKS AK CLIMATE NORMALS FOR TODAY
                         NORMAL    RECORD    YEAR
 MAXIMUM TEMPERATURE (F)    3        43      1940
 MINIMUM TEMPERATURE (F)  -16       -57      1910


SUNRISE AND SUNSET
FEBRUARY 01 2015..........SUNRISE  938 AM AKST   SUNSET  435 PM AKST
FEBRUARY 02 2015..........SUNRISE  934 AM AKST   SUNSET  438 PM AKST


-  INDICATES NEGATIVE NUMBERS.
R  INDICATES RECORD WAS SET OR TIED.
MM INDICATES DATA IS MISSING.
T  INDICATES TRACE AMOUNT.

&&

SNOW DEPTH IS MEASURED AT 3AM AKST/4AM AKDT

----------------------------
AVAILABLE DAYLIGHT

AMOUNT OF DAYLIGHT TODAY  (HOUR:MIN)........6:57
GAIN SINCE YESTERDAY........................7 MINUTES
----------------------------

$$
SDB FEB 15
