000
CDAK49 PAFG 230941
CLIFAI

CLIMATE REPORT
NATIONAL WEATHER SERVICE FAIRBANKS AK
1241 AM AKST MON JAN 23 2017

...................................

...THE FAIRBANKS AK CLIMATE SUMMARY FOR JANUARY 22 2017...

CLIMATE NORMAL PERIOD 1981 TO 2010
CLIMATE RECORD PERIOD 1904 TO 2017


WEATHER ITEM   OBSERVED TIME   RECORD YEAR NORMAL DEPARTURE LAST
                VALUE   (LST)  VALUE       VALUE  FROM      YEAR
                                                  NORMAL
..................................................................
TEMPERATURE (F)
 YESTERDAY
  MAXIMUM        -18   1207 AM  37    2008   1    -19        4
                                      1962
  MINIMUM        -36    914 AM -60    1906 -17    -19      -14
  AVERAGE        -27                        -8    -19       -5

PRECIPITATION (IN)
  YESTERDAY        T             0.30 1963   0.02  -0.02      T
  MONTH TO DATE    0.86                      0.43   0.43      T
  SINCE DEC 1      2.82                      1.07   1.75     0.07
  SINCE JAN 1      0.86                      0.43   0.43      T

SNOWFALL (IN)
  YESTERDAY        T             4.1  1963   0.3   -0.3       T
  MONTH TO DATE   14.4                       7.6    6.8      0.6
  SINCE DEC 1     47.3                      19.7   27.6      1.7
  SINCE JUL 1     52.5                      45.5    7.0     51.8
  SNOW DEPTH      21

DEGREE DAYS
 HEATING
  YESTERDAY       92                        73     19       70
  MONTH TO DATE 1703                      1610     93     1378
  SINCE DEC 1   3969                      3751    218     3450
  SINCE JUL 1   7739                      7882   -143     7238

 COOLING
  YESTERDAY        0                         0      0        0
  MONTH TO DATE    0                         0      0        0
  SINCE DEC 1      0                         0      0        0
  SINCE JAN 1      0                         0      0        0
..................................................................


WIND (MPH)
  HIGHEST GUST SPEED     6   HIGHEST GUST DIRECTION     S (200)


SKY COVER
  AVERAGE SKY COVER 0.5


WEATHER CONDITIONS
 THE FOLLOWING WEATHER WAS RECORDED YESTERDAY.
  LIGHT SNOW
  FOG


RELATIVE HUMIDITY (PERCENT)
 HIGHEST    86
 LOWEST     74
 AVERAGE    80

..........................................................


THE FAIRBANKS AK CLIMATE NORMALS FOR TODAY
                         NORMAL    RECORD    YEAR
 MAXIMUM TEMPERATURE (F)    1        39      1981
 MINIMUM TEMPERATURE (F)  -17       -60      1906


SUNRISE AND SUNSET
JANUARY 23 2017..........SUNRISE  1003 AM AKST   SUNSET  404 PM AKST
JANUARY 24 2017..........SUNRISE  1000 AM AKST   SUNSET  408 PM AKST


-  INDICATES NEGATIVE NUMBERS.
R  INDICATES RECORD WAS SET OR TIED.
MM INDICATES DATA IS MISSING.
T  INDICATES TRACE AMOUNT.

&&

SNOW DEPTH IS MEASURED AT 3AM AKST/4AM AKDT

----------------------------
AVAILABLE DAYLIGHT

AMOUNT OF DAYLIGHT TODAY  (HOUR:MIN)........6:01
GAIN SINCE YESTERDAY........................6 MINUTES
----------------------------

$$
SDB JAN 17
