000
CDAK49 PAFG 230605
CLIFAI

CLIMATE REPORT
NATIONAL WEATHER SERVICE FAIRBANKS AK
1005 PM AKDT WED OCT 22 2014

...................................

...THE FAIRBANKS AK CLIMATE SUMMARY FOR OCTOBER 22 2014...
VALID TODAY AS OF 0500 PM LOCAL TIME.

CLIMATE NORMAL PERIOD 1981 TO 2010
CLIMATE RECORD PERIOD 1904 TO 2014


WEATHER ITEM   OBSERVED TIME   RECORD YEAR NORMAL DEPARTURE LAST
                VALUE   (LST)  VALUE       VALUE  FROM      YEAR
                                                  NORMAL
..................................................................
TEMPERATURE (F)
 TODAY
  MAXIMUM         32    259 PM  50    1938  27      5       40
  MINIMUM         19    746 AM -16    1958  12      7       21
  AVERAGE         26                        19      7       31

PRECIPITATION (IN)
  TODAY            0.00          0.40 1921   0.03  -0.03     0.00
  MONTH TO DATE    0.41                      0.62  -0.21     0.30
  SINCE SEP 1      3.30                      1.72   1.58     2.04
  SINCE JAN 1     16.02                      9.29   6.73     7.84

SNOWFALL (IN)
  TODAY            0.0           5.9  1991   0.4   -0.4      0.0
  MONTH TO DATE    4.7                       7.0   -2.3      0.1
  SINCE SEP 1      5.0                       8.8   -3.8      0.8
  SINCE JUL 1      5.0                       8.8   -3.8      0.8
  SNOW DEPTH       1

DEGREE DAYS
 HEATING
  TODAY           39                        46     -7       34
  MONTH TO DATE  775                       812    -37      581
  SINCE SEP 1   1324                      1417    -93     1211
  SINCE JUL 1   1645                      1806   -161     1470

 COOLING
  TODAY            0                         0      0        0
  MONTH TO DATE    0                         0      0        0
  SINCE SEP 1      0                         0      0        0
  SINCE JAN 1     27                        61    -34      226
..................................................................


WIND (MPH)
  HIGHEST GUST SPEED    11   HIGHEST GUST DIRECTION     N (350)


SKY COVER
  AVERAGE SKY COVER 0.5


WEATHER CONDITIONS
 THE FOLLOWING WEATHER WAS RECORDED TODAY.
  NO SIGNIFICANT WEATHER WAS OBSERVED.


RELATIVE HUMIDITY (PERCENT)
 HIGHEST    81
 LOWEST     63
 AVERAGE    72

..........................................................


THE FAIRBANKS AK CLIMATE NORMALS FOR TOMORROW
                         NORMAL    RECORD    YEAR
 MAXIMUM TEMPERATURE (F)   26        52      1938
 MINIMUM TEMPERATURE (F)   11       -18      1958


SUNRISE AND SUNSET
OCTOBER 22 2014..........SUNRISE  907 AM AKDT   SUNSET  604 PM AKDT
OCTOBER 23 2014..........SUNRISE  911 AM AKDT   SUNSET  601 PM AKDT


-  INDICATES NEGATIVE NUMBERS.
R  INDICATES RECORD WAS SET OR TIED.
MM INDICATES DATA IS MISSING.
T  INDICATES TRACE AMOUNT.

&&

SNOW DEPTH IS MEASURED AT 3AM AKST/4AM AKDT

----------------------------
AVAILABLE DAYLIGHT

AMOUNT OF DAYLIGHT TODAY  (HOUR:MIN)........8:57
LOSS SINCE YESTERDAY........................7 MINUTES
----------------------------

$$
SDB OCT 14
