000
CDUS43 KFGF 222151
CLIFAR


CLIMATE REPORT
NATIONAL WEATHER SERVICE EASTERN NORTH DAKOTA/GRAND FORKS
450 PM CDT MON MAY 22 2017


...................................

...THE FARGO HECTOR INTL AP ND CLIMATE SUMMARY FOR MAY 22 2017...
VALID TODAY AS OF 0400 PM LOCAL TIME.

CLIMATE NORMAL PERIOD 1981 TO 2010
CLIMATE RECORD PERIOD 1881 TO 2017


WEATHER ITEM   OBSERVED TIME   RECORD YEAR NORMAL DEPARTURE LAST
                VALUE   (LST)  VALUE       VALUE  FROM      YEAR
                                                  NORMAL
..................................................................
TEMPERATURE (F)
 TODAY
  MAXIMUM         61    124 PM  93    2012  71    -10       85
                                      1980
  MINIMUM         41    221 AM  21    1963  47     -6       57
  AVERAGE         51                        59     -8       71

PRECIPITATION (IN)
  TODAY            T             1.63 1981   0.10  -0.10     0.00
  MONTH TO DATE    0.99                      1.91  -0.92     0.08
  SINCE MAR 1      2.72                      4.60  -1.88     3.15
  SINCE JAN 1      4.49                      5.91  -1.42     4.14

SNOWFALL (IN)
  TODAY            0.0           T    1949   0.0    0.0      0.0
  MONTH TO DATE    0.0                       0.0    0.0       T
  SINCE MAR 1      3.8                      12.4   -8.6      3.1
  SINCE JUL 1     33.1                      50.4  -17.3     27.4
  SNOW DEPTH       0

DEGREE DAYS
 HEATING
  TODAY           14                         7      7        0
  MONTH TO DATE  191                       220    -29      171
  SINCE MAR 1   1859                      1998   -139     1617
  SINCE JUL 1   7357                      8676  -1319     7140

 COOLING
  TODAY            0                         1     -1        6
  MONTH TO DATE   11                        18     -7       23
  SINCE MAR 1     11                        21    -10       23
  SINCE JAN 1     11                        21    -10       23
..................................................................


WIND (MPH)
  HIGHEST WIND SPEED    25   HIGHEST WIND DIRECTION    NW (330)
  HIGHEST GUST SPEED    30   HIGHEST GUST DIRECTION    NW (320)
  AVERAGE WIND SPEED    13.0


SKY COVER
  POSSIBLE SUNSHINE  MM
  AVERAGE SKY COVER 0.6


WEATHER CONDITIONS
 THE FOLLOWING WEATHER WAS RECORDED TODAY.
  NO SIGNIFICANT WEATHER WAS OBSERVED.


RELATIVE HUMIDITY (PERCENT)
 HIGHEST    96           200 AM
 LOWEST     53          1100 AM
 AVERAGE    75

..........................................................


THE FARGO HECTOR INTL AP ND CLIMATE NORMALS FOR TOMORROW
                         NORMAL    RECORD    YEAR
 MAXIMUM TEMPERATURE (F)   71        92      1928
 MINIMUM TEMPERATURE (F)   48        31      1924


SUNRISE AND SUNSET
MAY 22 2017...........SUNRISE   544 AM CDT   SUNSET   904 PM CDT
MAY 23 2017...........SUNRISE   543 AM CDT   SUNSET   905 PM CDT


-  INDICATES NEGATIVE NUMBERS.
R  INDICATES RECORD WAS SET OR TIED.
MM INDICATES DATA IS MISSING.
T  INDICATES TRACE AMOUNT.




$$
