000
CDUS43 KFGF 152256
CLIFAR


CLIMATE REPORT
NATIONAL WEATHER SERVICE EASTERN NORTH DAKOTA/GRAND FORKS
456 PM CST FRI DEC 15 2017


...................................

...THE FARGO HECTOR INTL AP ND CLIMATE SUMMARY FOR DECEMBER 15 2017...
VALID TODAY AS OF 0400 PM LOCAL TIME.

CLIMATE NORMAL PERIOD 1981 TO 2010
CLIMATE RECORD PERIOD 1881 TO 2017


WEATHER ITEM   OBSERVED TIME   RECORD YEAR NORMAL DEPARTURE LAST
                VALUE   (LST)  VALUE       VALUE  FROM      YEAR
                                                  NORMAL
..................................................................
TEMPERATURE (F)
 TODAY
  MAXIMUM         28    359 PM  53    1939  22      6        5
  MINIMUM         19    909 AM -29    1901   6     13      -14
  AVERAGE         24                        14     10       -4

PRECIPITATION (IN)
  TODAY            T             1.14 1893   0.02  -0.02     0.00
  MONTH TO DATE    0.35                      0.39  -0.04     0.43
  SINCE DEC 1      0.35                      0.39  -0.04     0.43
  SINCE JAN 1     14.81                     22.17  -7.36    22.69

SNOWFALL (IN)
  TODAY           MM            11.4  1893   0.3   MM        0.0
  MONTH TO DATE    2.4                       5.1   -2.7      6.0
  SINCE DEC 1      2.4                       5.1   -2.7      6.0
  SINCE JUL 1      6.1                      13.7   -7.6      9.7
  SNOW DEPTH       T

DEGREE DAYS
 HEATING
  TODAY           41                        51    -10       69
  MONTH TO DATE  617                       725   -108      770
  SINCE DEC 1    617                       725   -108      770
  SINCE JUL 1   2415                      2687   -272     2075

 COOLING
  TODAY            0                         0      0        0
  MONTH TO DATE    0                         0      0        0
  SINCE DEC 1      0                         0      0        0
  SINCE JAN 1    518                       551    -33      661
..................................................................


WIND (MPH)
  HIGHEST WIND SPEED    14   HIGHEST WIND DIRECTION    SE (150)
  HIGHEST GUST SPEED    19   HIGHEST GUST DIRECTION     S (160)
  AVERAGE WIND SPEED     6.7


SKY COVER
  POSSIBLE SUNSHINE  MM
  AVERAGE SKY COVER 1.0


WEATHER CONDITIONS
 THE FOLLOWING WEATHER WAS RECORDED TODAY.
  LIGHT SNOW
  FOG


RELATIVE HUMIDITY (PERCENT)
 HIGHEST    92          1200 AM
 LOWEST     81          1200 PM
 AVERAGE    87

..........................................................


THE FARGO HECTOR INTL AP ND CLIMATE NORMALS FOR TOMORROW
                         NORMAL    RECORD    YEAR
 MAXIMUM TEMPERATURE (F)   22        57      1962
 MINIMUM TEMPERATURE (F)    6       -27      1953


SUNRISE AND SUNSET
DECEMBER 15 2017......SUNRISE   806 AM CST   SUNSET   439 PM CST
DECEMBER 16 2017......SUNRISE   807 AM CST   SUNSET   439 PM CST


-  INDICATES NEGATIVE NUMBERS.
R  INDICATES RECORD WAS SET OR TIED.
MM INDICATES DATA IS MISSING.
T  INDICATES TRACE AMOUNT.




$$
