000
CDUS43 KFGF 280715
CLIFAR


CLIMATE REPORT
NATIONAL WEATHER SERVICE EASTERN NORTH DAKOTA/GRAND FORKS
215 AM CDT WED JUN 28 2017


...................................

...THE FARGO HECTOR INTL AP ND CLIMATE SUMMARY FOR JUNE 27 2017...

CLIMATE NORMAL PERIOD 1981 TO 2010
CLIMATE RECORD PERIOD 1881 TO 2017


WEATHER ITEM   OBSERVED TIME   RECORD YEAR NORMAL DEPARTURE LAST
                VALUE   (LST)  VALUE       VALUE  FROM      YEAR
                                                  NORMAL
..................................................................
TEMPERATURE (F)
 YESTERDAY
  MAXIMUM         79    342 PM  96    1910  80     -1       73
  MINIMUM         51    417 AM  42    1925  58     -7       51
  AVERAGE         65                        69     -4       62

PRECIPITATION (IN)
  YESTERDAY        0.02          1.36 1899   0.13  -0.11      T
  MONTH TO DATE    1.96                      3.52  -1.56     1.58
  SINCE JUN 1      1.96                      3.52  -1.56     1.58
  SINCE JAN 1      6.60                     10.33  -3.73     7.06

SNOWFALL (IN)
  YESTERDAY        0.0           0.0    MM   0.0    0.0      0.0
  MONTH TO DATE    0.0                       0.0    0.0      0.0
  SINCE JUN 1      0.0                       0.0    0.0      0.0
  SINCE JUL 1     33.1                      50.4  -17.3     27.4
  SNOW DEPTH       0

DEGREE DAYS
 HEATING
  YESTERDAY        0                         1     -1        3
  MONTH TO DATE   34                        68    -34       22
  SINCE JUN 1     34                        68    -34       22
  SINCE JUL 1   7451                      8797  -1346     7167

 COOLING
  YESTERDAY        0                         5     -5        0
  MONTH TO DATE  121                        91     30      142
  SINCE JUN 1    121                        91     30      142
  SINCE JAN 1    132                       122     10      190
..................................................................


WIND (MPH)
  HIGHEST WIND SPEED    30   HIGHEST WIND DIRECTION     S (170)
  HIGHEST GUST SPEED    39   HIGHEST GUST DIRECTION     S (170)
  AVERAGE WIND SPEED    16.2


SKY COVER
  POSSIBLE SUNSHINE  MM
  AVERAGE SKY COVER 0.2


WEATHER CONDITIONS
 THE FOLLOWING WEATHER WAS RECORDED YESTERDAY.
  THUNDERSTORM
  LIGHT RAIN


RELATIVE HUMIDITY (PERCENT)
 HIGHEST    71           400 AM
 LOWEST     31           100 PM
 AVERAGE    51

..........................................................


THE FARGO HECTOR INTL AP ND CLIMATE NORMALS FOR TODAY
                         NORMAL    RECORD    YEAR
 MAXIMUM TEMPERATURE (F)   80        99      1883
 MINIMUM TEMPERATURE (F)   58        38      1895


SUNRISE AND SUNSET
JUNE 28 2017..........SUNRISE   535 AM CDT   SUNSET   926 PM CDT
JUNE 29 2017..........SUNRISE   536 AM CDT   SUNSET   926 PM CDT


-  INDICATES NEGATIVE NUMBERS.
R  INDICATES RECORD WAS SET OR TIED.
MM INDICATES DATA IS MISSING.
T  INDICATES TRACE AMOUNT.




$$
