000
CDUS43 KFGF 210709
CLIFAR


CLIMATE REPORT
NATIONAL WEATHER SERVICE EASTERN NORTH DAKOTA/GRAND FORKS
209 AM CDT TUE OCT 21 2014


...................................

...THE FARGO HECTOR INTL AP ND CLIMATE SUMMARY FOR OCTOBER 20 2014...

CLIMATE NORMAL PERIOD 1981 TO 2010
CLIMATE RECORD PERIOD 1881 TO 2014


WEATHER ITEM   OBSERVED TIME   RECORD YEAR NORMAL DEPARTURE LAST
                VALUE   (LST)  VALUE       VALUE  FROM      YEAR
                                                  NORMAL
..................................................................
TEMPERATURE (F)
 YESTERDAY
  MAXIMUM         65    241 PM  82    1953  54     11       41
  MINIMUM         35    723 AM  13    1913  34      1       34
  AVERAGE         50                        44      6       38

PRECIPITATION (IN)
  YESTERDAY        0.00          0.44 1949   0.07  -0.07     0.33
  MONTH TO DATE    0.21                      1.54  -1.33     4.17
  SINCE SEP 1      2.66                      4.11  -1.45     8.56
  SINCE JAN 1     19.12                     20.17  -1.05    30.48

SNOWFALL (IN)
  YESTERDAY        0.0           1.1  1917   0.0    0.0       T
  MONTH TO DATE    T                         0.2   -0.2       T
  SINCE SEP 1      T                         0.2   -0.2       T
  SINCE JUL 1      T                         0.2   -0.2       T
  SNOW DEPTH       0

DEGREE DAYS
 HEATING
  YESTERDAY       15                        21     -6       27
  MONTH TO DATE  308                       340    -32      307
  SINCE SEP 1    468                       560    -92      398
  SINCE JUL 1    500                       610   -110      432

 COOLING
  YESTERDAY        0                         0      0        0
  MONTH TO DATE    0                         0      0        0
  SINCE SEP 1     43                        43      0       81
  SINCE JAN 1    544                       548     -4      699
..................................................................


WIND (MPH)
  HIGHEST WIND SPEED    13   HIGHEST WIND DIRECTION     E (110)
  HIGHEST GUST SPEED    17   HIGHEST GUST DIRECTION    SE (130)
  AVERAGE WIND SPEED     5.5


SKY COVER
  POSSIBLE SUNSHINE  MM
  AVERAGE SKY COVER 0.0


WEATHER CONDITIONS
 THE FOLLOWING WEATHER WAS RECORDED YESTERDAY.
  HAZE


RELATIVE HUMIDITY (PERCENT)
 HIGHEST    85           400 AM
 LOWEST     44           300 PM
 AVERAGE    65

..........................................................


THE FARGO HECTOR INTL AP ND CLIMATE NORMALS FOR TODAY
                         NORMAL    RECORD    YEAR
 MAXIMUM TEMPERATURE (F)   54        87      1947
 MINIMUM TEMPERATURE (F)   33        11      1913


SUNRISE AND SUNSET
OCTOBER 21 2014.......SUNRISE   754 AM CDT   SUNSET   629 PM CDT
OCTOBER 22 2014.......SUNRISE   755 AM CDT   SUNSET   627 PM CDT


-  INDICATES NEGATIVE NUMBERS.
R  INDICATES RECORD WAS SET OR TIED.
MM INDICATES DATA IS MISSING.
T  INDICATES TRACE AMOUNT.




$$
