000
CDUS43 KFGF 240649
CLIFAR


CLIMATE REPORT
NATIONAL WEATHER SERVICE EASTERN NORTH DAKOTA/GRAND FORKS
148 AM CDT THU JUL 24 2014


...................................

...THE FARGO HECTOR INTL AP ND CLIMATE SUMMARY FOR JULY 23 2014...

CLIMATE NORMAL PERIOD 1981 TO 2010
CLIMATE RECORD PERIOD 1881 TO 2014


WEATHER ITEM   OBSERVED TIME   RECORD YEAR NORMAL DEPARTURE LAST
                VALUE   (LST)  VALUE       VALUE  FROM      YEAR
                                                  NORMAL
..................................................................
TEMPERATURE (F)
 YESTERDAY
  MAXIMUM         79    456 PM  97    1894  83     -4       77
  MINIMUM         57    414 AM  45    1889  60     -3       50
  AVERAGE         68                        71     -3       64

PRECIPITATION (IN)
  YESTERDAY        0.00          2.03 1979   0.08  -0.08     0.00
  MONTH TO DATE    1.59                      2.21  -0.62     0.82
  SINCE JUN 1      7.28                      6.11   1.17     8.55
  SINCE JAN 1     14.30                     12.92   1.38    21.45

SNOWFALL (IN)
  YESTERDAY        0.0           0.0    MM   0.0    0.0      0.0
  MONTH TO DATE    0.0                       0.0    0.0      0.0
  SINCE JUN 1      0.0                       0.0    0.0      0.0
  SINCE JUL 1      0.0                       0.0    0.0      0.0
  SNOW DEPTH       0

DEGREE DAYS
 HEATING
  YESTERDAY        0                         0      0        1
  MONTH TO DATE   19                        12      7        2
  SINCE JUN 1     49                        85    -36       64
  SINCE JUL 1     19                        12      7        2

 COOLING
  YESTERDAY        3                         7     -4        0
  MONTH TO DATE  135                       151    -16      218
  SINCE JUN 1    237                       258    -21      364
  SINCE JAN 1    316                       289     27      393
..................................................................


WIND (MPH)
  HIGHEST WIND SPEED    12   HIGHEST WIND DIRECTION    NE (60)
  HIGHEST GUST SPEED    15   HIGHEST GUST DIRECTION     N (350)
  AVERAGE WIND SPEED     4.5


SKY COVER
  POSSIBLE SUNSHINE  MM
  AVERAGE SKY COVER 0.2


WEATHER CONDITIONS
 THE FOLLOWING WEATHER WAS RECORDED YESTERDAY.
  NO SIGNIFICANT WEATHER WAS OBSERVED.


RELATIVE HUMIDITY (PERCENT)
 HIGHEST    93           300 AM
 LOWEST     48           300 PM
 AVERAGE    71

..........................................................


THE FARGO HECTOR INTL AP ND CLIMATE NORMALS FOR TODAY
                         NORMAL    RECORD    YEAR
 MAXIMUM TEMPERATURE (F)   83        99      1940
 MINIMUM TEMPERATURE (F)   60        44      1891


SUNRISE AND SUNSET
JULY 24 2014..........SUNRISE   557 AM CDT   SUNSET   909 PM CDT
JULY 25 2014..........SUNRISE   559 AM CDT   SUNSET   908 PM CDT


-  INDICATES NEGATIVE NUMBERS.
R  INDICATES RECORD WAS SET OR TIED.
MM INDICATES DATA IS MISSING.
T  INDICATES TRACE AMOUNT.




$$
