000
CDUS43 KFGF 202154
CLIFAR


CLIMATE REPORT
NATIONAL WEATHER SERVICE EASTERN NORTH DAKOTA/GRAND FORKS
453 PM CDT SUN AUG 20 2017


...................................

...THE FARGO HECTOR INTL AP ND CLIMATE SUMMARY FOR AUGUST 20 2017...
VALID TODAY AS OF 0400 PM LOCAL TIME.

CLIMATE NORMAL PERIOD 1981 TO 2010
CLIMATE RECORD PERIOD 1881 TO 2017


WEATHER ITEM   OBSERVED TIME   RECORD YEAR NORMAL DEPARTURE LAST
                VALUE   (LST)  VALUE       VALUE  FROM      YEAR
                                                  NORMAL
..................................................................
TEMPERATURE (F)
 TODAY
  MAXIMUM         76    259 PM 104    1976  81     -5       72
  MINIMUM         59    510 AM  34    2004  57      2       52
  AVERAGE         68                        69     -1       62

PRECIPITATION (IN)
  TODAY            0.00          1.81 1980   0.09  -0.09      T
  MONTH TO DATE    2.24                      1.52   0.72     1.26
  SINCE JUN 1      5.80                      8.21  -2.41     9.69
  SINCE JAN 1     10.44                     15.02  -4.58    15.17

SNOWFALL (IN)
  TODAY            0.0           0.0    MM   0.0    0.0      0.0
  MONTH TO DATE    0.0                       0.0    0.0      0.0
  SINCE JUN 1      0.0                       0.0    0.0      0.0
  SINCE JUL 1      0.0                       0.0    0.0      0.0
  SNOW DEPTH       0

DEGREE DAYS
 HEATING
  TODAY            0                         1     -1        3
  MONTH TO DATE    2                        16    -14        3
  SINCE JUN 1     44                       105    -61       38
  SINCE JUL 1      9                        32    -23       11

 COOLING
  TODAY            3                         5     -2        0
  MONTH TO DATE   53                       122    -69      135
  SINCE JUN 1    416                       431    -15      510
  SINCE JAN 1    427                       462    -35      558
..................................................................


WIND (MPH)
  HIGHEST WIND SPEED    16   HIGHEST WIND DIRECTION     N (340)
  HIGHEST GUST SPEED    20   HIGHEST GUST DIRECTION     S (180)
  AVERAGE WIND SPEED    10.8


SKY COVER
  POSSIBLE SUNSHINE  MM
  AVERAGE SKY COVER 0.0


WEATHER CONDITIONS
 THE FOLLOWING WEATHER WAS RECORDED TODAY.
  NO SIGNIFICANT WEATHER WAS OBSERVED.


RELATIVE HUMIDITY (PERCENT)
 HIGHEST    87           100 AM
 LOWEST     41           200 PM
 AVERAGE    64

..........................................................


THE FARGO HECTOR INTL AP ND CLIMATE NORMALS FOR TOMORROW
                         NORMAL    RECORD    YEAR
 MAXIMUM TEMPERATURE (F)   81       103      1947
 MINIMUM TEMPERATURE (F)   57        40      1920


SUNRISE AND SUNSET
AUGUST 20 2017........SUNRISE   632 AM CDT   SUNSET   828 PM CDT
AUGUST 21 2017........SUNRISE   633 AM CDT   SUNSET   827 PM CDT


-  INDICATES NEGATIVE NUMBERS.
R  INDICATES RECORD WAS SET OR TIED.
MM INDICATES DATA IS MISSING.
T  INDICATES TRACE AMOUNT.




$$
