000
CDUS43 KFGF 210635
CLIFAR


CLIMATE REPORT
NATIONAL WEATHER SERVICE EASTERN NORTH DAKOTA/GRAND FORKS
135 AM CDT THU AUG 21 2014


...................................

...THE FARGO HECTOR INTL AP ND CLIMATE SUMMARY FOR AUGUST 20 2014...

CLIMATE NORMAL PERIOD 1981 TO 2010
CLIMATE RECORD PERIOD 1881 TO 2014


WEATHER ITEM   OBSERVED TIME   RECORD YEAR NORMAL DEPARTURE LAST
                VALUE   (LST)  VALUE       VALUE  FROM      YEAR
                                                  NORMAL
..................................................................
TEMPERATURE (F)
 YESTERDAY
  MAXIMUM         85    324 PM 104    1976  81      4       96
  MINIMUM         64    540 AM  34    2004  57      7       70
  AVERAGE         75                        69      6       83

PRECIPITATION (IN)
  YESTERDAY        0.00          1.81 1980   0.09  -0.09     0.00
  MONTH TO DATE    1.19                      1.52  -0.33     0.25
  SINCE JUN 1      8.52                      8.21   0.31     8.88
  SINCE JAN 1     15.54                     15.02   0.52    21.78

SNOWFALL (IN)
  YESTERDAY        0.0           0.0    MM   0.0    0.0      0.0
  MONTH TO DATE    0.0                       0.0    0.0      0.0
  SINCE JUN 1      0.0                       0.0    0.0      0.0
  SINCE JUL 1      0.0                       0.0    0.0      0.0
  SNOW DEPTH       0

DEGREE DAYS
 HEATING
  YESTERDAY        0                         1     -1        0
  MONTH TO DATE    0                        16    -16       17
  SINCE JUN 1     50                       105    -55       96
  SINCE JUL 1     20                        32    -12       34

 COOLING
  YESTERDAY       10                         5      5       18
  MONTH TO DATE  124                       122      2       71
  SINCE JUN 1    389                       431    -42      450
  SINCE JAN 1    468                       462      6      479
..................................................................


WIND (MPH)
  HIGHEST WIND SPEED    17   HIGHEST WIND DIRECTION    SE (140)
  HIGHEST GUST SPEED    25   HIGHEST GUST DIRECTION    SE (140)
  AVERAGE WIND SPEED     9.7


SKY COVER
  POSSIBLE SUNSHINE  MM
  AVERAGE SKY COVER 0.1


WEATHER CONDITIONS
 THE FOLLOWING WEATHER WAS RECORDED YESTERDAY.
  NO SIGNIFICANT WEATHER WAS OBSERVED.


RELATIVE HUMIDITY (PERCENT)
 HIGHEST    93           500 AM
 LOWEST     55           200 PM
 AVERAGE    74

..........................................................


THE FARGO HECTOR INTL AP ND CLIMATE NORMALS FOR TODAY
                         NORMAL    RECORD    YEAR
 MAXIMUM TEMPERATURE (F)   81       103      1947
 MINIMUM TEMPERATURE (F)   57        40      1920


SUNRISE AND SUNSET
AUGUST 21 2014........SUNRISE   632 AM CDT   SUNSET   827 PM CDT
AUGUST 22 2014........SUNRISE   634 AM CDT   SUNSET   825 PM CDT


-  INDICATES NEGATIVE NUMBERS.
R  INDICATES RECORD WAS SET OR TIED.
MM INDICATES DATA IS MISSING.
T  INDICATES TRACE AMOUNT.




$$
