000
CDUS43 KFGF 200638
CLIFAR


CLIMATE REPORT
NATIONAL WEATHER SERVICE EASTERN NORTH DAKOTA/GRAND FORKS
134 AM CDT FRI OCT 20 2017


...................................

...THE FARGO HECTOR INTL AP ND CLIMATE SUMMARY FOR OCTOBER 19 2017...

CLIMATE NORMAL PERIOD 1981 TO 2010
CLIMATE RECORD PERIOD 1881 TO 2017


WEATHER ITEM   OBSERVED TIME   RECORD YEAR NORMAL DEPARTURE LAST
                VALUE   (LST)  VALUE       VALUE  FROM      YEAR
                                                  NORMAL
..................................................................
TEMPERATURE (F)
 YESTERDAY
  MAXIMUM         75    318 PM  84    2003  55     20       46
  MINIMUM         36    223 AM  12    1917  34      2       32
  AVERAGE         56                        44     12       39

PRECIPITATION (IN)
  YESTERDAY        0.00          1.26 1934   0.07  -0.07     0.00
  MONTH TO DATE    0.70                      1.47  -0.77     1.19
  SINCE SEP 1      3.53                      4.04  -0.51     3.79
  SINCE JAN 1     14.03                     20.10  -6.07    19.26

SNOWFALL (IN)
  YESTERDAY        0.0           0.4  1913   0.0    0.0      0.0
  MONTH TO DATE    0.0                       0.2   -0.2      0.0
  SINCE SEP 1      0.0                       0.2   -0.2      0.0
  SINCE JUL 1      0.0                       0.2   -0.2      0.0
  SNOW DEPTH       0

DEGREE DAYS
 HEATING
  YESTERDAY        9                        21    -12       26
  MONTH TO DATE  262                       319    -57      265
  SINCE SEP 1    414                       539   -125      377
  SINCE JUL 1    430                       589   -159      394

 COOLING
  YESTERDAY        0                         0      0        0
  MONTH TO DATE    0                         0      0        8
  SINCE SEP 1     69                        43     26       58
  SINCE JAN 1    516                       548    -32      661
..................................................................


WIND (MPH)
  HIGHEST WIND SPEED    25   HIGHEST WIND DIRECTION     S (200)
  HIGHEST GUST SPEED    32   HIGHEST GUST DIRECTION     S (190)
  AVERAGE WIND SPEED    11.9


SKY COVER
  POSSIBLE SUNSHINE  MM
  AVERAGE SKY COVER 0.0


WEATHER CONDITIONS
 THE FOLLOWING WEATHER WAS RECORDED YESTERDAY.
  NO SIGNIFICANT WEATHER WAS OBSERVED.


RELATIVE HUMIDITY (PERCENT)
 HIGHEST    76           600 AM
 LOWEST     29           100 PM
 AVERAGE    53

..........................................................


THE FARGO HECTOR INTL AP ND CLIMATE NORMALS FOR TODAY
                         NORMAL    RECORD    YEAR
 MAXIMUM TEMPERATURE (F)   54        82      1953
 MINIMUM TEMPERATURE (F)   34        13      1913


SUNRISE AND SUNSET
OCTOBER 20 2017.......SUNRISE   753 AM CDT   SUNSET   630 PM CDT
OCTOBER 21 2017.......SUNRISE   754 AM CDT   SUNSET   629 PM CDT


-  INDICATES NEGATIVE NUMBERS.
R  INDICATES RECORD WAS SET OR TIED.
MM INDICATES DATA IS MISSING.
T  INDICATES TRACE AMOUNT.




$$
