902
CDUS43 KFGF 110642
CLIFAR


CLIMATE REPORT
NATIONAL WEATHER SERVICE EASTERN NORTH DAKOTA/GRAND FORKS
1242 AM CST THU FEB 11 2016


...................................

...THE FARGO HECTOR INTL AP ND CLIMATE SUMMARY FOR FEBRUARY 10 2016...

CLIMATE NORMAL PERIOD 1981 TO 2010
CLIMATE RECORD PERIOD 1881 TO 2016


WEATHER ITEM   OBSERVED TIME   RECORD YEAR NORMAL DEPARTURE LAST
                VALUE   (LST)  VALUE       VALUE  FROM      YEAR
                                                  NORMAL
..................................................................
TEMPERATURE (F)
 YESTERDAY
  MAXIMUM         15    208 PM  45    1924  22     -7       32
  MINIMUM          4    145 AM -29    1899   3      1       17
  AVERAGE         10                        13     -3       25

PRECIPITATION (IN)
  YESTERDAY        0.02          0.89 2013   0.02   0.00     0.37
  MONTH TO DATE    0.20                      0.17   0.03     0.42
  SINCE DEC 1      1.53                      1.70  -0.17     1.07
  SINCE JAN 1      0.89                      0.87   0.02     0.82

SNOWFALL (IN)
  YESTERDAY        0.4           9.3  2013   0.2    0.2      3.5
  MONTH TO DATE    4.0                       2.3    1.7      4.3
  SINCE DEC 1     20.1                      24.7   -4.6      8.2
  SINCE JUL 1     23.0                      33.3  -10.3     11.8
  SNOW DEPTH       3

DEGREE DAYS
 HEATING
  YESTERDAY       55                        52      3       40
  MONTH TO DATE  448                       535    -87      500
  SINCE DEC 1   3335                      3841   -506     3362
  SINCE JUL 1   4776                      5803  -1027     5319

 COOLING
  YESTERDAY        0                         0      0        0
  MONTH TO DATE    0                         0      0        0
  SINCE DEC 1      0                         0      0        0
  SINCE JAN 1      0                         0      0        0
..................................................................


WIND (MPH)
  HIGHEST WIND SPEED    13   HIGHEST WIND DIRECTION     N (10)
  HIGHEST GUST SPEED    16   HIGHEST GUST DIRECTION     N (20)
  AVERAGE WIND SPEED     6.0


SKY COVER
  POSSIBLE SUNSHINE  MM
  AVERAGE SKY COVER 1.0


WEATHER CONDITIONS
 THE FOLLOWING WEATHER WAS RECORDED YESTERDAY.
  LIGHT SNOW


RELATIVE HUMIDITY (PERCENT)
 HIGHEST    83           300 AM
 LOWEST     53           200 PM
 AVERAGE    68

..........................................................


THE FARGO HECTOR INTL AP ND CLIMATE NORMALS FOR TODAY
                         NORMAL    RECORD    YEAR
 MAXIMUM TEMPERATURE (F)   23        55      2002
 MINIMUM TEMPERATURE (F)    4       -35      1899


SUNRISE AND SUNSET
FEBRUARY 11 2016......SUNRISE   738 AM CST   SUNSET   545 PM CST
FEBRUARY 12 2016......SUNRISE   737 AM CST   SUNSET   547 PM CST


-  INDICATES NEGATIVE NUMBERS.
R  INDICATES RECORD WAS SET OR TIED.
MM INDICATES DATA IS MISSING.
T  INDICATES TRACE AMOUNT.




$$
