000
CDUS43 KFGF 230635
CLIFAR


CLIMATE REPORT
NATIONAL WEATHER SERVICE EASTERN NORTH DAKOTA/GRAND FORKS
134 AM CDT WED APR 23 2014


...................................

...THE FARGO HECTOR INTL AP ND CLIMATE SUMMARY FOR APRIL 22 2014...

CLIMATE NORMAL PERIOD 1981 TO 2010
CLIMATE RECORD PERIOD 1881 TO 2014


WEATHER ITEM   OBSERVED TIME   RECORD YEAR NORMAL DEPARTURE LAST
                VALUE   (LST)  VALUE       VALUE  FROM      YEAR
                                                  NORMAL
..................................................................
TEMPERATURE (F)
 YESTERDAY
  MAXIMUM         64    501 PM  89    1990  60      4       36
  MINIMUM         29    611 AM  19    1988  36     -7       27
                                      1909
  AVERAGE         47                        48     -1       32

PRECIPITATION (IN)
  YESTERDAY        0.00          1.40 1902   0.04  -0.04     0.00
  MONTH TO DATE    0.48                      0.89  -0.41     2.04
  SINCE MAR 1      1.20                      2.19  -0.99     3.48
  SINCE JAN 1      2.08                      3.50  -1.42     5.67

SNOWFALL (IN)
  YESTERDAY        0.0          10.0  1902   0.1   -0.1      0.0
  MONTH TO DATE    2.0                       2.5   -0.5     16.4
  SINCE MAR 1      7.3                      11.6   -4.3     31.0
  SINCE JUL 1     34.9                      49.6  -14.7     68.1
  SNOW DEPTH       0

DEGREE DAYS
 HEATING
  YESTERDAY       18                        17      1       33
  MONTH TO DATE  558                       503     55      772
  SINCE MAR 1   1874                      1655    219     2242
  SINCE JUL 1   9151                      8333    818     8833

 COOLING
  YESTERDAY        0                         0      0        0
  MONTH TO DATE    0                         0      0        0
  SINCE MAR 1      0                         0      0        0
  SINCE JAN 1      0                         0      0        0
..................................................................


WIND (MPH)
  HIGHEST WIND SPEED    17   HIGHEST WIND DIRECTION    SE (130)
  HIGHEST GUST SPEED    22   HIGHEST GUST DIRECTION    SE (130)
  AVERAGE WIND SPEED     6.4


SKY COVER
  POSSIBLE SUNSHINE  MM
  AVERAGE SKY COVER 0.0


WEATHER CONDITIONS
 THE FOLLOWING WEATHER WAS RECORDED YESTERDAY.
  FOG


RELATIVE HUMIDITY (PERCENT)
 HIGHEST    92           400 AM
 LOWEST     30           300 PM
 AVERAGE    61

..........................................................


THE FARGO HECTOR INTL AP ND CLIMATE NORMALS FOR TODAY
                         NORMAL    RECORD    YEAR
 MAXIMUM TEMPERATURE (F)   61        91      1990
 MINIMUM TEMPERATURE (F)   36        14      1918


SUNRISE AND SUNSET
APRIL 23 2014.........SUNRISE   625 AM CDT   SUNSET   827 PM CDT
APRIL 24 2014.........SUNRISE   623 AM CDT   SUNSET   828 PM CDT


-  INDICATES NEGATIVE NUMBERS.
R  INDICATES RECORD WAS SET OR TIED.
MM INDICATES DATA IS MISSING.
T  INDICATES TRACE AMOUNT.




$$
