000
CDUS46 KHNX 250824
CLIFAT


CLIMATE REPORT
NATIONAL WEATHER SERVICE SAN JOAQUIN VALLEY, CA
124 AM PDT TUE APR 25 2017


...................................

...THE FRESNO CA CLIMATE SUMMARY FOR APRIL 24 2017...

CLIMATE NORMAL PERIOD 1981 TO 2010
CLIMATE RECORD PERIOD 1887 TO 2017


WEATHER ITEM   OBSERVED TIME   RECORD YEAR NORMAL DEPARTURE
                VALUE   (LST)  VALUE       VALUE  FROM
                                                  NORMAL
...............................................................
TEMPERATURE (F)
 YESTERDAY
  MAXIMUM         70    247 PM 101    1910  77     -7
  MINIMUM         51    508 AM  36    1958  51      0
  AVERAGE         61                        64     -3

PRECIPITATION (IN)
  YESTERDAY        0.00          1.60 1896   0.03  -0.03
  MONTH TO DATE    3.42                      0.80   2.62
  SINCE OCT 1     17.08                     10.52   6.56
  SINCE JAN 1     12.52                      7.05   5.47

SNOWFALL (IN)
  YESTERDAY        0.0
  MONTH TO DATE    0.0
  SINCE MAR 1      0.0
  SINCE JUL 1      0.0
  SNOW DEPTH       0

DEGREE DAYS
 HEATING
  YESTERDAY        4                                1
  MONTH TO DATE   89                              -33
  SINCE MAR 1    291                              -96
  SINCE JUL 1   1905                             -394

 COOLING
  YESTERDAY        0                               -2
  MONTH TO DATE    8                              -23
  SINCE MAR 1     25                              -11
  SINCE JAN 1     25                              -11
...............................................................


WIND (MPH)
  HIGHEST WIND SPEED    26   HIGHEST WIND DIRECTION    NW (320)
  HIGHEST GUST SPEED    32   HIGHEST GUST DIRECTION     W (290)
  AVERAGE WIND SPEED    16.2




RELATIVE HUMIDITY (PERCENT)
 HIGHEST    83
 LOWEST     42
 AVERAGE    63

..........................................................


THE FRESNO CA CLIMATE NORMALS FOR TODAY
                         NORMAL    RECORD    YEAR
 MAXIMUM TEMPERATURE (F)   78       101      1898
 MINIMUM TEMPERATURE (F)   51        36      1964


SUNRISE AND SUNSET
APRIL 25 2017.........SUNRISE   612 AM PDT   SUNSET   742 PM PDT
APRIL 26 2017.........SUNRISE   610 AM PDT   SUNSET   743 PM PDT


-  INDICATES NEGATIVE NUMBERS.
R  INDICATES RECORD WAS SET OR TIED.
MM INDICATES DATA IS MISSING.
T  INDICATES TRACE AMOUNT.




$$
