000
CDUS46 KHNX 260024
CLIFAT


CLIMATE REPORT
NATIONAL WEATHER SERVICE SAN JOAQUIN VALLEY, CA
524 PM PDT SAT OCT 25 2014


...................................

...THE FRESNO CA CLIMATE SUMMARY FOR OCTOBER 25 2014...
VALID TODAY AS OF 0500 PM LOCAL TIME.

CLIMATE NORMAL PERIOD 1981 TO 2010
CLIMATE RECORD PERIOD 1887 TO 2014


WEATHER ITEM   OBSERVED TIME   RECORD YEAR NORMAL DEPARTURE LAST
                VALUE   (LST)  VALUE       VALUE  FROM      YEAR
                                                  NORMAL
..................................................................
TEMPERATURE (F)
 TODAY
  MAXIMUM         81    151 PM  91    1966  75      6       79
  MINIMUM         56    628 AM  36    1971  50      6       51
  AVERAGE         69                        63      6       65

PRECIPITATION (IN)
  TODAY            0.00          0.33 1927   0.03  -0.03     0.00
  MONTH TO DATE    0.00                      0.44  -0.44     0.00
  SINCE JUL 1      0.19                      0.63  -0.44     0.01
  SINCE JAN 1      4.27                      8.47  -4.20     2.29

SNOWFALL (IN)
  TODAY            0.0
  MONTH TO DATE    0.0
  SINCE SEP 1      0.0
  SINCE JUL 1      0.0
  SNOW DEPTH       0

DEGREE DAYS
 HEATING
  TODAY            0                         3     -3        0
  MONTH TO DATE    0                        35    -35        6
  SINCE SEP 1      0                        37    -37        6
  SINCE JUL 1      0                        37    -37        6

 COOLING
  TODAY            4                         1      3        0
  MONTH TO DATE  224                        96    128       82
  SINCE SEP 1    703                       434    269      476
  SINCE JAN 1   2924                      2118    806     2622
..................................................................


WIND (MPH)
  HIGHEST WIND SPEED    26   HIGHEST WIND DIRECTION    NW (310)
  HIGHEST GUST SPEED    33   HIGHEST GUST DIRECTION    NW (310)
  AVERAGE WIND SPEED     7.6




RELATIVE HUMIDITY (PERCENT)
 HIGHEST    62
 LOWEST     26
 AVERAGE    44

..........................................................


THE FRESNO CA CLIMATE NORMALS FOR TOMORROW
                         NORMAL    RECORD    YEAR
 MAXIMUM TEMPERATURE (F)   75        89      2003
                                             1938
                                             1934
 MINIMUM TEMPERATURE (F)   50        35      1939


SUNRISE AND SUNSET
OCTOBER 25 2014.......SUNRISE   716 AM PDT   SUNSET   610 PM PDT
OCTOBER 26 2014.......SUNRISE   717 AM PDT   SUNSET   608 PM PDT


-  INDICATES NEGATIVE NUMBERS.
R  INDICATES RECORD WAS SET OR TIED.
MM INDICATES DATA IS MISSING.
T  INDICATES TRACE AMOUNT.




$$
