000
CDUS46 KHNX 260825
CLIFAT


CLIMATE REPORT
NATIONAL WEATHER SERVICE SAN JOAQUIN VALLEY, CA
1225 AM PST MON JAN 26 2015


...................................

...THE FRESNO CA CLIMATE SUMMARY FOR JANUARY 25 2015...

CLIMATE NORMAL PERIOD 1981 TO 2010
CLIMATE RECORD PERIOD 1887 TO 2015


WEATHER ITEM   OBSERVED TIME   RECORD YEAR NORMAL DEPARTURE
                VALUE   (LST)  VALUE       VALUE  FROM
                                                  NORMAL
...............................................................
TEMPERATURE (F)
 YESTERDAY
  MAXIMUM         55    339 PM  75    2014  56     -1
  MINIMUM         39   1024 PM  24    1949  39      0
  AVERAGE         47                        48     -1

PRECIPITATION (IN)
  YESTERDAY        0.00          2.21 1969   0.07  -0.07
  MONTH TO DATE    T                         1.76  -1.76
  SINCE OCT 1      3.19                      5.23  -2.04
  SINCE JAN 1      T                         1.76  -1.76

SNOWFALL (IN)
  YESTERDAY        0.0
  MONTH TO DATE    0.0
  SINCE DEC 1      0.0
  SINCE JUL 1      0.0
  SNOW DEPTH       0

DEGREE DAYS
 HEATING
  YESTERDAY       18                                1
  MONTH TO DATE  417                              -53
  SINCE DEC 1    818                             -227
  SINCE JUL 1   1039                             -394

 COOLING
  YESTERDAY        0                                0
  MONTH TO DATE    0                                0
  SINCE DEC 1      0                                0
  SINCE JAN 1      0                                0
...............................................................


WIND (MPH)
  HIGHEST WIND SPEED     8   HIGHEST WIND DIRECTION     S (200)
  HIGHEST GUST SPEED    10   HIGHEST GUST DIRECTION    SE (150)
  AVERAGE WIND SPEED     2.0




RELATIVE HUMIDITY (PERCENT)
 HIGHEST   100
 LOWEST     64
 AVERAGE    82

..........................................................


THE FRESNO CA CLIMATE NORMALS FOR TODAY
                         NORMAL    RECORD    YEAR
 MAXIMUM TEMPERATURE (F)   57        72      2014
 MINIMUM TEMPERATURE (F)   39        24      1898


SUNRISE AND SUNSET
JANUARY 26 2015.......SUNRISE   705 AM PST   SUNSET   518 PM PST
JANUARY 27 2015.......SUNRISE   705 AM PST   SUNSET   519 PM PST


-  INDICATES NEGATIVE NUMBERS.
R  INDICATES RECORD WAS SET OR TIED.
MM INDICATES DATA IS MISSING.
T  INDICATES TRACE AMOUNT.




$$
