000
CDUS46 KHNX 260823
CLIFAT


CLIMATE REPORT
NATIONAL WEATHER SERVICE SAN JOAQUIN VALLEY, CA
122 AM PDT SUN MAR 26 2017


...................................

...THE FRESNO CA CLIMATE SUMMARY FOR MARCH 25 2017...

CLIMATE NORMAL PERIOD 1981 TO 2010
CLIMATE RECORD PERIOD 1887 TO 2017


WEATHER ITEM   OBSERVED TIME   RECORD YEAR NORMAL DEPARTURE
                VALUE   (LST)  VALUE       VALUE  FROM
                                                  NORMAL
...............................................................
TEMPERATURE (F)
 YESTERDAY
  MAXIMUM         65    251 PM  85    1997  69     -4
  MINIMUM         51   1159 PM  32    1964  46      5
  AVERAGE         58                        58      0

PRECIPITATION (IN)
  YESTERDAY        0.48          0.98 1989   0.06   0.42
  MONTH TO DATE    0.95                      1.71  -0.76
  SINCE OCT 1     13.53                      9.40   4.13
  SINCE JAN 1      8.97                      5.93   3.04

SNOWFALL (IN)
  YESTERDAY        0.0
  MONTH TO DATE    0.0
  SINCE MAR 1      0.0
  SINCE JUL 1      0.0
  SNOW DEPTH       0

DEGREE DAYS
 HEATING
  YESTERDAY        7                               -1
  MONTH TO DATE  158                              -65
  SINCE MAR 1    158                              -65
  SINCE JUL 1   1772                             -363

 COOLING
  YESTERDAY        0                                0
  MONTH TO DATE   17                               17
  SINCE MAR 1     17                               17
  SINCE JAN 1     17                               17
...............................................................


WIND (MPH)
  HIGHEST WIND SPEED    14   HIGHEST WIND DIRECTION    NW (300)
  HIGHEST GUST SPEED    16   HIGHEST GUST DIRECTION    NW (300)
  AVERAGE WIND SPEED     5.6




RELATIVE HUMIDITY (PERCENT)
 HIGHEST   100
 LOWEST     56
 AVERAGE    78

..........................................................


THE FRESNO CA CLIMATE NORMALS FOR TODAY
                         NORMAL    RECORD    YEAR
 MAXIMUM TEMPERATURE (F)   69        87      2015
                                             1988
 MINIMUM TEMPERATURE (F)   46        34      1942
                                             1936
                                             1898


SUNRISE AND SUNSET
MARCH 26 2017.........SUNRISE   653 AM PDT   SUNSET   716 PM PDT
MARCH 27 2017.........SUNRISE   652 AM PDT   SUNSET   717 PM PDT


-  INDICATES NEGATIVE NUMBERS.
R  INDICATES RECORD WAS SET OR TIED.
MM INDICATES DATA IS MISSING.
T  INDICATES TRACE AMOUNT.




$$
