000
CDUS46 KHNX 200821
CLIFAT


CLIMATE REPORT
NATIONAL WEATHER SERVICE SAN JOAQUIN VALLEY, CA
121 AM PDT MON OCT 20 2014


...................................

...THE FRESNO CA CLIMATE SUMMARY FOR OCTOBER 19 2014...

CLIMATE NORMAL PERIOD 1981 TO 2010
CLIMATE RECORD PERIOD 1887 TO 2014


WEATHER ITEM   OBSERVED TIME   RECORD YEAR NORMAL DEPARTURE
                VALUE   (LST)  VALUE       VALUE  FROM
                                                  NORMAL
...............................................................
TEMPERATURE (F)
 YESTERDAY
  MAXIMUM         83    416 PM  92    1921  78      5
                                      1903
  MINIMUM         56    639 AM  30    1949  52      4
  AVERAGE         70                        65      5

PRECIPITATION (IN)
  YESTERDAY        0.00          0.75 2004   0.02  -0.02
  MONTH TO DATE    0.00                      0.29  -0.29
  SINCE JUL 1      0.19                      0.48  -0.29
  SINCE JAN 1      4.27                      8.32  -4.05

SNOWFALL (IN)
  YESTERDAY        0.0
  MONTH TO DATE    0.0
  SINCE SEP 1      0.0
  SINCE JUL 1      0.0
  SNOW DEPTH       0

DEGREE DAYS
 HEATING
  YESTERDAY        0                               -2
  MONTH TO DATE    0                              -19
  SINCE SEP 1      0                              -21
  SINCE JUL 1      0                              -21

 COOLING
  YESTERDAY        5                                3
  MONTH TO DATE  206                              119
  SINCE SEP 1    685                              260
  SINCE JAN 1   2906                              797
...............................................................


WIND (MPH)
  HIGHEST WIND SPEED     9   HIGHEST WIND DIRECTION    NW (300)
  HIGHEST GUST SPEED    12   HIGHEST GUST DIRECTION    NW (310)
  AVERAGE WIND SPEED     2.3




RELATIVE HUMIDITY (PERCENT)
 HIGHEST    72
 LOWEST     26
 AVERAGE    49

..........................................................


THE FRESNO CA CLIMATE NORMALS FOR TODAY
                         NORMAL    RECORD    YEAR
 MAXIMUM TEMPERATURE (F)   78        94      1927
 MINIMUM TEMPERATURE (F)   52        35      1949


SUNRISE AND SUNSET
OCTOBER 20 2014.......SUNRISE   711 AM PDT   SUNSET   616 PM PDT
OCTOBER 21 2014.......SUNRISE   712 AM PDT   SUNSET   614 PM PDT


-  INDICATES NEGATIVE NUMBERS.
R  INDICATES RECORD WAS SET OR TIED.
MM INDICATES DATA IS MISSING.
T  INDICATES TRACE AMOUNT.




$$
