000
CDUS46 KHNX 040823
CLIFAT


CLIMATE REPORT
NATIONAL WEATHER SERVICE SAN JOAQUIN VALLEY, CA
1222 AM PST SUN DEC 4 2016


...................................

...THE FRESNO CA CLIMATE SUMMARY FOR DECEMBER 3 2016...

CLIMATE NORMAL PERIOD 1981 TO 2010
CLIMATE RECORD PERIOD 1887 TO 2016


WEATHER ITEM   OBSERVED TIME   RECORD YEAR NORMAL DEPARTURE
                VALUE   (LST)  VALUE       VALUE  FROM
                                                  NORMAL
...............................................................
TEMPERATURE (F)
 YESTERDAY
  MAXIMUM         57    311 PM  75    1979  58     -1
  MINIMUM         35    725 AM  30    2004  39     -4
                                      1957
                                      1909
  AVERAGE         46                        48     -2

PRECIPITATION (IN)
  YESTERDAY        0.00          0.85 1974   0.04  -0.04
  MONTH TO DATE    0.00                      0.12  -0.12
  SINCE OCT 1      2.05                      1.82   0.23
  SINCE JAN 1     11.14                      9.85   1.29

SNOWFALL (IN)
  YESTERDAY        0.0
  MONTH TO DATE    0.0
  SINCE DEC 1      0.0
  SINCE JUL 1      0.0
  SNOW DEPTH       0

DEGREE DAYS
 HEATING
  YESTERDAY       19                                2
  MONTH TO DATE   58                                9
  SINCE DEC 1     58                                9
  SINCE JUL 1    309                             -128

 COOLING
  YESTERDAY        0                                0
  MONTH TO DATE    0                                0
  SINCE DEC 1      0                                0
  SINCE JAN 1   2342                              218
...............................................................


WIND (MPH)
  HIGHEST WIND SPEED     7   HIGHEST WIND DIRECTION     E (90)
  HIGHEST GUST SPEED     9   HIGHEST GUST DIRECTION    SE (120)
  AVERAGE WIND SPEED     1.3




RELATIVE HUMIDITY (PERCENT)
 HIGHEST    92
 LOWEST     51
 AVERAGE    72

..........................................................


THE FRESNO CA CLIMATE NORMALS FOR TODAY
                         NORMAL    RECORD    YEAR
 MAXIMUM TEMPERATURE (F)   58        72      1958
                                             1918
 MINIMUM TEMPERATURE (F)   39        28      1897


SUNRISE AND SUNSET
DECEMBER  4 2016......SUNRISE   656 AM PST   SUNSET   442 PM PST
DECEMBER  5 2016......SUNRISE   657 AM PST   SUNSET   442 PM PST


-  INDICATES NEGATIVE NUMBERS.
R  INDICATES RECORD WAS SET OR TIED.
MM INDICATES DATA IS MISSING.
T  INDICATES TRACE AMOUNT.




$$
