000
CDUS46 KHNX 060021
CLIFAT


CLIMATE REPORT
NATIONAL WEATHER SERVICE SAN JOAQUIN VALLEY, CA
421 PM PST THU MAR 5 2015


...................................

...THE FRESNO CA CLIMATE SUMMARY FOR MARCH 5 2015...
VALID AS OF 0400 PM LOCAL TIME.

CLIMATE NORMAL PERIOD 1981 TO 2010
CLIMATE RECORD PERIOD 1887 TO 2015


WEATHER ITEM   OBSERVED TIME   RECORD YEAR NORMAL DEPARTURE LAST
                VALUE   (LST)  VALUE       VALUE  FROM      YEAR
                                                  NORMAL
..................................................................
TEMPERATURE (F)
 TODAY
  MAXIMUM         73    325 PM  84    1929  66      7       72
  MINIMUM         42    644 AM  31    1971  45     -3       56
  AVERAGE         58                        55      3       64

PRECIPITATION (IN)
  TODAY            0.00          1.04 2000   0.07  -0.07     0.00
  MONTH TO DATE    0.05                      0.36  -0.31      T
  SINCE OCT 1      4.58                      8.05  -3.47     3.40
  SINCE JAN 1      1.39                      4.58  -3.19     2.68

SNOWFALL (IN)
  TODAY            0.0
  MONTH TO DATE    0.0
  SINCE MAR 1      0.0
  SINCE JUL 1      0.0
  SNOW DEPTH       0

DEGREE DAYS
 HEATING
  TODAY            7                        10     -3        1
  MONTH TO DATE   52                        50      2       22
  SINCE MAR 1     52                        50      2       22
  SINCE JUL 1   1378                      1962   -584     1367

 COOLING
  TODAY            0                         0      0        0
  MONTH TO DATE    0                         0      0        0
  SINCE MAR 1      0                         0      0        0
  SINCE JAN 1      0                         0      0        0
..................................................................


WIND (MPH)
  HIGHEST WIND SPEED     8   HIGHEST WIND DIRECTION    NW (330)
  HIGHEST GUST SPEED    12   HIGHEST GUST DIRECTION    NW (320)
  AVERAGE WIND SPEED     2.5




RELATIVE HUMIDITY (PERCENT)
 HIGHEST    89
 LOWEST     27
 AVERAGE    58

..........................................................


THE FRESNO CA CLIMATE NORMALS FOR TOMORROW
                         NORMAL    RECORD    YEAR
 MAXIMUM TEMPERATURE (F)   66        86      1899
 MINIMUM TEMPERATURE (F)   45        31      1971


SUNRISE AND SUNSET
MARCH  5 2015.........SUNRISE   624 AM PST   SUNSET   557 PM PST
MARCH  6 2015.........SUNRISE   623 AM PST   SUNSET   558 PM PST


-  INDICATES NEGATIVE NUMBERS.
R  INDICATES RECORD WAS SET OR TIED.
MM INDICATES DATA IS MISSING.
T  INDICATES TRACE AMOUNT.




$$
