000
CDUS46 KHNX 180823
CLIFAT


CLIMATE REPORT
NATIONAL WEATHER SERVICE SAN JOAQUIN VALLEY, CA
123 AM PDT WED OCT 18 2017


...................................

...THE FRESNO CA CLIMATE SUMMARY FOR OCTOBER 17 2017...

CLIMATE NORMAL PERIOD 1981 TO 2010
CLIMATE RECORD PERIOD 1887 TO 2017


WEATHER ITEM   OBSERVED TIME   RECORD YEAR NORMAL DEPARTURE
                VALUE   (LST)  VALUE       VALUE  FROM
                                                  NORMAL
...............................................................
TEMPERATURE (F)
 YESTERDAY
  MAXIMUM         83    206 PM  97    1959  79      4
  MINIMUM         53    620 AM  36    1893  53      0
                                      1892
  AVERAGE         68                        66      2

PRECIPITATION (IN)
  YESTERDAY        0.00          0.54 1934   0.03  -0.03
  MONTH TO DATE    0.00                      0.25  -0.25
  SINCE OCT 1      0.00                      0.25  -0.25
  SINCE JAN 1     12.80                      8.28   4.52

SNOWFALL (IN)
  YESTERDAY        0.0
  MONTH TO DATE    0.0
  SINCE SEP 1      0.0
  SINCE JUL 1      0.0
  SNOW DEPTH       0

DEGREE DAYS
 HEATING
  YESTERDAY        0                               -2
  MONTH TO DATE   19                                4
  SINCE SEP 1     23                                6
  SINCE JUL 1     23                                6

 COOLING
  YESTERDAY        3                                0
  MONTH TO DATE   29                              -54
  SINCE SEP 1    404                              -17
  SINCE JAN 1   2443                              338
...............................................................


WIND (MPH)
  HIGHEST WIND SPEED    12   HIGHEST WIND DIRECTION     W (290)
  HIGHEST GUST SPEED    13   HIGHEST GUST DIRECTION     W (290)
  AVERAGE WIND SPEED     3.5




RELATIVE HUMIDITY (PERCENT)
 HIGHEST    66
 LOWEST     20
 AVERAGE    43

..........................................................


THE FRESNO CA CLIMATE NORMALS FOR TODAY
                         NORMAL    RECORD    YEAR
 MAXIMUM TEMPERATURE (F)   79        95      2012
                                             1903
 MINIMUM TEMPERATURE (F)   52        36      1949


SUNRISE AND SUNSET
OCTOBER 18 2017.......SUNRISE   709 AM PDT   SUNSET   618 PM PDT
OCTOBER 19 2017.......SUNRISE   710 AM PDT   SUNSET   617 PM PDT


-  INDICATES NEGATIVE NUMBERS.
R  INDICATES RECORD WAS SET OR TIED.
MM INDICATES DATA IS MISSING.
T  INDICATES TRACE AMOUNT.




$$
