994
CDUS46 KHNX 310826
CLIFAT


CLIMATE REPORT
NATIONAL WEATHER SERVICE SAN JOAQUIN VALLEY, CA
125 AM PDT TUE MAY 31 2016


...................................

...THE FRESNO CA CLIMATE SUMMARY FOR MAY 30 2016...

CLIMATE NORMAL PERIOD 1981 TO 2010
CLIMATE RECORD PERIOD 1887 TO 2016


WEATHER ITEM   OBSERVED TIME   RECORD YEAR NORMAL DEPARTURE
                VALUE   (LST)  VALUE       VALUE  FROM
                                                  NORMAL
...............................................................
TEMPERATURE (F)
 YESTERDAY
  MAXIMUM         96    320 PM 109    1910  88      8
  MINIMUM         63    507 AM  45    1988  59      4
                                      1906
  AVERAGE         80                        73      7

PRECIPITATION (IN)
  YESTERDAY        0.00          0.38 1948   0.01  -0.01
  MONTH TO DATE    0.29                      0.42  -0.13
  SINCE OCT 1     14.23                     11.09   3.14
  SINCE JAN 1      9.03                      7.62   1.41

SNOWFALL (IN)
  YESTERDAY        0.0
  MONTH TO DATE    0.0
  SINCE MAR 1      0.0
  SINCE JUL 1      0.0
  SNOW DEPTH       0

DEGREE DAYS
 HEATING
  YESTERDAY        0                                0
  MONTH TO DATE   10                              -19
  SINCE MAR 1    246                             -184
  SINCE JUL 1   1947                             -395

 COOLING
  YESTERDAY       15                                6
  MONTH TO DATE  196                               16
  SINCE MAR 1    260                               29
  SINCE JAN 1    260                               29
...............................................................


WIND (MPH)
  HIGHEST WIND SPEED    17   HIGHEST WIND DIRECTION    NW (300)
  HIGHEST GUST SPEED    21   HIGHEST GUST DIRECTION    NW (300)
  AVERAGE WIND SPEED     7.6




RELATIVE HUMIDITY (PERCENT)
 HIGHEST    67
 LOWEST     13
 AVERAGE    40

..........................................................


THE FRESNO CA CLIMATE NORMALS FOR TODAY
                         NORMAL    RECORD    YEAR
 MAXIMUM TEMPERATURE (F)   88       110      1910
 MINIMUM TEMPERATURE (F)   59        46      1923


SUNRISE AND SUNSET
MAY 31 2016...........SUNRISE   542 AM PDT   SUNSET   812 PM PDT
JUNE  1 2016..........SUNRISE   541 AM PDT   SUNSET   813 PM PDT


-  INDICATES NEGATIVE NUMBERS.
R  INDICATES RECORD WAS SET OR TIED.
MM INDICATES DATA IS MISSING.
T  INDICATES TRACE AMOUNT.




$$
