000
CDUS42 KRAH 210807
CLIFAY


CLIMATE REPORT
NATIONAL WEATHER SERVICE RALEIGH NC
406 AM EDT MON AUG 21 2017


...................................

...THE FAYETTEVILLE REGL AIRPORT NC CLIMATE SUMMARY FOR AUGUST 20 2017...

CLIMATE NORMAL PERIOD 1981 TO 2010
CLIMATE RECORD PERIOD 1910 TO 2017


WEATHER ITEM   OBSERVED TIME   RECORD YEAR NORMAL DEPARTURE LAST
                VALUE   (LST)  VALUE       VALUE  FROM      YEAR
                                                  NORMAL
..................................................................
TEMPERATURE (F)
 YESTERDAY
  MAXIMUM         95    256 PM 102    2007  89      6       89
  MINIMUM         71    521 AM  57    1918  69      2       75
  AVERAGE         83                        79      4       82

PRECIPITATION (IN)
  YESTERDAY        0.00          3.00 1949   0.17  -0.17     0.08
  MONTH TO DATE    3.34                      3.71  -0.37     1.14
  SINCE JUN 1     15.79                     13.98   1.81     8.90
  SINCE JAN 1     31.43                     29.65   1.78    26.47

DEGREE DAYS
 HEATING
  YESTERDAY        0                         0      0        0
  MONTH TO DATE    0                         0      0        0
  SINCE JUN 1      0                         0      0        0
  SINCE JUL 1      0                         0      0        0

 COOLING
  YESTERDAY       18                        14      4       17
  MONTH TO DATE  328                       305     23      396
  SINCE JUN 1   1328                      1208    120     1467
  SINCE JAN 1   1831                      1492    339     1803
..................................................................


WIND (MPH)
  HIGHEST WIND SPEED    14   HIGHEST WIND DIRECTION    SE (140)
  HIGHEST GUST SPEED    18   HIGHEST GUST DIRECTION    SE (130)
  AVERAGE WIND SPEED     3.5


SKY COVER
  POSSIBLE SUNSHINE  MM
  AVERAGE SKY COVER 0.1


WEATHER CONDITIONS
 THE FOLLOWING WEATHER WAS RECORDED YESTERDAY.
  FOG


RELATIVE HUMIDITY (PERCENT)
 HIGHEST   100           100 AM
 LOWEST     44           400 PM
 AVERAGE    72

..........................................................


THE FAYETTEVILLE REGL AIRPORT NC CLIMATE NORMALS FOR TODAY
                         NORMAL    RECORD    YEAR
 MAXIMUM TEMPERATURE (F)   89       104      2007
 MINIMUM TEMPERATURE (F)   69        56      1957


SUNRISE AND SUNSET
AUGUST 21 2017........SUNRISE   640 AM EDT   SUNSET   756 PM EDT
AUGUST 22 2017........SUNRISE   641 AM EDT   SUNSET   755 PM EDT


-  INDICATES NEGATIVE NUMBERS.
R  INDICATES RECORD WAS SET OR TIED.
MM INDICATES DATA IS MISSING.
T  INDICATES TRACE AMOUNT.




$$
