000
CDUS42 KRAH 290801
CLIFAY


CLIMATE REPORT
NATIONAL WEATHER SERVICE RALEIGH NC
400 AM EDT SAT APR 29 2017


...................................

...THE FAYETTEVILLE REGL AIRPORT NC CLIMATE SUMMARY FOR APRIL 28 2017...

CLIMATE NORMAL PERIOD 1981 TO 2010
CLIMATE RECORD PERIOD 1910 TO 2017


WEATHER ITEM   OBSERVED TIME   RECORD YEAR NORMAL DEPARTURE LAST
                VALUE   (LST)  VALUE       VALUE  FROM      YEAR
                                                  NORMAL
..................................................................
TEMPERATURE (F)
 YESTERDAY
  MAXIMUM         92    403 PM  93    1990  78     14       88
  MINIMUM         73    612 AM  37    1940  53     20       64
  AVERAGE         83                        66     17       76

PRECIPITATION (IN)
  YESTERDAY        0.02          2.00 1949   0.06  -0.04     1.37
  MONTH TO DATE    4.25                      2.69   1.56     3.53
  SINCE MAR 1      6.93                      6.24   0.69     4.54
  SINCE JAN 1     10.35                     12.30  -1.95    12.38

DEGREE DAYS
 HEATING
  YESTERDAY        0                         3     -3        0
  MONTH TO DATE   44                       134    -90      139
  SINCE MAR 1    393                       478    -85      329
  SINCE JUL 1   2015                      2703   -688     2142

 COOLING
  YESTERDAY       18                         3     15       11
  MONTH TO DATE  135                        59     76       63
  SINCE MAR 1    171                        71    100      125
  SINCE JAN 1    186                        75    111      125
..................................................................


WIND (MPH)
  HIGHEST WIND SPEED    18   HIGHEST WIND DIRECTION     S (200)
  HIGHEST GUST SPEED    23   HIGHEST GUST DIRECTION    SW (220)
  AVERAGE WIND SPEED    10.1


SKY COVER
  POSSIBLE SUNSHINE  MM
  AVERAGE SKY COVER 0.5


WEATHER CONDITIONS
 THE FOLLOWING WEATHER WAS RECORDED YESTERDAY.
  NO SIGNIFICANT WEATHER WAS OBSERVED.


RELATIVE HUMIDITY (PERCENT)
 HIGHEST    93           300 AM
 LOWEST     44           300 PM
 AVERAGE    69

..........................................................


THE FAYETTEVILLE REGL AIRPORT NC CLIMATE NORMALS FOR TODAY
                         NORMAL    RECORD    YEAR
 MAXIMUM TEMPERATURE (F)   78        95      1981
 MINIMUM TEMPERATURE (F)   54        35      1967


SUNRISE AND SUNSET
APRIL 29 2017.........SUNRISE   627 AM EDT   SUNSET   800 PM EDT
APRIL 30 2017.........SUNRISE   626 AM EDT   SUNSET   800 PM EDT


-  INDICATES NEGATIVE NUMBERS.
R  INDICATES RECORD WAS SET OR TIED.
MM INDICATES DATA IS MISSING.
T  INDICATES TRACE AMOUNT.




$$
