000
CDUS42 KRAH 022058
CLIFAY


CLIMATE REPORT
NATIONAL WEATHER SERVICE RALEIGH NC
454 PM EDT THU JUL 2 2015


...................................

...THE FAYETTEVILLE REGL AIRPORT NC CLIMATE SUMMARY FOR JULY 2 2015...
VALID TODAY AS OF 0454 PM LOCAL TIME.

CLIMATE NORMAL PERIOD 1981 TO 2010
CLIMATE RECORD PERIOD 1910 TO 2015


WEATHER ITEM   OBSERVED TIME   RECORD YEAR NORMAL DEPARTURE LAST
                VALUE   (LST)  VALUE       VALUE  FROM      YEAR
                                                  NORMAL
..................................................................
TEMPERATURE (F)
 TODAY
  MAXIMUM         91    317 PM 106    1931  91      0       96
  MINIMUM         75    709 AM  53    1988  71      4       74
  AVERAGE         83                        81      2       85

PRECIPITATION (IN)
  TODAY            T             2.50 1934   0.16  -0.16     0.00
  MONTH TO DATE    T                         0.32  -0.32      T
  SINCE JUN 1      9.14                      4.67   4.47     2.69
  SINCE JAN 1     24.41                     20.34   4.07    21.14

DEGREE DAYS
 HEATING
  TODAY            0                         0      0        0
  MONTH TO DATE    0                         0      0        0
  SINCE JUN 1      0                         0      0        0
  SINCE JUL 1      0                         0      0        0

 COOLING
  TODAY           18                        16      2       20
  MONTH TO DATE   30                        32     -2       37
  SINCE JUN 1    519                       428     91      494
  SINCE JAN 1    849                       712    137      860
..................................................................


WIND (MPH)
  HIGHEST WIND SPEED    20   HIGHEST WIND DIRECTION    SW (230)
  HIGHEST GUST SPEED    28   HIGHEST GUST DIRECTION    SW (220)
  AVERAGE WIND SPEED    10.2


SKY COVER
  POSSIBLE SUNSHINE  MM
  AVERAGE SKY COVER 0.2


WEATHER CONDITIONS
 THE FOLLOWING WEATHER WAS RECORDED TODAY.
  FOG
  HAZE


RELATIVE HUMIDITY (PERCENT)
 HIGHEST    87           200 AM
 LOWEST     47           300 PM
 AVERAGE    67

..........................................................


THE FAYETTEVILLE REGL AIRPORT NC CLIMATE NORMALS FOR TOMORROW
                         NORMAL    RECORD    YEAR
 MAXIMUM TEMPERATURE (F)   91       100      1954
 MINIMUM TEMPERATURE (F)   71        54      1932


SUNRISE AND SUNSET
JULY  2 2015..........SUNRISE   606 AM EDT   SUNSET   833 PM EDT
JULY  3 2015..........SUNRISE   606 AM EDT   SUNSET   833 PM EDT


-  INDICATES NEGATIVE NUMBERS.
R  INDICATES RECORD WAS SET OR TIED.
MM INDICATES DATA IS MISSING.
T  INDICATES TRACE AMOUNT.




$$
