130
CDUS42 KRAH 240651
CLIFAY


CLIMATE REPORT
NATIONAL WEATHER SERVICE RALEIGH NC
249 AM EDT TUE OCT 24 2017


...................................

...THE FAYETTEVILLE REGL AIRPORT NC CLIMATE SUMMARY FOR OCTOBER 23 2017...

CLIMATE NORMAL PERIOD 1981 TO 2010
CLIMATE RECORD PERIOD 1910 TO 2017


WEATHER ITEM   OBSERVED TIME   RECORD YEAR NORMAL DEPARTURE LAST
                VALUE   (LST)  VALUE       VALUE  FROM      YEAR
                                                  NORMAL
..................................................................
TEMPERATURE (F)
 YESTERDAY
  MAXIMUM         80    128 PM  89    1935  73      7       71
  MINIMUM         60   1159 PM  30    1987  49     11       40
  AVERAGE         70                        61      9       56

PRECIPITATION (IN)
  YESTERDAY        0.26          3.23 1919   0.08   0.18     0.00
  MONTH TO DATE    1.60                      2.66  -1.06    15.02
  SINCE SEP 1      5.33                      7.06  -1.73    26.14
  SINCE JAN 1     37.13                     38.49  -1.36    52.80

DEGREE DAYS
 HEATING
  YESTERDAY        0                         5     -5        9
  MONTH TO DATE   20                        68    -48       32
  SINCE SEP 1     22                        77    -55       32
  SINCE JUL 1     22                        77    -55       32

 COOLING
  YESTERDAY        5                         1      4        0
  MONTH TO DATE  140                        62     78       97
  SINCE SEP 1    464                       330    134      503
  SINCE JAN 1   2443                      1970    473     2497
..................................................................


WIND (MPH)
  HIGHEST WIND SPEED    25   HIGHEST WIND DIRECTION    SE (150)
  HIGHEST GUST SPEED    39   HIGHEST GUST DIRECTION    SE (140)
  AVERAGE WIND SPEED    11.1


SKY COVER
  POSSIBLE SUNSHINE  MM
  AVERAGE SKY COVER 0.6


WEATHER CONDITIONS
 THE FOLLOWING WEATHER WAS RECORDED YESTERDAY.
  THUNDERSTORM
  HEAVY RAIN
  RAIN
  LIGHT RAIN
  FOG


RELATIVE HUMIDITY (PERCENT)
 HIGHEST   100           200 AM
 LOWEST     58           100 PM
 AVERAGE    79

..........................................................


THE FAYETTEVILLE REGL AIRPORT NC CLIMATE NORMALS FOR TODAY
                         NORMAL    RECORD    YEAR
 MAXIMUM TEMPERATURE (F)   73        89      1939
 MINIMUM TEMPERATURE (F)   49        30      1987


SUNRISE AND SUNSET
OCTOBER 24 2017.......SUNRISE   729 AM EDT   SUNSET   629 PM EDT
OCTOBER 25 2017.......SUNRISE   730 AM EDT   SUNSET   628 PM EDT


-  INDICATES NEGATIVE NUMBERS.
R  INDICATES RECORD WAS SET OR TIED.
MM INDICATES DATA IS MISSING.
T  INDICATES TRACE AMOUNT.




$$
