000
CDUS42 KRAH 270612
CLIFAY


CLIMATE REPORT
NATIONAL WEATHER SERVICE RALEIGH NC
210 AM EDT WED AUG 27 2014


...................................

...THE FAYETTEVILLE REGL AIRPORT NC CLIMATE SUMMARY FOR AUGUST 26 2014...

CLIMATE NORMAL PERIOD 1981 TO 2010
CLIMATE RECORD PERIOD 1910 TO 2014


WEATHER ITEM   OBSERVED TIME   RECORD YEAR NORMAL DEPARTURE LAST
                VALUE   (LST)  VALUE       VALUE  FROM      YEAR
                                                  NORMAL
..................................................................
TEMPERATURE (F)
 YESTERDAY
  MAXIMUM         85    416 PM 101    1943  89     -4       84
  MINIMUM         64    609 AM  53    1942  69     -5       59
  AVERAGE         75                        79     -4       72

PRECIPITATION (IN)
  YESTERDAY        0.00          2.10 1926   0.17  -0.17     0.00
  MONTH TO DATE    3.92                      4.72  -0.80     5.52
  SINCE JUN 1      8.47                     14.99  -6.52    21.20
  SINCE JAN 1     26.92                     30.66  -3.74    34.54

DEGREE DAYS
 HEATING
  YESTERDAY        0                         0      0        0
  MONTH TO DATE    0                         0      0        0
  SINCE JUN 1      0                         0      0        0
  SINCE JUL 1      0                         0      0        0

 COOLING
  YESTERDAY       10                        13     -3        7
  MONTH TO DATE  356                       388    -32      366
  SINCE JUN 1   1297                      1291      6     1260
  SINCE JAN 1   1663                      1575     88     1509
..................................................................


WIND (MPH)
  HIGHEST WIND SPEED    17   HIGHEST WIND DIRECTION     N (20)
  HIGHEST GUST SPEED    22   HIGHEST GUST DIRECTION    NE (30)
  AVERAGE WIND SPEED     9.2


SKY COVER
  POSSIBLE SUNSHINE  MM
  AVERAGE SKY COVER 0.1


WEATHER CONDITIONS
 THE FOLLOWING WEATHER WAS RECORDED YESTERDAY.
  NO SIGNIFICANT WEATHER WAS OBSERVED.


RELATIVE HUMIDITY (PERCENT)
 HIGHEST    93           300 AM
 LOWEST     44           300 PM
 AVERAGE    69

..........................................................


THE FAYETTEVILLE REGL AIRPORT NC CLIMATE NORMALS FOR TODAY
                         NORMAL    RECORD    YEAR
 MAXIMUM TEMPERATURE (F)   88       102      1954
 MINIMUM TEMPERATURE (F)   68        56      1942


SUNRISE AND SUNSET
AUGUST 27 2014........SUNRISE   645 AM EDT   SUNSET   749 PM EDT
AUGUST 28 2014........SUNRISE   645 AM EDT   SUNSET   748 PM EDT


-  INDICATES NEGATIVE NUMBERS.
R  INDICATES RECORD WAS SET OR TIED.
MM INDICATES DATA IS MISSING.
T  INDICATES TRACE AMOUNT.




$$
