000
CDUS42 KRAH 262148
CLIFAY


CLIMATE REPORT
NATIONAL WEATHER SERVICE RALEIGH NC
446 PM EST SUN FEB 26 2017


...................................

...THE FAYETTEVILLE REGL AIRPORT NC CLIMATE SUMMARY FOR FEBRUARY 26 2017...
VALID TODAY AS OF 0446 PM LOCAL TIME.

CLIMATE NORMAL PERIOD 1981 TO 2010
CLIMATE RECORD PERIOD 1910 TO 2017


WEATHER ITEM   OBSERVED TIME   RECORD YEAR NORMAL DEPARTURE LAST
                VALUE   (LST)  VALUE       VALUE  FROM      YEAR
                                                  NORMAL
..................................................................
TEMPERATURE (F)
 TODAY
  MAXIMUM         MM        MM  81    1930  62     MM       53
  MINIMUM         MM        MM  13    1967  37     MM       35
  AVERAGE         MM                        49     MM       44

PRECIPITATION (IN)
  TODAY            0.00          2.25 1939   0.10  -0.10     0.00
  MONTH TO DATE    0.99                      2.57  -1.58     6.14
  SINCE DEC 1      6.06                      8.52  -2.46    14.35
  SINCE JAN 1      3.42                      5.87  -2.45     7.84

DEGREE DAYS
 HEATING
  TODAY           MM                        16     MM       21
  MONTH TO DATE  225                       469   -244      496
  SINCE DEC 1   1239                      1747   -508     1449
  SINCE JUL 1   1590                      2195   -605     1768

 COOLING
  TODAY           MM                         0     MM        0
  MONTH TO DATE   14                         0     14        0
  SINCE DEC 1     15                         4     11       47
  SINCE JAN 1     15                         2     13        0
..................................................................


WIND (MPH)
  HIGHEST WIND SPEED     6   HIGHEST WIND DIRECTION    SW (220)
  HIGHEST GUST SPEED     6   HIGHEST GUST DIRECTION    SW (220)
  AVERAGE WIND SPEED    MM


SKY COVER
  POSSIBLE SUNSHINE   0 PERCENT
  AVERAGE SKY COVER 0.0


WEATHER CONDITIONS
 THE FOLLOWING WEATHER WAS RECORDED TODAY.
  NO SIGNIFICANT WEATHER WAS OBSERVED.


RELATIVE HUMIDITY (PERCENT)
 HIGHEST     0          1200 AM
 LOWEST      0          1200 AM
 AVERAGE     0

..........................................................


THE FAYETTEVILLE REGL AIRPORT NC CLIMATE NORMALS FOR TOMORROW
                         NORMAL    RECORD    YEAR
 MAXIMUM TEMPERATURE (F)   62        81      2011
 MINIMUM TEMPERATURE (F)   37        13      1963


SUNRISE AND SUNSET
FEBRUARY 26 2017......SUNRISE   648 AM EST   SUNSET   609 PM EST
FEBRUARY 27 2017......SUNRISE   647 AM EST   SUNSET   610 PM EST


-  INDICATES NEGATIVE NUMBERS.
R  INDICATES RECORD WAS SET OR TIED.
MM INDICATES DATA IS MISSING.
T  INDICATES TRACE AMOUNT.




$$
