000
CDUS42 KRAH 230620
CLIFAY


CLIMATE REPORT
NATIONAL WEATHER SERVICE RALEIGH NC
217 AM EDT SAT JUL 23 2016


...................................

...THE FAYETTEVILLE REGL AIRPORT NC CLIMATE SUMMARY FOR JULY 22 2016...

CLIMATE NORMAL PERIOD 1981 TO 2010
CLIMATE RECORD PERIOD 1910 TO 2016


WEATHER ITEM   OBSERVED TIME   RECORD YEAR NORMAL DEPARTURE LAST
                VALUE   (LST)  VALUE       VALUE  FROM      YEAR
                                                  NORMAL
..................................................................
TEMPERATURE (F)
 YESTERDAY
  MAXIMUM         93    413 PM 107    1932  91      2       92
  MINIMUM         74    614 AM  57    1966  72      2       77
  AVERAGE         84                        82      2       85

PRECIPITATION (IN)
  YESTERDAY        0.00          1.97 1974   0.21  -0.21     0.00
  MONTH TO DATE    4.50                      4.11   0.39     2.26
  SINCE JUN 1      7.71                      8.46  -0.75    11.40
  SINCE JAN 1     25.28                     24.13   1.15    26.67

DEGREE DAYS
 HEATING
  YESTERDAY        0                         0      0        0
  MONTH TO DATE    0                         0      0        0
  SINCE JUN 1      0                         0      0        0
  SINCE JUL 1      0                         0      0        0

 COOLING
  YESTERDAY       19                        17      2       20
  MONTH TO DATE  414                       363     51      402
  SINCE JUN 1    866                       759    107      891
  SINCE JAN 1   1202                      1043    159     1221
..................................................................


WIND (MPH)
  HIGHEST WIND SPEED    17   HIGHEST WIND DIRECTION     W (250)
  HIGHEST GUST SPEED    21   HIGHEST GUST DIRECTION    SW (240)
  AVERAGE WIND SPEED     6.7


SKY COVER
  POSSIBLE SUNSHINE  MM
  AVERAGE SKY COVER 0.2


WEATHER CONDITIONS
 THE FOLLOWING WEATHER WAS RECORDED YESTERDAY.
  THUNDERSTORM
  FOG


RELATIVE HUMIDITY (PERCENT)
 HIGHEST    93           500 AM
 LOWEST     52           200 PM
 AVERAGE    73

..........................................................


THE FAYETTEVILLE REGL AIRPORT NC CLIMATE NORMALS FOR TODAY
                         NORMAL    RECORD    YEAR
 MAXIMUM TEMPERATURE (F)   91       103      2011
 MINIMUM TEMPERATURE (F)   72        51      1944


SUNRISE AND SUNSET
JULY 23 2016..........SUNRISE   619 AM EDT   SUNSET   825 PM EDT
JULY 24 2016..........SUNRISE   619 AM EDT   SUNSET   824 PM EDT


-  INDICATES NEGATIVE NUMBERS.
R  INDICATES RECORD WAS SET OR TIED.
MM INDICATES DATA IS MISSING.
T  INDICATES TRACE AMOUNT.

$$
