000
CDUS42 KRAH 160759
CLIFAY


CLIMATE REPORT
NATIONAL WEATHER SERVICE RALEIGH NC
332 AM EDT TUE SEP 16 2014


...................................

...THE FAYETTEVILLE REGL AIRPORT NC CLIMATE SUMMARY FOR SEPTEMBER 15 2014...

CLIMATE NORMAL PERIOD 1981 TO 2010
CLIMATE RECORD PERIOD 1910 TO 2014


WEATHER ITEM   OBSERVED TIME   RECORD YEAR NORMAL DEPARTURE LAST
                VALUE   (LST)  VALUE       VALUE  FROM      YEAR
                                                  NORMAL
..................................................................
TEMPERATURE (F)
 YESTERDAY
  MAXIMUM         77    301 PM  97    1931  84     -7       85
  MINIMUM         66    742 AM  47    1985  64      2       59
  AVERAGE         72                        74     -2       72

PRECIPITATION (IN)
  YESTERDAY        0.00          2.63 1924   0.15  -0.15     0.00
  MONTH TO DATE    5.73                      2.24   3.49     0.08
  SINCE SEP 1      5.73                      2.24   3.49     0.08
  SINCE JAN 1     32.65                     33.67  -1.02    34.64

DEGREE DAYS
 HEATING
  YESTERDAY        0                         0      0        0
  MONTH TO DATE    0                         0      0        0
  SINCE SEP 1      0                         0      0        0
  SINCE JUL 1      0                         0      0        0

 COOLING
  YESTERDAY        7                         9     -2        7
  MONTH TO DATE  207                       164     43      205
  SINCE SEP 1    207                       164     43      205
  SINCE JAN 1   1948                      1804    144     1784
..................................................................


WIND (MPH)
  HIGHEST WIND SPEED     9   HIGHEST WIND DIRECTION     N (10)
  HIGHEST GUST SPEED    11   HIGHEST GUST DIRECTION     N (20)
  AVERAGE WIND SPEED     4.3


SKY COVER
  POSSIBLE SUNSHINE  MM
  AVERAGE SKY COVER 0.9


WEATHER CONDITIONS
 THE FOLLOWING WEATHER WAS RECORDED YESTERDAY.
  NO SIGNIFICANT WEATHER WAS OBSERVED.


RELATIVE HUMIDITY (PERCENT)
 HIGHEST    93           200 AM
 LOWEST     69           300 PM
 AVERAGE    81

..........................................................


THE FAYETTEVILLE REGL AIRPORT NC CLIMATE NORMALS FOR TODAY
                         NORMAL    RECORD    YEAR
 MAXIMUM TEMPERATURE (F)   84       100      1931
 MINIMUM TEMPERATURE (F)   64        48      1985


SUNRISE AND SUNSET
SEPTEMBER 16 2014.....SUNRISE   659 AM EDT   SUNSET   721 PM EDT
SEPTEMBER 17 2014.....SUNRISE   700 AM EDT   SUNSET   720 PM EDT


-  INDICATES NEGATIVE NUMBERS.
R  INDICATES RECORD WAS SET OR TIED.
MM INDICATES DATA IS MISSING.
T  INDICATES TRACE AMOUNT.




$$
