590
CDUS42 KRAH 290852
CLIFAY


CLIMATE REPORT
NATIONAL WEATHER SERVICE RALEIGH NC
451 AM EDT THU SEP 29 2016


...................................

...THE FAYETTEVILLE REGL AIRPORT NC CLIMATE SUMMARY FOR SEPTEMBER 28 2016...

CLIMATE NORMAL PERIOD 1981 TO 2010
CLIMATE RECORD PERIOD 1910 TO 2016


WEATHER ITEM   OBSERVED TIME   RECORD YEAR NORMAL DEPARTURE LAST
                VALUE   (LST)  VALUE       VALUE  FROM      YEAR
                                                  NORMAL
..................................................................
TEMPERATURE (F)
 YESTERDAY
  MAXIMUM         89    312 PM  95    1933  80      9       83
  MINIMUM         68    631 AM  43    1943  59      9       71
  AVERAGE         79                        70      9       77

PRECIPITATION (IN)
  YESTERDAY        0.20          2.83 1970   0.14   0.06     0.29
  MONTH TO DATE    5.68                      4.11   1.57     3.16
  SINCE SEP 1      5.68                      4.11   1.57     3.16
  SINCE JAN 1     32.34                     35.54  -3.20    33.95

DEGREE DAYS
 HEATING
  YESTERDAY        0                         1     -1        0
  MONTH TO DATE    0                         6     -6        0
  SINCE SEP 1      0                         6     -6        0
  SINCE JUL 1      0                         6     -6        0

 COOLING
  YESTERDAY       14                         5      9       12
  MONTH TO DATE  386                       259    127      297
  SINCE SEP 1    386                       259    127      297
  SINCE JAN 1   2380                      1899    481     2132
..................................................................


WIND (MPH)
  HIGHEST WIND SPEED    21   HIGHEST WIND DIRECTION     N (10)
  HIGHEST GUST SPEED    26   HIGHEST GUST DIRECTION    SW (210)
  AVERAGE WIND SPEED     7.7


SKY COVER
  POSSIBLE SUNSHINE  MM
  AVERAGE SKY COVER 0.5


WEATHER CONDITIONS
 THE FOLLOWING WEATHER WAS RECORDED YESTERDAY.
  THUNDERSTORM
  RAIN
  LIGHT RAIN
  FOG
  HAZE


RELATIVE HUMIDITY (PERCENT)
 HIGHEST    97           700 AM
 LOWEST     57           100 PM
 AVERAGE    77

..........................................................


THE FAYETTEVILLE REGL AIRPORT NC CLIMATE NORMALS FOR TODAY
                         NORMAL    RECORD    YEAR
 MAXIMUM TEMPERATURE (F)   80        95      1933
 MINIMUM TEMPERATURE (F)   59        41      1962


SUNRISE AND SUNSET
SEPTEMBER 29 2016.....SUNRISE   709 AM EDT   SUNSET   702 PM EDT
SEPTEMBER 30 2016.....SUNRISE   710 AM EDT   SUNSET   700 PM EDT


-  INDICATES NEGATIVE NUMBERS.
R  INDICATES RECORD WAS SET OR TIED.
MM INDICATES DATA IS MISSING.
T  INDICATES TRACE AMOUNT.




$$
