000
CDUS42 KRAH 090646
CLIFAY


CLIMATE REPORT
NATIONAL WEATHER SERVICE RALEIGH NC
145 AM EST TUE FEB 9 2016


...................................

...THE FAYETTEVILLE REGL AIRPORT NC CLIMATE SUMMARY FOR FEBRUARY 8 2016...

CLIMATE NORMAL PERIOD 1981 TO 2010
CLIMATE RECORD PERIOD 1910 TO 2016


WEATHER ITEM   OBSERVED TIME   RECORD YEAR NORMAL DEPARTURE LAST
                VALUE   (LST)  VALUE       VALUE  FROM      YEAR
                                                  NORMAL
..................................................................
TEMPERATURE (F)
 YESTERDAY
  MAXIMUM         58    302 PM  79    1937  58      0       71
  MINIMUM         29    729 AM  13    1977  35     -6       45
  AVERAGE         44                        46     -2       58

PRECIPITATION (IN)
  YESTERDAY        0.20          1.42 1965   0.09   0.11     0.00
  MONTH TO DATE    2.88                      0.71   2.17     0.52
  SINCE DEC 1     11.09                      6.66   4.43     9.11
  SINCE JAN 1      4.58                      4.01   0.57     4.89

DEGREE DAYS
 HEATING
  YESTERDAY       21                        19      2        7
  MONTH TO DATE  116                       156    -40      169
  SINCE DEC 1   1069                      1434   -365     1392
  SINCE JUL 1   1388                      1882   -494     1936

 COOLING
  YESTERDAY        0                         0      0        0
  MONTH TO DATE    0                         0      0        0
  SINCE DEC 1     47                         4     43        0
  SINCE JAN 1      0                         2     -2        0
..................................................................


WIND (MPH)
  HIGHEST WIND SPEED    30   HIGHEST WIND DIRECTION     W (260)
  HIGHEST GUST SPEED    39   HIGHEST GUST DIRECTION     W (260)
  AVERAGE WIND SPEED     8.0


SKY COVER
  POSSIBLE SUNSHINE  MM
  AVERAGE SKY COVER 0.2


WEATHER CONDITIONS
 THE FOLLOWING WEATHER WAS RECORDED YESTERDAY.
  RAIN
  LIGHT RAIN
  FOG


RELATIVE HUMIDITY (PERCENT)
 HIGHEST    92           900 PM
 LOWEST     33           300 PM
 AVERAGE    63

..........................................................


THE FAYETTEVILLE REGL AIRPORT NC CLIMATE NORMALS FOR TODAY
                         NORMAL    RECORD    YEAR
 MAXIMUM TEMPERATURE (F)   58        75      1937
 MINIMUM TEMPERATURE (F)   35        13      1947


SUNRISE AND SUNSET
FEBRUARY  9 2016......SUNRISE   708 AM EST   SUNSET   552 PM EST
FEBRUARY 10 2016......SUNRISE   707 AM EST   SUNSET   553 PM EST


-  INDICATES NEGATIVE NUMBERS.
R  INDICATES RECORD WAS SET OR TIED.
MM INDICATES DATA IS MISSING.
T  INDICATES TRACE AMOUNT.




$$
