000
CDUS42 KRAH 270715
CLIFAY


CLIMATE REPORT
NATIONAL WEATHER SERVICE RALEIGH NC
213 AM EST FRI FEB 27 2015


...................................

...THE FAYETTEVILLE REGL AIRPORT NC CLIMATE SUMMARY FOR FEBRUARY 26 2015...

CLIMATE NORMAL PERIOD 1981 TO 2010
CLIMATE RECORD PERIOD 1910 TO 2015


WEATHER ITEM   OBSERVED TIME   RECORD YEAR NORMAL DEPARTURE LAST
                VALUE   (LST)  VALUE       VALUE  FROM      YEAR
                                                  NORMAL
..................................................................
TEMPERATURE (F)
 YESTERDAY
  MAXIMUM         39    430 PM  81    1930  62    -23       45
  MINIMUM         33    809 AM  13    1967  37     -4       30
  AVERAGE         36                        49    -13       38

PRECIPITATION (IN)
  YESTERDAY        0.59          2.25 1939   0.10   0.49      T
  MONTH TO DATE    3.28                      2.57   0.71     2.66
  SINCE DEC 1     11.87                      8.52   3.35    11.00
  SINCE JAN 1      7.65                      5.87   1.78     6.72

DEGREE DAYS
 HEATING
  YESTERDAY       29                        16     13       27
  MONTH TO DATE  676                       469    207      485
  SINCE DEC 1   1899                      1747    152     1760
  SINCE JUL 1   2443                      2195    248     2276

 COOLING
  YESTERDAY        0                         0      0        0
  MONTH TO DATE    0                         0      0        3
  SINCE DEC 1      0                         4     -4       20
  SINCE JAN 1      0                         2     -2        3
..................................................................


WIND (MPH)
  HIGHEST WIND SPEED    22   HIGHEST WIND DIRECTION     N (20)
  HIGHEST GUST SPEED    27   HIGHEST GUST DIRECTION     N (20)
  AVERAGE WIND SPEED    10.6


SKY COVER
  POSSIBLE SUNSHINE  MM
  AVERAGE SKY COVER 1.0


WEATHER CONDITIONS
 THE FOLLOWING WEATHER WAS RECORDED YESTERDAY.
  RAIN
  LIGHT RAIN
  LIGHT SNOW
  FOG


RELATIVE HUMIDITY (PERCENT)
 HIGHEST   100          1200 AM
 LOWEST     75           900 PM
 AVERAGE    88

..........................................................


THE FAYETTEVILLE REGL AIRPORT NC CLIMATE NORMALS FOR TODAY
                         NORMAL    RECORD    YEAR
 MAXIMUM TEMPERATURE (F)   62        81      2011
 MINIMUM TEMPERATURE (F)   37        13      1963


SUNRISE AND SUNSET
FEBRUARY 27 2015......SUNRISE   648 AM EST   SUNSET   609 PM EST
FEBRUARY 28 2015......SUNRISE   647 AM EST   SUNSET   610 PM EST


-  INDICATES NEGATIVE NUMBERS.
R  INDICATES RECORD WAS SET OR TIED.
MM INDICATES DATA IS MISSING.
T  INDICATES TRACE AMOUNT.


$$
