000
CDUS43 KLMK 270627
CLIFFT


CLIMATE REPORT
NATIONAL WEATHER SERVICE LOUISVILLE KY
227 AM EDT THU APR 27 2017


...................................

...THE FRANKFORT KY CLIMATE SUMMARY FOR APRIL 26 2017...

CLIMATE NORMAL PERIOD 1981 TO 2010
CLIMATE RECORD PERIOD 1895 TO 2017


WEATHER ITEM   OBSERVED TIME   RECORD YEAR NORMAL DEPARTURE LAST
                VALUE   (LST)  VALUE       VALUE  FROM      YEAR
                                                  NORMAL
..................................................................
TEMPERATURE (F)
 YESTERDAY
  MAXIMUM         84    432 PM  91    1915  70     14       83
  MINIMUM         54    515 AM  29    1919  47      7       62
  AVERAGE         69                        58     11       73

PRECIPITATION (IN)
  YESTERDAY        0.00          1.46 1914   0.14  -0.14     0.46
  MONTH TO DATE    2.61                      3.12  -0.51     1.43
  SINCE MAR 1      7.70                      7.50   0.20     7.51
  SINCE JAN 1     13.80                     14.05  -0.25    13.53

SNOWFALL (IN)
  YESTERDAY       MM            MM      MM  MM     MM       MM
  MONTH TO DATE   MM                        MM     MM       MM
  SINCE MAR 1     MM                        MM     MM       MM
  SINCE JUL 1     MM                        MM     MM       MM
  SNOW DEPTH      MM

DEGREE DAYS
 HEATING
  YESTERDAY        0                         7     -7        0
  MONTH TO DATE  128                       288   -160      249
  SINCE MAR 1    661                       913   -252      659
  SINCE JUL 1   3431                      4552  -1121     3731

 COOLING
  YESTERDAY        4                         1      3        8
  MONTH TO DATE   47                        18     29       21
  SINCE MAR 1     53                        20     33       22
  SINCE JAN 1     56                        20     36       22
..................................................................


WIND (MPH)
  HIGHEST WIND SPEED    18   HIGHEST WIND DIRECTION     S (170)
  HIGHEST GUST SPEED    25   HIGHEST GUST DIRECTION    SE (140)
  AVERAGE WIND SPEED     8.0


SKY COVER
  POSSIBLE SUNSHINE  MM
  AVERAGE SKY COVER 0.0


WEATHER CONDITIONS
 THE FOLLOWING WEATHER WAS RECORDED YESTERDAY.
  NO SIGNIFICANT WEATHER WAS OBSERVED.


RELATIVE HUMIDITY (PERCENT)
 HIGHEST    89           500 AM
 LOWEST     28           500 PM
 AVERAGE    59

..........................................................


THE FRANKFORT KY CLIMATE NORMALS FOR TODAY
                         NORMAL    RECORD    YEAR
 MAXIMUM TEMPERATURE (F)   71        95      1914
 MINIMUM TEMPERATURE (F)   47        31      1976


SUNRISE AND SUNSET
APRIL 27 2017.........SUNRISE   648 AM EDT   SUNSET   827 PM EDT
APRIL 28 2017.........SUNRISE   646 AM EDT   SUNSET   828 PM EDT


-  INDICATES NEGATIVE NUMBERS.
R  INDICATES RECORD WAS SET OR TIED.
MM INDICATES DATA IS MISSING.
T  INDICATES TRACE AMOUNT.




$$
