000
CDUS43 KFGF 260640
CLIFGF


CLIMATE REPORT
NATIONAL WEATHER SERVICE EASTERN NORTH DAKOTA/GRAND FORKS
136 AM CDT SUN MAR 26 2017


...................................

...THE GRAND FORKS UNIV. (NWS) ND CLIMATE SUMMARY FOR MARCH 25 2017...

CLIMATE NORMAL PERIOD 1981 TO 2010
CLIMATE RECORD PERIOD 1890 TO 2017


WEATHER ITEM   OBSERVED TIME   RECORD YEAR NORMAL DEPARTURE LAST
                VALUE   (LST)  VALUE       VALUE  FROM      YEAR
                                                  NORMAL
..................................................................
TEMPERATURE (F)
 YESTERDAY
  MAXIMUM         39        MM  65    1911  40     -1       41
                                      1910
  MINIMUM         24        MM -12    1940  22      2       24
  AVERAGE         32                        31      1       33

PRECIPITATION (IN)
  YESTERDAY        0.00          0.87 1942   0.04  -0.04     0.01
  MONTH TO DATE    0.76                      0.82  -0.06     0.66
  SINCE MAR 1      0.76                      0.82  -0.06     0.66
  SINCE JAN 1      1.86                      2.12  -0.26     1.31

SNOWFALL (IN)
  YESTERDAY        0.0           6.2  2009   0.1   -0.1       T
  MONTH TO DATE    0.1                       5.7   -5.6      1.7
  SINCE MAR 1      0.1                       5.7   -5.6      1.7
  SINCE JUL 1     43.0                      41.0    2.0     29.0
  SNOW DEPTH       0

DEGREE DAYS
 HEATING
  YESTERDAY       33                        34     -1       32
  MONTH TO DATE 1051                      1013     38      738
  SINCE MAR 1   1051                      1013     38      738
  SINCE JUL 1   6999                      7973   -974     6670

 COOLING
  YESTERDAY        0                         0      0        0
  MONTH TO DATE    0                         0      0        0
  SINCE MAR 1      0                         0      0        0
  SINCE JAN 1      0                         0      0        0
..................................................................


WIND (MPH)
  RESULTANT WIND SPEED  MM   RESULTANT WIND DIRECTION  MM
  HIGHEST WIND SPEED    MM   HIGHEST WIND DIRECTION    MM
  HIGHEST GUST SPEED    MM   HIGHEST GUST DIRECTION    MM
  AVERAGE WIND SPEED    MM


SKY COVER
  POSSIBLE SUNSHINE  MM
  AVERAGE SKY COVER  MM


WEATHER CONDITIONS
 THE FOLLOWING WEATHER WAS RECORDED YESTERDAY.
  FOG


RELATIVE HUMIDITY (PERCENT)
 HIGHEST    MM
 LOWEST     MM
 AVERAGE    MM

..........................................................


THE GRAND FORKS UNIV. (NWS) ND CLIMATE NORMALS FOR TODAY
                         NORMAL    RECORD    YEAR
 MAXIMUM TEMPERATURE (F)   40        72      1946
 MINIMUM TEMPERATURE (F)   22       -12      1964


SUNRISE AND SUNSET
MARCH 26 2017.........SUNRISE   718 AM CDT   SUNSET   750 PM CDT
MARCH 27 2017.........SUNRISE   716 AM CDT   SUNSET   752 PM CDT


-  INDICATES NEGATIVE NUMBERS.
R  INDICATES RECORD WAS SET OR TIED.
MM INDICATES DATA IS MISSING.
T  INDICATES TRACE AMOUNT.




$$
