666
CDUS43 KFGF 300643
CLIFGF


CLIMATE REPORT
NATIONAL WEATHER SERVICE EASTERN NORTH DAKOTA/GRAND FORKS
142 AM CDT SUN APR 30 2017


...................................

...THE GRAND FORKS UNIV. (NWS) ND CLIMATE SUMMARY FOR APRIL 29 2017...

CLIMATE NORMAL PERIOD 1981 TO 2010
CLIMATE RECORD PERIOD 1890 TO 2017


WEATHER ITEM   OBSERVED TIME   RECORD YEAR NORMAL DEPARTURE LAST
                VALUE   (LST)  VALUE       VALUE  FROM      YEAR
                                                  NORMAL
..................................................................
TEMPERATURE (F)
 YESTERDAY
  MAXIMUM         60        MM  90    1985  62     -2       63
                                      1934
  MINIMUM         26        MM  10    1958  37    -11       36
  AVERAGE         43                        50     -7       50

PRECIPITATION (IN)
  YESTERDAY        0.00          0.78 1954   0.05  -0.05     0.00
  MONTH TO DATE    1.48                      0.93   0.55     2.10
  SINCE MAR 1      2.32                      1.95   0.37     2.79
  SINCE JAN 1      3.42                      3.25   0.17     3.44

SNOWFALL (IN)
  YESTERDAY        0.0           1.0  1990   0.0    0.0      0.0
  MONTH TO DATE    6.7                       1.0    5.7      0.6
  SINCE MAR 1      6.8                       7.4   -0.6      2.3
  SINCE JUL 1     49.7                      42.7    7.0     29.6
  SNOW DEPTH       0

DEGREE DAYS
 HEATING
  YESTERDAY       22                        16      6       15
  MONTH TO DATE  638                       648    -10      705
  SINCE MAR 1   1819                      1854    -35     1593
  SINCE JUL 1   7767                      8814  -1047     7525

 COOLING
  YESTERDAY        0                         0      0        0
  MONTH TO DATE    0                         0      0        0
  SINCE MAR 1      0                         0      0        0
  SINCE JAN 1      0                         0      0        0
..................................................................


WIND (MPH)
  RESULTANT WIND SPEED  MM   RESULTANT WIND DIRECTION  MM
  HIGHEST WIND SPEED    MM   HIGHEST WIND DIRECTION    MM
  HIGHEST GUST SPEED    MM   HIGHEST GUST DIRECTION    MM
  AVERAGE WIND SPEED    MM


SKY COVER
  POSSIBLE SUNSHINE  MM
  AVERAGE SKY COVER  MM


WEATHER CONDITIONS
 THE FOLLOWING WEATHER WAS RECORDED YESTERDAY.
  NO SIGNIFICANT WEATHER WAS OBSERVED.


RELATIVE HUMIDITY (PERCENT)
 HIGHEST    MM
 LOWEST     MM
 AVERAGE    MM

..........................................................


THE GRAND FORKS UNIV. (NWS) ND CLIMATE NORMALS FOR TODAY
                         NORMAL    RECORD    YEAR
 MAXIMUM TEMPERATURE (F)   63        92      1992
 MINIMUM TEMPERATURE (F)   37        16      1905


SUNRISE AND SUNSET
APRIL 30 2017.........SUNRISE   612 AM CDT   SUNSET   840 PM CDT
MAY  1 2017...........SUNRISE   610 AM CDT   SUNSET   842 PM CDT


-  INDICATES NEGATIVE NUMBERS.
R  INDICATES RECORD WAS SET OR TIED.
MM INDICATES DATA IS MISSING.
T  INDICATES TRACE AMOUNT.




$$
