000
CDUS43 KFGF 290724
CLIFGF


CLIMATE REPORT
NATIONAL WEATHER SERVICE EASTERN NORTH DAKOTA/GRAND FORKS
219 AM CDT SUN MAR 29 2015


...................................

...THE GRAND FORKS UNIV. (NWS) ND CLIMATE SUMMARY FOR MARCH 28 2015...

CLIMATE NORMAL PERIOD 1981 TO 2010
CLIMATE RECORD PERIOD 1890 TO 2015


WEATHER ITEM   OBSERVED TIME   RECORD YEAR NORMAL DEPARTURE LAST
                VALUE   (LST)  VALUE       VALUE  FROM      YEAR
                                                  NORMAL
..................................................................
TEMPERATURE (F)
 YESTERDAY
  MAXIMUM         50        MM  72    1910  42      8       30
  MINIMUM         22        MM -10    1969  23     -1        9
                                      1922
  AVERAGE         36                        32      4       20

PRECIPITATION (IN)
  YESTERDAY        0.11          1.70   MM   0.04   0.07     0.00
  MONTH TO DATE    0.28                      0.92  -0.64     0.44
  SINCE MAR 1      0.28                      0.92  -0.64     0.44
  SINCE JAN 1      0.81                      2.22  -1.41     1.17

SNOWFALL (IN)
  YESTERDAY        0.0           6.8    MM   0.2   -0.2      0.0
  MONTH TO DATE    2.7                       6.1   -3.4      2.0
  SINCE MAR 1      2.7                       6.1   -3.4      2.0
  SINCE JUL 1     19.0                      41.4  -22.4     47.7
  SNOW DEPTH       0

DEGREE DAYS
 HEATING
  YESTERDAY       29                        32     -3       45
  MONTH TO DATE  966                      1112   -146     1324
  SINCE MAR 1    966                      1112   -146     1324
  SINCE JUL 1   7815                      8072   -257     9070

 COOLING
  YESTERDAY        0                         0      0        0
  MONTH TO DATE    0                         0      0        0
  SINCE MAR 1      0                         0      0        0
  SINCE JAN 1      0                         0      0        0
..................................................................


WIND (MPH)
  RESULTANT WIND SPEED  MM   RESULTANT WIND DIRECTION  MM
  HIGHEST WIND SPEED    MM   HIGHEST WIND DIRECTION    MM
  HIGHEST GUST SPEED    MM   HIGHEST GUST DIRECTION    MM
  AVERAGE WIND SPEED    MM


SKY COVER
  POSSIBLE SUNSHINE  MM
  AVERAGE SKY COVER  MM


WEATHER CONDITIONS
 THE FOLLOWING WEATHER WAS RECORDED YESTERDAY.
  LIGHT RAIN


RELATIVE HUMIDITY (PERCENT)
 HIGHEST    MM
 LOWEST     MM
 AVERAGE    MM

..........................................................


THE GRAND FORKS UNIV. (NWS) ND CLIMATE NORMALS FOR TODAY
                         NORMAL    RECORD    YEAR
 MAXIMUM TEMPERATURE (F)   43        70      1986
 MINIMUM TEMPERATURE (F)   24       -16      1969


SUNRISE AND SUNSET
MARCH 29 2015.........SUNRISE   713 AM CDT   SUNSET   754 PM CDT
MARCH 30 2015.........SUNRISE   711 AM CDT   SUNSET   755 PM CDT


-  INDICATES NEGATIVE NUMBERS.
R  INDICATES RECORD WAS SET OR TIED.
MM INDICATES DATA IS MISSING.
T  INDICATES TRACE AMOUNT.




$$
