000
CSUS97 KFGF 220725
CLIFGF


CLIMATE REPORT
NATIONAL WEATHER SERVICE EASTERN NORTH DAKOTA/GRAND FORKS
221 AM CDT MON SEP 22 2014


...................................

...THE GRAND FORKS UNIV. (NWS) ND CLIMATE SUMMARY FOR SEPTEMBER 21 2014...

CLIMATE NORMAL PERIOD 1981 TO 2010
CLIMATE RECORD PERIOD 1890 TO 2014


WEATHER ITEM   OBSERVED TIME   RECORD YEAR NORMAL DEPARTURE LAST
                VALUE   (LST)  VALUE       VALUE  FROM      YEAR
                                                  NORMAL
..................................................................
TEMPERATURE (F)
 YESTERDAY
  MAXIMUM         66        MM  92    1908  67     -1       60
  MINIMUM         47        MM  24    1934  44      3       39
  AVERAGE         57                        56      1       50

PRECIPITATION (IN)
  YESTERDAY        0.00          1.75   MM   0.06  -0.06     0.00
  MONTH TO DATE    1.06                      1.47  -0.41     0.60
  SINCE SEP 1      1.06                      1.47  -0.41     0.60
  SINCE JAN 1     21.48                     17.57   3.91    14.04

SNOWFALL (IN)
  YESTERDAY        0.0           0.0    MM   0.0    0.0      0.0
  MONTH TO DATE    0.0                       0.0    0.0      0.0
  SINCE SEP 1      0.0                       0.0    0.0      0.0
  SINCE JUL 1      0.0                       0.0    0.0      0.0
  SNOW DEPTH       0

DEGREE DAYS
 HEATING
  YESTERDAY        8                        10     -2       15
  MONTH TO DATE  153                       134     19       83
  SINCE SEP 1    153                       134     19       83
  SINCE JUL 1    209                       198     11      142

 COOLING
  YESTERDAY        0                         0      0        0
  MONTH TO DATE   12                        28    -16       34
  SINCE SEP 1     12                        28    -16       34
  SINCE JAN 1    376                       460    -84      516
..................................................................


WIND (MPH)
  RESULTANT WIND SPEED  MM   RESULTANT WIND DIRECTION  MM
  HIGHEST WIND SPEED    MM   HIGHEST WIND DIRECTION    MM
  HIGHEST GUST SPEED    MM   HIGHEST GUST DIRECTION    MM
  AVERAGE WIND SPEED    MM


SKY COVER
  POSSIBLE SUNSHINE  MM
  AVERAGE SKY COVER  MM


WEATHER CONDITIONS
 THE FOLLOWING WEATHER WAS RECORDED YESTERDAY.
  NO SIGNIFICANT WEATHER WAS OBSERVED.


RELATIVE HUMIDITY (PERCENT)
 HIGHEST    MM
 LOWEST     MM
 AVERAGE    MM

..........................................................


THE GRAND FORKS UNIV. (NWS) ND CLIMATE NORMALS FOR TODAY
                         NORMAL    RECORD    YEAR
 MAXIMUM TEMPERATURE (F)   67        96      1936
                                             1922
 MINIMUM TEMPERATURE (F)   44        21      1974


SUNRISE AND SUNSET
SEPTEMBER 22 2014.....SUNRISE   715 AM CDT   SUNSET   726 PM CDT
SEPTEMBER 23 2014.....SUNRISE   716 AM CDT   SUNSET   724 PM CDT


-  INDICATES NEGATIVE NUMBERS.
R  INDICATES RECORD WAS SET OR TIED.
MM INDICATES DATA IS MISSING.
T  INDICATES TRACE AMOUNT.




$$
