000
CSUS97 KFGF 300636
CLIFGF


CLIMATE REPORT
NATIONAL WEATHER SERVICE EASTERN NORTH DAKOTA/GRAND FORKS
134 AM CDT WED JUL 30 2014


...................................

...THE GRAND FORKS UNIV. (NWS) ND CLIMATE SUMMARY FOR JULY 29 2014...

CLIMATE NORMAL PERIOD 1981 TO 2010
CLIMATE RECORD PERIOD 1890 TO 2014


WEATHER ITEM   OBSERVED TIME   RECORD YEAR NORMAL DEPARTURE LAST
                VALUE   (LST)  VALUE       VALUE  FROM      YEAR
                                                  NORMAL
..................................................................
TEMPERATURE (F)
 YESTERDAY
  MAXIMUM         78        MM  97    1975  82     -4       78
  MINIMUM         52        MM  43    1925  58     -6       52
  AVERAGE         65                        70     -5       65

PRECIPITATION (IN)
  YESTERDAY        0.00          1.28   MM   0.10  -0.10     0.12
  MONTH TO DATE    3.44                      2.99   0.45     1.52
  SINCE JUN 1     10.19                      6.73   3.46     4.30
  SINCE JAN 1     17.18                     12.78   4.40    12.51

SNOWFALL (IN)
  YESTERDAY        0.0           0.0    MM   0.0    0.0      0.0
  MONTH TO DATE    0.0                       0.0    0.0      0.0
  SINCE JUN 1      0.0                       0.0    0.0      0.0
  SINCE JUL 1      0.0                       0.0    0.0      0.0
  SNOW DEPTH       0

DEGREE DAYS
 HEATING
  YESTERDAY        0                         1     -1        0
  MONTH TO DATE   32                        21     11       24
  SINCE JUN 1     84                       104    -20       99
  SINCE JUL 1     32                        21     11       24

 COOLING
  YESTERDAY        0                         6     -6        0
  MONTH TO DATE  116                       164    -48      178
  SINCE JUN 1    179                       255    -76      293
  SINCE JAN 1    234                       281    -47      302
..................................................................


WIND (MPH)
  RESULTANT WIND SPEED  MM   RESULTANT WIND DIRECTION  MM
  HIGHEST WIND SPEED    MM   HIGHEST WIND DIRECTION    MM
  HIGHEST GUST SPEED    MM   HIGHEST GUST DIRECTION    MM
  AVERAGE WIND SPEED    MM


SKY COVER
  POSSIBLE SUNSHINE  MM
  AVERAGE SKY COVER  MM


WEATHER CONDITIONS
 THE FOLLOWING WEATHER WAS RECORDED YESTERDAY.
  NO SIGNIFICANT WEATHER WAS OBSERVED.


RELATIVE HUMIDITY (PERCENT)
 HIGHEST    MM
 LOWEST     MM
 AVERAGE    MM

..........................................................


THE GRAND FORKS UNIV. (NWS) ND CLIMATE NORMALS FOR TODAY
                         NORMAL    RECORD    YEAR
 MAXIMUM TEMPERATURE (F)   82       102      1929
 MINIMUM TEMPERATURE (F)   58        43      1952
                                             1907


SUNRISE AND SUNSET
JULY 30 2014..........SUNRISE   602 AM CDT   SUNSET   906 PM CDT
JULY 31 2014..........SUNRISE   604 AM CDT   SUNSET   905 PM CDT


-  INDICATES NEGATIVE NUMBERS.
R  INDICATES RECORD WAS SET OR TIED.
MM INDICATES DATA IS MISSING.
T  INDICATES TRACE AMOUNT.




$$
