630
CDUS43 KFGF 142311
CLIFGF


CLIMATE REPORT
NATIONAL WEATHER SERVICE EASTERN NORTH DAKOTA/GRAND FORKS
510 PM CST SUN FEB 14 2016


...................................

...THE GRAND FORKS UNIV. (NWS) ND CLIMATE SUMMARY FOR FEBRUARY 14 2016...
VALID TODAY AS OF 0400 PM LOCAL TIME.

CLIMATE NORMAL PERIOD 1981 TO 2010
CLIMATE RECORD PERIOD 1890 TO 2016


WEATHER ITEM   OBSERVED TIME   RECORD YEAR NORMAL DEPARTURE LAST
                VALUE   (LST)  VALUE       VALUE  FROM      YEAR
                                                  NORMAL
..................................................................
TEMPERATURE (F)
 TODAY
  MAXIMUM         18        MM  44    1931  22     -4       -2
  MINIMUM         11        MM -36    1906   4      7      -14
  AVERAGE         15                        13      2       -8

PRECIPITATION (IN)
  TODAY            0.04          0.55   MM   0.02   0.02     0.00
  MONTH TO DATE    0.31                      0.24   0.07     0.20
  SINCE DEC 1      1.73                      1.60   0.13     0.60
  SINCE JAN 1      0.61                      0.95  -0.34     0.47

SNOWFALL (IN)
  TODAY            0.8           5.5    MM   0.2    0.6      0.0
  MONTH TO DATE    4.0                       3.2    0.8      2.9
  SINCE DEC 1     23.5                      24.5   -1.0     10.7
  SINCE JUL 1     26.9                      31.6   -4.7     14.5
  SNOW DEPTH       4

DEGREE DAYS
 HEATING
  TODAY           50                        52     -2       73
  MONTH TO DATE  704                       754    -50      805
  SINCE DEC 1   3741                      4178   -437     3846
  SINCE JUL 1   5350                      6272   -922     5966

 COOLING
  TODAY            0                         0      0        0
  MONTH TO DATE    0                         0      0        0
  SINCE DEC 1      0                         0      0        0
  SINCE JAN 1      0                         0      0        0
..................................................................


WIND (MPH)
  HIGHEST WIND SPEED    MM   HIGHEST WIND DIRECTION    MM
  HIGHEST GUST SPEED    MM   HIGHEST GUST DIRECTION    MM
  AVERAGE WIND SPEED    MM


SKY COVER
  POSSIBLE SUNSHINE  MM
  AVERAGE SKY COVER  MM


WEATHER CONDITIONS
 THE FOLLOWING WEATHER WAS RECORDED TODAY.
  LIGHT SNOW


RELATIVE HUMIDITY (PERCENT)
 HIGHEST    MM
 LOWEST     MM
 AVERAGE    MM

..........................................................


THE GRAND FORKS UNIV. (NWS) ND CLIMATE NORMALS FOR TOMORROW
                         NORMAL    RECORD    YEAR
 MAXIMUM TEMPERATURE (F)   23        52      1931
 MINIMUM TEMPERATURE (F)    5       -41      1936


SUNRISE AND SUNSET
FEBRUARY 14 2016......SUNRISE   737 AM CST   SUNSET   549 PM CST
FEBRUARY 15 2016......SUNRISE   735 AM CST   SUNSET   550 PM CST


-  INDICATES NEGATIVE NUMBERS.
R  INDICATES RECORD WAS SET OR TIED.
MM INDICATES DATA IS MISSING.
T  INDICATES TRACE AMOUNT.




$$
