000
CDUS45 KFGZ 250757
CLIFLG
CLIMATE REPORT
NATIONAL WEATHER SERVICE FLAGSTAFF, AZ
1256 AM MST TUE NOV 25 2014


...................................

...THE FLAGSTAFF AZ AIRPORT CLIMATE SUMMARY FOR NOVEMBER 24 2014...

CLIMATE NORMAL PERIOD 1981 TO 2010
CLIMATE RECORD PERIOD 1898 TO 2014


WEATHER ITEM   OBSERVED TIME   RECORD YEAR NORMAL DEPARTURE LAST
                VALUE   (LST)  VALUE       VALUE  FROM      YEAR
                                                  NORMAL
..................................................................
TEMPERATURE (F)
 YESTERDAY
  MAXIMUM         46    232 PM  68    1970  47     -1       33
                                      1933
  MINIMUM         13    258 AM  -7    1902  20     -7       22
  AVERAGE         30                        34     -4

PRECIPITATION (IN)
  YESTERDAY        0.00          0.55 1918   0.07  -0.07     0.16
  MONTH TO DATE    0.60                      1.40  -0.80     2.22
  SINCE SEP 1      4.39                      5.44  -1.05     5.76
  SINCE JAN 1     17.23                     19.63  -2.40    23.44

SNOWFALL (IN)
  YESTERDAY        0.0          15.5  1906   0.5             0.7
  MONTH TO DATE    T                         7.6            11.4
  SINCE JUL 1      T                         9.1            12.0
  SNOW DEPTH       0

DEGREE DAYS
 HEATING
  YESTERDAY       35                        31      4       37
  MONTH TO DATE  602                       655    -53      628
  SINCE JUL 1   1273                      1538   -265     1561

 COOLING
  YESTERDAY        0                         0      0        0
  MONTH TO DATE    0                         0      0        0
  SINCE JAN 1    109                       117     -8      148
..................................................................


WIND (MPH)
  HIGHEST WIND SPEED    24   HIGHEST WIND DIRECTION    NE (30)
  HIGHEST GUST SPEED    39   HIGHEST GUST DIRECTION     N (20)
  AVERAGE WIND SPEED    10.2


SKY COVER
  POSSIBLE SUNSHINE  MM
  AVERAGE SKY COVER 0.0


WEATHER CONDITIONS
 THE FOLLOWING WEATHER WAS RECORDED YESTERDAY.
  NO SIGNIFICANT WEATHER WAS OBSERVED.


RELATIVE HUMIDITY (PERCENT)
 HIGHEST    48           300 AM
 LOWEST     14          1100 AM
 AVERAGE    31

..........................................................


THE FLAGSTAFF AZ AIRPORT CLIMATE NORMALS FOR TODAY
                         NORMAL    RECORD    YEAR
 MAXIMUM TEMPERATURE (F)   47        70      1949
 MINIMUM TEMPERATURE (F)   20        -8      1906


SUNRISE AND SUNSET
NOVEMBER 25 2014......SUNRISE   711 AM MST   SUNSET   516 PM MST
NOVEMBER 26 2014......SUNRISE   712 AM MST   SUNSET   516 PM MST


-  INDICATES NEGATIVE NUMBERS.
R  INDICATES RECORD WAS SET OR TIED.
MM INDICATES DATA IS MISSING.
T  INDICATES TRACE AMOUNT.




$$


&&

-------------------------------------------------------------------
SNOW DEPTH DATA FOR FLAGSTAFF AIRPORT IS REPORTED AT 5 AM MST


-------------------------------------------------------------------
SUPPLEMENTARY CLIMATE DATA FOR NWS BELLEMONT, ARIZONA

SNOW DEPTH (IN) AT 11 AM..........................................0
WATER EQUIVALENT OF SNOW PACK (IN) AT 11 AM*......................0
* ONLY MEASURED IF SNOW DEPTH IS 2.0 INCHES OR GREATER
-------------------------------------------------------------------
