000
CDUS45 KFGZ 260056
CLIFLG
CLIMATE REPORT
NATIONAL WEATHER SERVICE FLAGSTAFF, AZ
556 PM MST SAT OCT 25 2014


...................................

...THE FLAGSTAFF AZ AIRPORT CLIMATE SUMMARY FOR OCTOBER 25 2014...
VALID TODAY AS OF 0500 PM LOCAL TIME.

CLIMATE NORMAL PERIOD 1981 TO 2010
CLIMATE RECORD PERIOD 1898 TO 2014


WEATHER ITEM   OBSERVED TIME   RECORD YEAR NORMAL DEPARTURE LAST
                VALUE   (LST)  VALUE       VALUE  FROM      YEAR
                                                  NORMAL
..................................................................
TEMPERATURE (F)
 TODAY
  MAXIMUM         69    314 PM  78    1959  59     10       63
  MINIMUM         36    609 AM  11    1975  29      7       27
  AVERAGE         53                        44      9       45

PRECIPITATION (IN)
  TODAY            T             1.48 1998   0.05  -0.05     0.00
  MONTH TO DATE    0.69                      1.34  -0.65     0.18
  SINCE SEP 1      3.79                      3.72   0.07     3.43
  SINCE JAN 1     16.63                     17.91  -1.28    21.11

SNOWFALL (IN)
  TODAY           MM             9.1  1972   0.1   MM        0.0
  MONTH TO DATE    0.0                       0.9   -0.9      0.6
  SINCE SEP 1      0.0                       0.9   -0.9      0.6
  SNOW DEPTH       0

DEGREE DAYS
 HEATING
  TODAY           12                        21     -9       20
  MONTH TO DATE  326                       432   -106      506
  SINCE JUL 1    578                       749   -171      800

 COOLING
  TODAY            0                         0      0        0
  MONTH TO DATE    0                         0      0        0
  SINCE JAN 1    109                       117     -8      148
..................................................................


WIND (MPH)
  HIGHEST WIND SPEED    22   HIGHEST WIND DIRECTION    SW (220)
  HIGHEST GUST SPEED    30   HIGHEST GUST DIRECTION    SW (210)
  AVERAGE WIND SPEED     4.7


SKY COVER
  POSSIBLE SUNSHINE  MM
  AVERAGE SKY COVER 0.1


WEATHER CONDITIONS
 THE FOLLOWING WEATHER WAS RECORDED TODAY.
  LIGHT RAIN


RELATIVE HUMIDITY (PERCENT)
 HIGHEST    89           500 AM
 LOWEST     37           400 PM
 AVERAGE    63

..........................................................


THE FLAGSTAFF AZ AIRPORT CLIMATE NORMALS FOR TOMORROW
                         NORMAL    RECORD    YEAR
 MAXIMUM TEMPERATURE (F)   58        75      1959
 MINIMUM TEMPERATURE (F)   29        14      1972


SUNRISE AND SUNSET
OCTOBER 25 2014.......SUNRISE   641 AM MST   SUNSET   539 PM MST
OCTOBER 26 2014.......SUNRISE   642 AM MST   SUNSET   538 PM MST


-  INDICATES NEGATIVE NUMBERS.
R  INDICATES RECORD WAS SET OR TIED.
MM INDICATES DATA IS MISSING.
T  INDICATES TRACE AMOUNT.




$$


&&

-------------------------------------------------------------------
SNOW DEPTH DATA FOR FLAGSTAFF AIRPORT IS REPORTED AT 5 AM MST


-------------------------------------------------------------------
SUPPLEMENTARY CLIMATE DATA FOR NWS BELLEMONT, ARIZONA

SNOW DEPTH (IN) AT 11 AM..........................................0
WATER EQUIVALENT OF SNOW PACK (IN) AT 11 AM*......................0
* ONLY MEASURED IF SNOW DEPTH IS 2.0 INCHES OR GREATER
-------------------------------------------------------------------
