251
CDUS45 KFGZ 010820
CLIFLG
CLIMATE REPORT
NATIONAL WEATHER SERVICE FLAGSTAFF, AZ
119 AM MST SAT OCT 1 2016


...................................

...THE FLAGSTAFF AZ AIRPORT CLIMATE SUMMARY FOR SEPTEMBER 30 2016...

CLIMATE NORMAL PERIOD 1981 TO 2010
CLIMATE RECORD PERIOD 1898 TO 2016


WEATHER ITEM   OBSERVED TIME   RECORD YEAR NORMAL DEPARTURE LAST
                VALUE   (LST)  VALUE       VALUE  FROM      YEAR
                                                  NORMAL
..................................................................
TEMPERATURE (F)
 YESTERDAY
  MAXIMUM         68    109 PM  83    2010  68      0       78
                                      1980
  MINIMUM         41    641 AM  24    1907  37      4       45
  AVERAGE         55                        52      3

PRECIPITATION (IN)
  YESTERDAY        0.00          1.75 1983   0.06  -0.06     0.00
  MONTH TO DATE    1.54                      2.38  -0.84     1.25
  SINCE SEP 1      1.54                      2.38  -0.84     1.25
  SINCE JAN 1     18.73                     16.57   2.16    19.67

SNOWFALL (IN)
  YESTERDAY        0.0           0.0  2002   0.0             0.0
                                      2001
                                      2000
  MONTH TO DATE    0.0                       T               0.0
  SINCE JUL 1      0.0                       T               0.0
  SNOW DEPTH       0

DEGREE DAYS
 HEATING
  YESTERDAY       10                        13     -3        3
  MONTH TO DATE  239                       230      9      131
  SINCE JUL 1    339                       317     22      204

 COOLING
  YESTERDAY        0                         0      0        0
  MONTH TO DATE    1                         3     -2        0
  SINCE JAN 1    131                       117     14      115
..................................................................


WIND (MPH)
  HIGHEST WIND SPEED    12   HIGHEST WIND DIRECTION    NE (40)
  HIGHEST GUST SPEED    19   HIGHEST GUST DIRECTION     W (250)
  AVERAGE WIND SPEED     2.4


SKY COVER
  POSSIBLE SUNSHINE  MM
  AVERAGE SKY COVER 0.5


WEATHER CONDITIONS
 THE FOLLOWING WEATHER WAS RECORDED YESTERDAY.
  THUNDERSTORM
  FOG
  FOG W/VISIBILITY <= 1/4 MILE


RELATIVE HUMIDITY (PERCENT)
 HIGHEST   100          1200 AM
 LOWEST     48          1200 PM
 AVERAGE    74

..........................................................


THE FLAGSTAFF AZ AIRPORT CLIMATE NORMALS FOR TODAY
                         NORMAL    RECORD    YEAR
 MAXIMUM TEMPERATURE (F)   68        85      1980
 MINIMUM TEMPERATURE (F)   36        20      2009


SUNRISE AND SUNSET
OCTOBER  1 2016.......SUNRISE   622 AM MST   SUNSET   610 PM MST
OCTOBER  2 2016.......SUNRISE   623 AM MST   SUNSET   608 PM MST


-  INDICATES NEGATIVE NUMBERS.
R  INDICATES RECORD WAS SET OR TIED.
MM INDICATES DATA IS MISSING.
T  INDICATES TRACE AMOUNT.




$$
&&

-------------------------------------------------------------------
SNOW DEPTH DATA FOR FLAGSTAFF AIRPORT IS REPORTED AT 5 AM MST


-------------------------------------------------------------------
SUPPLEMENTARY CLIMATE DATA FOR NWS BELLEMONT, ARIZONA

SNOW DEPTH (IN) AT 11 AM........................................0
WATER EQUIVALENT OF SNOW PACK (IN) AT 11 AM*....................
* ONLY MEASURED IF SNOW DEPTH IS 2.0 INCHES OR GREATER
-------------------------------------------------------------------
