478
CDUS45 KFGZ 270744
CLIFLG
CLIMATE REPORT
NATIONAL WEATHER SERVICE FLAGSTAFF, AZ
1241 AM MST THU APR 27 2017


...................................

...THE FLAGSTAFF AZ AIRPORT CLIMATE SUMMARY FOR APRIL 26 2017...

CLIMATE NORMAL PERIOD 1981 TO 2010
CLIMATE RECORD PERIOD 1898 TO 2017


WEATHER ITEM   OBSERVED TIME   RECORD YEAR NORMAL DEPARTURE LAST
                VALUE   (LST)  VALUE       VALUE  FROM      YEAR
                                                  NORMAL
..................................................................
TEMPERATURE (F)
 YESTERDAY
  MAXIMUM         63    349 PM  79    1996  62      1       52
  MINIMUM         24    555 AM  17    1984  31     -7       24
                                      1972
  AVERAGE         44                        46     -2

PRECIPITATION (IN)
  YESTERDAY        0.00          1.22 1963   0.02  -0.02      T
  MONTH TO DATE    0.17                      1.03  -0.86     0.83
  SINCE SEP 1     17.46                     15.03   2.43    13.81
  SINCE JAN 1      8.85                      7.36   1.49     4.98

SNOWFALL (IN)
  YESTERDAY        0.0           8.5  1985   0.2              T
  MONTH TO DATE    1.7                       6.4             3.5
  SINCE JUL 1     95.5                     100.3            76.4
  SNOW DEPTH       0

DEGREE DAYS
 HEATING
  YESTERDAY       21                        19      2       27
  MONTH TO DATE  509                       577    -68      536
  SINCE JUL 1   5700                      6284   -584     5987

 COOLING
  YESTERDAY        0                         0      0        0
  MONTH TO DATE    0                         0      0        0
  SINCE JAN 1      0                         0      0        0
..................................................................


WIND (MPH)
  HIGHEST WIND SPEED    24   HIGHEST WIND DIRECTION    SW (230)
  HIGHEST GUST SPEED    36   HIGHEST GUST DIRECTION     W (250)
  AVERAGE WIND SPEED     9.0


SKY COVER
  POSSIBLE SUNSHINE  MM
  AVERAGE SKY COVER 0.1


WEATHER CONDITIONS
 THE FOLLOWING WEATHER WAS RECORDED YESTERDAY.
  NO SIGNIFICANT WEATHER WAS OBSERVED.


RELATIVE HUMIDITY (PERCENT)
 HIGHEST    68           400 AM
 LOWEST     12          1000 AM
 AVERAGE    40

..........................................................


THE FLAGSTAFF AZ AIRPORT CLIMATE NORMALS FOR TODAY
                         NORMAL    RECORD    YEAR
 MAXIMUM TEMPERATURE (F)   62        77      2000
                                             1996
                                             1992
 MINIMUM TEMPERATURE (F)   31        10      1984


SUNRISE AND SUNSET
APRIL 27 2017.........SUNRISE   540 AM MST   SUNSET   709 PM MST
APRIL 28 2017.........SUNRISE   538 AM MST   SUNSET   710 PM MST


-  INDICATES NEGATIVE NUMBERS.
R  INDICATES RECORD WAS SET OR TIED.
MM INDICATES DATA IS MISSING.
T  INDICATES TRACE AMOUNT.




$$
&&

-------------------------------------------------------------------
SNOW DEPTH DATA FOR FLAGSTAFF AIRPORT IS REPORTED AT 5 AM MST


-------------------------------------------------------------------
SUPPLEMENTARY CLIMATE DATA FOR NWS BELLEMONT, ARIZONA

SNOW DEPTH (IN) AT 11 AM...................................0
WATER EQUIVALENT OF SNOW PACK (IN) AT 11 AM*...............
* ONLY MEASURED IF SNOW DEPTH IS 2.0 INCHES OR GREATER
-------------------------------------------------------------------
