000
CDUS45 KFGZ 280102
CLIFLG
CLIMATE REPORT
NATIONAL WEATHER SERVICE FLAGSTAFF, AZ
601 PM MST FRI FEB 27 2015


...................................

...THE FLAGSTAFF AZ AIRPORT CLIMATE SUMMARY FOR FEBRUARY 27 2015...
VALID TODAY AS OF 0500 PM LOCAL TIME.

CLIMATE NORMAL PERIOD 1981 TO 2010
CLIMATE RECORD PERIOD 1898 TO 2015


WEATHER ITEM   OBSERVED TIME   RECORD YEAR NORMAL DEPARTURE LAST
                VALUE   (LST)  VALUE       VALUE  FROM      YEAR
                                                  NORMAL
..................................................................
TEMPERATURE (F)
 TODAY
  MAXIMUM         40    421 PM  64    1921  47     -7       51
  MINIMUM         20    608 AM -12    1962  21     -1       29
  AVERAGE         30                        34     -4       40

PRECIPITATION (IN)
  TODAY            T             0.80 1905   0.08  -0.08      T
  MONTH TO DATE    1.64                      2.08  -0.44     0.12
  SINCE SEP 1     11.66                     11.80  -0.14     7.40
  SINCE JAN 1      3.83                      4.13  -0.30     0.29

SNOWFALL (IN)
  TODAY            T             8.4  1951   0.7   -0.7      0.0
  MONTH TO DATE    8.6                      20.2  -11.6      2.1
  SINCE SEP 1     38.3                      72.5  -34.2     33.5
  SNOW DEPTH      MM

DEGREE DAYS
 HEATING
  TODAY           35                        31      4       25
  MONTH TO DATE  671                       890   -219      759
  SINCE JUL 1   4020                      4806   -786     4578

 COOLING
  TODAY            0                         0      0        0
  MONTH TO DATE    0                         0      0        0
  SINCE JAN 1      0                         0      0        0
..................................................................


WIND (MPH)
  HIGHEST WIND SPEED    23   HIGHEST WIND DIRECTION    SW (220)
  HIGHEST GUST SPEED    31   HIGHEST GUST DIRECTION    SW (210)
  AVERAGE WIND SPEED     4.0


SKY COVER
  POSSIBLE SUNSHINE  MM
  AVERAGE SKY COVER 0.7


WEATHER CONDITIONS
 THE FOLLOWING WEATHER WAS RECORDED TODAY.
  LIGHT SNOW


RELATIVE HUMIDITY (PERCENT)
 HIGHEST    84           400 AM
 LOWEST     48          1100 AM
 AVERAGE    66

..........................................................


THE FLAGSTAFF AZ AIRPORT CLIMATE NORMALS FOR TOMORROW
                         NORMAL    RECORD    YEAR
 MAXIMUM TEMPERATURE (F)   47        65      1999
 MINIMUM TEMPERATURE (F)   21       -16      1962


SUNRISE AND SUNSET
FEBRUARY 27 2015......SUNRISE   659 AM MST   SUNSET   620 PM MST
FEBRUARY 28 2015......SUNRISE   658 AM MST   SUNSET   621 PM MST


-  INDICATES NEGATIVE NUMBERS.
R  INDICATES RECORD WAS SET OR TIED.
MM INDICATES DATA IS MISSING.
T  INDICATES TRACE AMOUNT.




$$


&&

-------------------------------------------------------------------
SNOW DEPTH DATA FOR FLAGSTAFF AIRPORT IS REPORTED AT 5 AM MST


-------------------------------------------------------------------
SUPPLEMENTARY CLIMATE DATA FOR NWS BELLEMONT, ARIZONA

SNOW DEPTH (IN) AT 11 AM........................................4
WATER EQUIVALENT OF SNOW PACK (IN) AT 11 AM*..................1.0
* ONLY MEASURED IF SNOW DEPTH IS 2.0 INCHES OR GREATER
-------------------------------------------------------------------
