000
CDUS42 KMFL 272044
CLIFLL


CLIMATE REPORT
NATIONAL WEATHER SERVICE MIAMI, FL
443 PM EDT FRI MAY 27 2016


...................................

...THE FORT LAUDERDALE CLIMATE SUMMARY FOR MAY 27 2016...
VALID TODAY AS OF 0400 PM LOCAL TIME.

CLIMATE NORMAL PERIOD 1981 TO 2010
CLIMATE RECORD PERIOD 1912 TO 2016


WEATHER ITEM   OBSERVED TIME   RECORD YEAR NORMAL DEPARTURE LAST
                VALUE   (LST)  VALUE       VALUE  FROM      YEAR
                                                  NORMAL
..................................................................
TEMPERATURE (F)
 TODAY
  MAXIMUM         86   1146 AM  94    1924  88     -2       87
  MINIMUM         77    614 AM  62    1927  76      1       76
  AVERAGE         82                        82      0       82

PRECIPITATION (IN)
  TODAY            0.00         10.22 2003   0.22  -0.22     0.04
  MONTH TO DATE    3.45                      3.75  -0.30     1.94
  SINCE NOV 1     28.97                     22.29   6.68    19.13
  SINCE JAN 1     17.75                     16.59   1.16    14.02

SNOWFALL (IN)
  TODAY            0.0
  MONTH TO DATE    0.0
  SINCE MAR 1      0.0
  SINCE JUL 1      0.0
  SNOW DEPTH       0

DEGREE DAYS
 HEATING
  TODAY            0                         0      0        0
  MONTH TO DATE    0                         0      0        0
  SINCE MAR 1      2                        10     -8        0
  SINCE JUL 1     87                       112    -25       97

 COOLING
  TODAY           17                        17      0       17
  MONTH TO DATE  405                       403      2      410
  SINCE MAR 1   1092                       994     98     1190
  SINCE JAN 1   1351                      1350      1     1471
..................................................................


WIND (MPH)
  HIGHEST WIND SPEED    20   HIGHEST WIND DIRECTION    NE (40)
  HIGHEST GUST SPEED    26   HIGHEST GUST DIRECTION    NE (50)
  AVERAGE WIND SPEED    11.5


SKY COVER
  AVERAGE SKY COVER 0.5


WEATHER CONDITIONS
 THE FOLLOWING WEATHER WAS RECORDED TODAY.
  NO SIGNIFICANT WEATHER WAS OBSERVED.


RELATIVE HUMIDITY (PERCENT)
 HIGHEST    69
 LOWEST     61
 AVERAGE    65

..........................................................


THE FORT LAUDERDALE CLIMATE NORMALS FOR TOMORROW
                         NORMAL    RECORD    YEAR
 MAXIMUM TEMPERATURE (F)   88        96      1967
 MINIMUM TEMPERATURE (F)   76        63      1928


SUNRISE AND SUNSET
MAY 27 2016...........SUNRISE   630 AM EDT   SUNSET   806 PM EDT
MAY 28 2016...........SUNRISE   629 AM EDT   SUNSET   807 PM EDT


-  INDICATES NEGATIVE NUMBERS.
R  INDICATES RECORD WAS SET OR TIED.
MM INDICATES DATA IS MISSING.
T  INDICATES TRACE AMOUNT.




$$
