748
CDUS42 KMFL 230921
CLIFLL


CLIMATE REPORT
NATIONAL WEATHER SERVICE MIAMI, FL
420 AM EST THU NOV 23 2017


...................................

...THE FORT LAUDERDALE CLIMATE SUMMARY FOR NOVEMBER 22 2017...

CLIMATE NORMAL PERIOD 1981 TO 2010
CLIMATE RECORD PERIOD 1912 TO 2017


WEATHER ITEM   OBSERVED TIME   RECORD YEAR NORMAL DEPARTURE LAST
                VALUE   (LST)  VALUE       VALUE  FROM      YEAR
                                                  NORMAL
..................................................................
TEMPERATURE (F)
 YESTERDAY
  MAXIMUM         82    111 PM  89    1923  81      1       80
  MINIMUM         70    715 AM  43    1952  68      2       59
  AVERAGE         76                        75      1       70

PRECIPITATION (IN)
  YESTERDAY        0.02          2.76 1912   0.07  -0.05     0.00
  MONTH TO DATE    3.46                      2.51   0.95     0.86
  SINCE NOV 1      3.46                      2.51   0.95     0.86
  SINCE JAN 1     66.13                     58.99   7.14    46.53

SNOWFALL (IN)
  YESTERDAY        0.0
  MONTH TO DATE    0.0
  SINCE SEP 1      0.0
  SINCE JUL 1      0.0
  SNOW DEPTH       0

DEGREE DAYS
 HEATING
  YESTERDAY        0                         0      0        0
  MONTH TO DATE    0                         0      0        0
  SINCE SEP 1      2                         0      2        0
  SINCE JUL 1      2                         0      2        0

 COOLING
  YESTERDAY       11                        10      1        5
  MONTH TO DATE  247                       246      1      211
  SINCE SEP 1   1279                      1274      5     1233
  SINCE JAN 1   4606                      4440    166     4434
..................................................................


WIND (MPH)
  HIGHEST WIND SPEED    16   HIGHEST WIND DIRECTION     E (100)
  HIGHEST GUST SPEED    18   HIGHEST GUST DIRECTION     E (110)
  AVERAGE WIND SPEED     4.5


SKY COVER
  AVERAGE SKY COVER 0.3


WEATHER CONDITIONS
 THE FOLLOWING WEATHER WAS RECORDED YESTERDAY.
  LIGHT RAIN
  FOG


RELATIVE HUMIDITY (PERCENT)
 HIGHEST   100
 LOWEST     58
 AVERAGE    79

..........................................................


THE FORT LAUDERDALE CLIMATE NORMALS FOR TODAY
                         NORMAL    RECORD    YEAR
 MAXIMUM TEMPERATURE (F)   81        89      1923
 MINIMUM TEMPERATURE (F)   68        44      1944


SUNRISE AND SUNSET
NOVEMBER 23 2017......SUNRISE   645 AM EST   SUNSET   529 PM EST
NOVEMBER 24 2017......SUNRISE   646 AM EST   SUNSET   529 PM EST


-  INDICATES NEGATIVE NUMBERS.
R  INDICATES RECORD WAS SET OR TIED.
MM INDICATES DATA IS MISSING.
T  INDICATES TRACE AMOUNT.




$$
