000
CDUS42 KMFL 200850
CLIFLL


CLIMATE REPORT
NATIONAL WEATHER SERVICE MIAMI, FL
449 AM EDT MON OCT 20 2014


...................................

...THE FORT LAUDERDALE CLIMATE SUMMARY FOR OCTOBER 19 2014...

CLIMATE NORMAL PERIOD 1981 TO 2010
CLIMATE RECORD PERIOD 1839 TO 2014


WEATHER ITEM   OBSERVED TIME   RECORD YEAR NORMAL DEPARTURE LAST
                VALUE   (LST)  VALUE       VALUE  FROM      YEAR
                                                  NORMAL
..................................................................
TEMPERATURE (F)
 YESTERDAY
  MAXIMUM         85    224 PM  92    1989  86     -1       87
  MINIMUM         71    657 AM  52    1927  75     -4       79
  AVERAGE         78                        80     -2       83

PRECIPITATION (IN)
  YESTERDAY        0.00          9.20 1924   0.17  -0.17     0.00
  MONTH TO DATE    1.45                      4.82  -3.37     0.96
  SINCE JUN 1     34.82                     36.99  -2.17    36.94
  SINCE JAN 1     55.42                     54.48   0.94    61.72

SNOWFALL (IN)
  YESTERDAY        0.0
  MONTH TO DATE    0.0
  SINCE SEP 1      0.0
  SINCE JUL 1      0.0
  SNOW DEPTH       0

DEGREE DAYS
 HEATING
  YESTERDAY        0                         0      0        0
  MONTH TO DATE    0                         0      0        0
  SINCE SEP 1      0                         0      0        0
  SINCE JUL 1      0                         0      0        0

 COOLING
  YESTERDAY       13                        15     -2       18
  MONTH TO DATE  322                       313      9      293
  SINCE SEP 1    877                       859     18      806
  SINCE JAN 1   4187                      4025    162     3853
..................................................................


WIND (MPH)
  HIGHEST WIND SPEED    15   HIGHEST WIND DIRECTION     E (80)
  HIGHEST GUST SPEED    18   HIGHEST GUST DIRECTION     E (70)
  AVERAGE WIND SPEED     6.4


SKY COVER
  AVERAGE SKY COVER 0.3


WEATHER CONDITIONS
 THE FOLLOWING WEATHER WAS RECORDED YESTERDAY.
  NO SIGNIFICANT WEATHER WAS OBSERVED.


RELATIVE HUMIDITY (PERCENT)
 HIGHEST    84
 LOWEST     25
 AVERAGE    55

..........................................................


THE FORT LAUDERDALE CLIMATE NORMALS FOR TODAY
                         NORMAL    RECORD    YEAR
 MAXIMUM TEMPERATURE (F)   85        91      1995
 MINIMUM TEMPERATURE (F)   75        51      1927


SUNRISE AND SUNSET
OCTOBER 20 2014.......SUNRISE   722 AM EDT   SUNSET   648 PM EDT
OCTOBER 21 2014.......SUNRISE   723 AM EDT   SUNSET   647 PM EDT


-  INDICATES NEGATIVE NUMBERS.
R  INDICATES RECORD WAS SET OR TIED.
MM INDICATES DATA IS MISSING.
T  INDICATES TRACE AMOUNT.




$$
