000
CDUS42 KMFL 050821
CLIFLL


CLIMATE REPORT
NATIONAL WEATHER SERVICE MIAMI, FL
421 AM EDT SUN JUL 5 2015


...................................

...THE FORT LAUDERDALE CLIMATE SUMMARY FOR JULY 4 2015...

CLIMATE NORMAL PERIOD 1981 TO 2010
CLIMATE RECORD PERIOD 1839 TO 2015


WEATHER ITEM   OBSERVED TIME   RECORD YEAR NORMAL DEPARTURE LAST
                VALUE   (LST)  VALUE       VALUE  FROM      YEAR
                                                  NORMAL
..................................................................
TEMPERATURE (F)
 YESTERDAY
  MAXIMUM         90    341 PM  97    1992  90      0       91
  MINIMUM         79   1055 AM  67    1936  78      1       78
  AVERAGE         85                        84      1       85

PRECIPITATION (IN)
  YESTERDAY        T             2.51 2010   0.22  -0.22     0.33
  MONTH TO DATE    T                         0.93  -0.93     2.21
  SINCE JUN 1      1.09                     11.09 -10.00    10.85
  SINCE JAN 1     15.14                     28.58 -13.44    31.45

SNOWFALL (IN)
  YESTERDAY        0.0
  MONTH TO DATE    0.0
  SINCE JUN 1      0.0
  SINCE JUL 1      0.0
  SNOW DEPTH       0

DEGREE DAYS
 HEATING
  YESTERDAY        0                         0      0        0
  MONTH TO DATE    0                         0      0        0
  SINCE JUN 1      0                         0      0        0
  SINCE JUL 1      0                         0      0        0

 COOLING
  YESTERDAY       20                        19      1       20
  MONTH TO DATE   83                        76      7       80
  SINCE JUN 1    645                       619     26      596
  SINCE JAN 1   2181                      2037    144     2131
..................................................................


WIND (MPH)
  HIGHEST WIND SPEED    23   HIGHEST WIND DIRECTION     E (100)
  HIGHEST GUST SPEED    30   HIGHEST GUST DIRECTION     E (100)
  AVERAGE WIND SPEED     9.7


SKY COVER
  AVERAGE SKY COVER 0.6


WEATHER CONDITIONS
 THE FOLLOWING WEATHER WAS RECORDED YESTERDAY.
  THUNDERSTORM
  LIGHT RAIN


RELATIVE HUMIDITY (PERCENT)
 HIGHEST    91
 LOWEST     63
 AVERAGE    77

..........................................................


THE FORT LAUDERDALE CLIMATE NORMALS FOR TODAY
                         NORMAL    RECORD    YEAR
 MAXIMUM TEMPERATURE (F)   90        95      1949
                                             1914
 MINIMUM TEMPERATURE (F)   78        69      1938
                                             1929
                                             1924


SUNRISE AND SUNSET
JULY  5 2015..........SUNRISE   634 AM EDT   SUNSET   817 PM EDT
JULY  6 2015..........SUNRISE   634 AM EDT   SUNSET   817 PM EDT


-  INDICATES NEGATIVE NUMBERS.
R  INDICATES RECORD WAS SET OR TIED.
MM INDICATES DATA IS MISSING.
T  INDICATES TRACE AMOUNT.




$$
