000
CDUS42 KMFL 270823
CLIFLL


CLIMATE REPORT
NATIONAL WEATHER SERVICE MIAMI, FL
423 AM EDT SAT MAY 27 2017


...................................

...THE FORT LAUDERDALE CLIMATE SUMMARY FOR MAY 26 2017...

CLIMATE NORMAL PERIOD 1981 TO 2010
CLIMATE RECORD PERIOD 1912 TO 2017


WEATHER ITEM   OBSERVED TIME   RECORD YEAR NORMAL DEPARTURE LAST
                VALUE   (LST)  VALUE       VALUE  FROM      YEAR
                                                  NORMAL
..................................................................
TEMPERATURE (F)
 YESTERDAY
  MAXIMUM         88    245 PM  91    1946  88      0       85
  MINIMUM         77    638 AM  65    1923  76      1       74
  AVERAGE         83                        82      1       80

PRECIPITATION (IN)
  YESTERDAY        0.00          2.35 1913   0.22  -0.22     0.04
  MONTH TO DATE    2.82                      3.53  -0.71     3.45
  SINCE NOV 1     16.23                     22.07  -5.84    28.97
  SINCE JAN 1     11.60                     16.37  -4.77    17.75

SNOWFALL (IN)
  YESTERDAY        0.0
  MONTH TO DATE    0.0
  SINCE MAR 1      0.0
  SINCE JUL 1      0.0
  SNOW DEPTH       0

DEGREE DAYS
 HEATING
  YESTERDAY        0                         0      0        0
  MONTH TO DATE    0                         0      0        0
  SINCE MAR 1      6                        10     -4        2
  SINCE JUL 1     35                       112    -77       87

 COOLING
  YESTERDAY       18                        17      1       15
  MONTH TO DATE  392                       386      6      388
  SINCE MAR 1   1022                       977     45     1075
  SINCE JAN 1   1478                      1333    145     1334
..................................................................


WIND (MPH)
  HIGHEST WIND SPEED    15   HIGHEST WIND DIRECTION     E (80)
  HIGHEST GUST SPEED    18   HIGHEST GUST DIRECTION     E (90)
  AVERAGE WIND SPEED     7.5


SKY COVER
  AVERAGE SKY COVER 0.5


WEATHER CONDITIONS
 THE FOLLOWING WEATHER WAS RECORDED YESTERDAY.
  NO SIGNIFICANT WEATHER WAS OBSERVED.


RELATIVE HUMIDITY (PERCENT)
 HIGHEST    94
 LOWEST     57
 AVERAGE    76

..........................................................


THE FORT LAUDERDALE CLIMATE NORMALS FOR TODAY
                         NORMAL    RECORD    YEAR
 MAXIMUM TEMPERATURE (F)   88        94      1924
 MINIMUM TEMPERATURE (F)   76        62      1927


SUNRISE AND SUNSET
MAY 27 2017...........SUNRISE   630 AM EDT   SUNSET   806 PM EDT
MAY 28 2017...........SUNRISE   629 AM EDT   SUNSET   807 PM EDT


-  INDICATES NEGATIVE NUMBERS.
R  INDICATES RECORD WAS SET OR TIED.
MM INDICATES DATA IS MISSING.
T  INDICATES TRACE AMOUNT.




$$
