000
CDUS42 KMFL 100931
CLIFLL


CLIMATE REPORT
NATIONAL WEATHER SERVICE MIAMI, FL
431 AM EST WED FEB 10 2016


...................................

...THE FORT LAUDERDALE CLIMATE SUMMARY FOR FEBRUARY 9 2016...

CLIMATE NORMAL PERIOD 1981 TO 2010
CLIMATE RECORD PERIOD 1912 TO 2016


WEATHER ITEM   OBSERVED TIME   RECORD YEAR NORMAL DEPARTURE LAST
                VALUE   (LST)  VALUE       VALUE  FROM      YEAR
                                                  NORMAL
..................................................................
TEMPERATURE (F)
 YESTERDAY
  MAXIMUM         65    519 PM  86    1982  77    -12       79
                                      1936
  MINIMUM         59   1131 AM  38    1995  64     -5       63
                                      1968
  AVERAGE         62                        70     -8       71

PRECIPITATION (IN)
  YESTERDAY        0.00          2.87 1941   0.11  -0.11     0.34
  MONTH TO DATE    1.58                      0.97   0.61     1.58
  SINCE NOV 1     20.21                     10.30   9.91    10.08
  SINCE JAN 1      8.99                      4.60   4.39     4.97

SNOWFALL (IN)
  YESTERDAY        0.0
  MONTH TO DATE    0.0
  SINCE DEC 1      0.0
  SINCE JUL 1      0.0
  SNOW DEPTH       0

DEGREE DAYS
 HEATING
  YESTERDAY        3                         1      2        0
  MONTH TO DATE   17                         9      8        0
  SINCE DEC 1     62                        87    -25       39
  SINCE JUL 1     62                        89    -27       49

 COOLING
  YESTERDAY        0                         6     -6        6
  MONTH TO DATE   51                        54     -3       40
  SINCE DEC 1    572                       440    132      417
  SINCE JAN 1    175                       224    -49      205
..................................................................


WIND (MPH)
  HIGHEST WIND SPEED    22   HIGHEST WIND DIRECTION     W (280)
  HIGHEST GUST SPEED    30   HIGHEST GUST DIRECTION     W (270)
  AVERAGE WIND SPEED    12.0


SKY COVER
  AVERAGE SKY COVER 0.9


WEATHER CONDITIONS
 THE FOLLOWING WEATHER WAS RECORDED YESTERDAY.
  NO SIGNIFICANT WEATHER WAS OBSERVED.


RELATIVE HUMIDITY (PERCENT)
 HIGHEST    84
 LOWEST     51
 AVERAGE    68

..........................................................


THE FORT LAUDERDALE CLIMATE NORMALS FOR TODAY
                         NORMAL    RECORD    YEAR
 MAXIMUM TEMPERATURE (F)   78        88      1949
 MINIMUM TEMPERATURE (F)   64        37      1917


SUNRISE AND SUNSET
FEBRUARY 10 2016......SUNRISE   700 AM EST   SUNSET   610 PM EST
FEBRUARY 11 2016......SUNRISE   659 AM EST   SUNSET   611 PM EST


-  INDICATES NEGATIVE NUMBERS.
R  INDICATES RECORD WAS SET OR TIED.
MM INDICATES DATA IS MISSING.
T  INDICATES TRACE AMOUNT.




$$
