000
CDUS42 KILM 302047
CLIFLO


CLIMATE REPORT
NATIONAL WEATHER SERVICE WILMINGTON NC
446 PM EDT SUN AUG 30 2015


...................................

...THE FLORENCE SC CLIMATE SUMMARY FOR AUGUST 30 2015...
VALID TODAY AS OF 0400 PM LOCAL TIME.

CLIMATE NORMAL PERIOD 1981 TO 2010
CLIMATE RECORD PERIOD 1948 TO 2015


WEATHER ITEM   OBSERVED TIME   RECORD YEAR NORMAL DEPARTURE LAST
                VALUE   (LST)  VALUE       VALUE  FROM      YEAR
                                                  NORMAL
..................................................................
TEMPERATURE (F)
 TODAY
  MAXIMUM         81   1211 PM 100    1993  88     -7       93
  MINIMUM         68    348 AM  55    1965  69     -1       72
  AVERAGE         75                        78     -3       83

PRECIPITATION (IN)
  TODAY            0.11          1.29 1964   0.15  -0.04     0.00
  MONTH TO DATE    5.39                      5.09   0.30     3.89
  SINCE JUN 1     12.29                     14.97  -2.68    10.63
  SINCE JAN 1     27.31                     30.33  -3.02    27.99

DEGREE DAYS
 HEATING
  TODAY            0                         0      0        0
  MONTH TO DATE    0                         0      0        0
  SINCE JUN 1      0                         1     -1        0
  SINCE JUL 1      0                         0      0        0

 COOLING
  TODAY           10                        13     -3       18
  MONTH TO DATE  486                       451     35      446
  SINCE JUN 1   1619                      1350    269     1432
  SINCE JAN 1   2004                      1657    347     1814
..................................................................


WIND (MPH)
  HIGHEST WIND SPEED    13   HIGHEST WIND DIRECTION     E (100)
  HIGHEST GUST SPEED    14   HIGHEST GUST DIRECTION     E (90)
  AVERAGE WIND SPEED     3.5


SKY COVER
  POSSIBLE SUNSHINE  MM
  AVERAGE SKY COVER 0.5


WEATHER CONDITIONS
 THE FOLLOWING WEATHER WAS RECORDED TODAY.
  THUNDERSTORM
  RAIN
  LIGHT RAIN
  FOG


RELATIVE HUMIDITY (PERCENT)
 HIGHEST    88           200 PM
 LOWEST     69          1200 PM
 AVERAGE    79

..........................................................


THE FLORENCE SC CLIMATE NORMALS FOR TOMORROW
                         NORMAL    RECORD    YEAR
 MAXIMUM TEMPERATURE (F)   88       100      1993
 MINIMUM TEMPERATURE (F)   69        56      1976


SUNRISE AND SUNSET
AUGUST 30 2015........SUNRISE   651 AM EDT   SUNSET   748 PM EDT
AUGUST 31 2015........SUNRISE   651 AM EDT   SUNSET   746 PM EDT


-  INDICATES NEGATIVE NUMBERS.
R  INDICATES RECORD WAS SET OR TIED.
MM INDICATES DATA IS MISSING.
T  INDICATES TRACE AMOUNT.




$$
