000
CDUS42 KILM 270952
CLIFLO


CLIMATE REPORT
NATIONAL WEATHER SERVICE WILMINGTON NC
452 AM EST MON FEB 27 2017


...................................

...THE FLORENCE SC CLIMATE SUMMARY FOR FEBRUARY 26 2017...

CLIMATE NORMAL PERIOD 1981 TO 2010
CLIMATE RECORD PERIOD 1948 TO 2017


WEATHER ITEM   OBSERVED TIME   RECORD YEAR NORMAL DEPARTURE LAST
                VALUE   (LST)  VALUE       VALUE  FROM      YEAR
                                                  NORMAL
..................................................................
TEMPERATURE (F)
 YESTERDAY
  MAXIMUM         60    431 PM  83    1996  62     -2       55
  MINIMUM         38   1129 PM  13    1967  40     -2       36
  AVERAGE         49                        51     -2       46

PRECIPITATION (IN)
  YESTERDAY        0.00          1.49 2004   0.11  -0.11     0.00
  MONTH TO DATE    1.60                      2.71  -1.11     5.33
  SINCE DEC 1      9.43                      8.95   0.48    14.55
  SINCE JAN 1      4.86                      5.94  -1.08     7.46

SNOWFALL (IN)
  YESTERDAY       MM
  MONTH TO DATE   MM
  SINCE DEC 1     MM
  SINCE JUL 1     MM
  SNOW DEPTH      MM

DEGREE DAYS
 HEATING
  YESTERDAY       16                        14      2       19
  MONTH TO DATE  235                       436   -201      459
  SINCE DEC 1   1119                      1616   -497     1355
  SINCE JUL 1   1432                      2038   -606     1619

 COOLING
  YESTERDAY        0                         0      0        0
  MONTH TO DATE   10                         0     10        1
  SINCE DEC 1     14                         6      8       58
  SINCE JAN 1     10                         2      8        1
..................................................................


WIND (MPH)
  HIGHEST WIND SPEED    13   HIGHEST WIND DIRECTION     W (290)
  HIGHEST GUST SPEED    21   HIGHEST GUST DIRECTION    NW (320)
  AVERAGE WIND SPEED     5.6


SKY COVER
  POSSIBLE SUNSHINE  MM
  AVERAGE SKY COVER 0.0


WEATHER CONDITIONS
 THE FOLLOWING WEATHER WAS RECORDED YESTERDAY.
  NO SIGNIFICANT WEATHER WAS OBSERVED.


RELATIVE HUMIDITY (PERCENT)
 HIGHEST    76          1100 PM
 LOWEST     21           300 PM
 AVERAGE    49

..........................................................


THE FLORENCE SC CLIMATE NORMALS FOR TODAY
                         NORMAL    RECORD    YEAR
 MAXIMUM TEMPERATURE (F)   63        85      1997
 MINIMUM TEMPERATURE (F)   40        16      1963


SUNRISE AND SUNSET
FEBRUARY 27 2017......SUNRISE   650 AM EST   SUNSET   614 PM EST
FEBRUARY 28 2017......SUNRISE   649 AM EST   SUNSET   615 PM EST


-  INDICATES NEGATIVE NUMBERS.
R  INDICATES RECORD WAS SET OR TIED.
MM INDICATES DATA IS MISSING.
T  INDICATES TRACE AMOUNT.




$$
