000
CDUS42 KILM 270845
CLIFLO


CLIMATE REPORT
NATIONAL WEATHER SERVICE WILMINGTON NC
445 AM EDT MON MAR 27 2017


...................................

...THE FLORENCE SC CLIMATE SUMMARY FOR MARCH 26 2017...

CLIMATE NORMAL PERIOD 1981 TO 2010
CLIMATE RECORD PERIOD 1948 TO 2017


WEATHER ITEM   OBSERVED TIME   RECORD YEAR NORMAL DEPARTURE LAST
                VALUE   (LST)  VALUE       VALUE  FROM      YEAR
                                                  NORMAL
..................................................................
TEMPERATURE (F)
 YESTERDAY
  MAXIMUM         80    312 PM  86    1967  71      9       70
  MINIMUM         53    640 AM  29    2014  46      7       58
  AVERAGE         67                        58      9       64

PRECIPITATION (IN)
  YESTERDAY        0.00          0.91 1964   0.11  -0.11     0.38
  MONTH TO DATE    1.23                      2.80  -1.57     1.21
  SINCE MAR 1      1.23                      2.80  -1.57     1.21
  SINCE JAN 1      6.10                      8.95  -2.85     8.67

SNOWFALL (IN)
  YESTERDAY       MM
  MONTH TO DATE   MM
  SINCE MAR 1     MM
  SINCE JUL 1     MM
  SNOW DEPTH      MM

DEGREE DAYS
 HEATING
  YESTERDAY        0                         8     -8        1
  MONTH TO DATE  331                       274     57      153
  SINCE MAR 1    331                       274     57      153
  SINCE JUL 1   1776                      2340   -564     1813

 COOLING
  YESTERDAY        2                         1      1        0
  MONTH TO DATE   15                        13      2       42
  SINCE MAR 1     15                        13      2       42
  SINCE JAN 1     28                        19      9       43
..................................................................


WIND (MPH)
  HIGHEST WIND SPEED    18   HIGHEST WIND DIRECTION    SE (140)
  HIGHEST GUST SPEED    25   HIGHEST GUST DIRECTION    SE (140)
  AVERAGE WIND SPEED     8.2


SKY COVER
  POSSIBLE SUNSHINE  MM
  AVERAGE SKY COVER 0.4


WEATHER CONDITIONS
 THE FOLLOWING WEATHER WAS RECORDED YESTERDAY.
  NO SIGNIFICANT WEATHER WAS OBSERVED.


RELATIVE HUMIDITY (PERCENT)
 HIGHEST   100           600 AM
 LOWEST     39           200 PM
 AVERAGE    70

..........................................................


THE FLORENCE SC CLIMATE NORMALS FOR TODAY
                         NORMAL    RECORD    YEAR
 MAXIMUM TEMPERATURE (F)   71        86      1949
 MINIMUM TEMPERATURE (F)   46        22      1955


SUNRISE AND SUNSET
MARCH 27 2017.........SUNRISE   713 AM EDT   SUNSET   736 PM EDT
MARCH 28 2017.........SUNRISE   711 AM EDT   SUNSET   737 PM EDT


-  INDICATES NEGATIVE NUMBERS.
R  INDICATES RECORD WAS SET OR TIED.
MM INDICATES DATA IS MISSING.
T  INDICATES TRACE AMOUNT.




$$
