000
CDUS42 KILM 080940
CLIFLO


CLIMATE REPORT
NATIONAL WEATHER SERVICE WILMINGTON NC
440 AM EST THU DEC 8 2016


...................................

...THE FLORENCE SC CLIMATE SUMMARY FOR DECEMBER 7 2016...

CLIMATE NORMAL PERIOD 1981 TO 2010
CLIMATE RECORD PERIOD 1948 TO 2016


WEATHER ITEM   OBSERVED TIME   RECORD YEAR NORMAL DEPARTURE LAST
                VALUE   (LST)  VALUE       VALUE  FROM      YEAR
                                                  NORMAL
..................................................................
TEMPERATURE (F)
 YESTERDAY
  MAXIMUM         63    303 PM  83    1998  60      3       57
  MINIMUM         44    731 AM  17    2010  38      6       41
  AVERAGE         54                        49      5       49

PRECIPITATION (IN)
  YESTERDAY        0.00          1.29 1976   0.08  -0.08     0.44
  MONTH TO DATE    1.94                      0.62   1.32     0.64
  SINCE DEC 1      1.94                      0.62   1.32     0.64
  SINCE JAN 1     58.34                     40.52  17.82    50.58

SNOWFALL (IN)
  YESTERDAY       MM
  MONTH TO DATE   MM
  SINCE DEC 1     MM
  SINCE JUL 1     MM
  SNOW DEPTH      MM

DEGREE DAYS
 HEATING
  YESTERDAY       11                        16     -5       16
  MONTH TO DATE   96                       108    -12       89
  SINCE DEC 1     96                       108    -12       89
  SINCE JUL 1    409                       530   -121      353

 COOLING
  YESTERDAY        0                         0      0        0
  MONTH TO DATE    0                         0      0        0
  SINCE DEC 1      0                         0      0        0
  SINCE JAN 1   2582                      2059    523     2470
..................................................................


WIND (MPH)
  HIGHEST WIND SPEED    14   HIGHEST WIND DIRECTION    NW (320)
  HIGHEST GUST SPEED    17   HIGHEST GUST DIRECTION    NW (300)
  AVERAGE WIND SPEED     4.3


SKY COVER
  POSSIBLE SUNSHINE  MM
  AVERAGE SKY COVER 0.6


WEATHER CONDITIONS
 THE FOLLOWING WEATHER WAS RECORDED YESTERDAY.
  FOG


RELATIVE HUMIDITY (PERCENT)
 HIGHEST   100           800 AM
 LOWEST     52           200 PM
 AVERAGE    76

..........................................................


THE FLORENCE SC CLIMATE NORMALS FOR TODAY
                         NORMAL    RECORD    YEAR
 MAXIMUM TEMPERATURE (F)   60        85      1998
 MINIMUM TEMPERATURE (F)   38        13      2010


SUNRISE AND SUNSET
DECEMBER  8 2016......SUNRISE   713 AM EST   SUNSET   509 PM EST
DECEMBER  9 2016......SUNRISE   713 AM EST   SUNSET   509 PM EST


-  INDICATES NEGATIVE NUMBERS.
R  INDICATES RECORD WAS SET OR TIED.
MM INDICATES DATA IS MISSING.
T  INDICATES TRACE AMOUNT.




$$
