000
CDUS42 KILM 110942
CLIFLO


CLIMATE REPORT
NATIONAL WEATHER SERVICE WILMINGTON NC
441 AM EST THU FEB 11 2016


...................................

...THE FLORENCE SC CLIMATE SUMMARY FOR FEBRUARY 10 2016...

CLIMATE NORMAL PERIOD 1981 TO 2010
CLIMATE RECORD PERIOD 1948 TO 2016


WEATHER ITEM   OBSERVED TIME   RECORD YEAR NORMAL DEPARTURE LAST
                VALUE   (LST)  VALUE       VALUE  FROM      YEAR
                                                  NORMAL
..................................................................
TEMPERATURE (F)
 YESTERDAY
  MAXIMUM         39    351 PM  79    1965  59    -20       56
  MINIMUM         27    729 AM  16    1979  37    -10       42
  AVERAGE         33                        48    -15       49

PRECIPITATION (IN)
  YESTERDAY        0.00          0.87 1986   0.10  -0.10     0.14
  MONTH TO DATE    2.92                      1.02   1.90     1.42
  SINCE DEC 1     12.14                      7.26   4.88     7.05
  SINCE JAN 1      5.05                      4.25   0.80     3.85

SNOWFALL (IN)
  YESTERDAY       MM
  MONTH TO DATE   MM
  SINCE DEC 1     MM
  SINCE JUL 1     MM
  SNOW DEPTH      MM

DEGREE DAYS
 HEATING
  YESTERDAY       32                        18     14       16
  MONTH TO DATE  171                       183    -12      176
  SINCE DEC 1   1067                      1363   -296     1268
  SINCE JUL 1   1331                      1785   -454     1768

 COOLING
  YESTERDAY        0                         0      0        0
  MONTH TO DATE    1                         0      1        0
  SINCE DEC 1     58                         6     52        3
  SINCE JAN 1      1                         2     -1        3
..................................................................


WIND (MPH)
  HIGHEST WIND SPEED    22   HIGHEST WIND DIRECTION     W (260)
  HIGHEST GUST SPEED    28   HIGHEST GUST DIRECTION     W (260)
  AVERAGE WIND SPEED    11.0


SKY COVER
  POSSIBLE SUNSHINE  MM
  AVERAGE SKY COVER 0.4


WEATHER CONDITIONS
 THE FOLLOWING WEATHER WAS RECORDED YESTERDAY.
  NO SIGNIFICANT WEATHER WAS OBSERVED.


RELATIVE HUMIDITY (PERCENT)
 HIGHEST    75           700 AM
 LOWEST     35           600 PM
 AVERAGE    55

..........................................................


THE FLORENCE SC CLIMATE NORMALS FOR TODAY
                         NORMAL    RECORD    YEAR
 MAXIMUM TEMPERATURE (F)   59        79      1999
 MINIMUM TEMPERATURE (F)   37        19      1973


SUNRISE AND SUNSET
FEBRUARY 11 2016......SUNRISE   708 AM EST   SUNSET   558 PM EST
FEBRUARY 12 2016......SUNRISE   707 AM EST   SUNSET   559 PM EST


-  INDICATES NEGATIVE NUMBERS.
R  INDICATES RECORD WAS SET OR TIED.
MM INDICATES DATA IS MISSING.
T  INDICATES TRACE AMOUNT.




$$
