000
CDUS42 KILM 172145
CLIFLO


CLIMATE REPORT
NATIONAL WEATHER SERVICE WILMINGTON NC
444 PM EST SUN DEC 17 2017


...................................

...THE FLORENCE SC CLIMATE SUMMARY FOR DECEMBER 17 2017...
VALID TODAY AS OF 0400 PM LOCAL TIME.

CLIMATE NORMAL PERIOD 1981 TO 2010
CLIMATE RECORD PERIOD 1948 TO 2017


WEATHER ITEM   OBSERVED TIME   RECORD YEAR NORMAL DEPARTURE LAST
                VALUE   (LST)  VALUE       VALUE  FROM      YEAR
                                                  NORMAL
..................................................................
TEMPERATURE (F)
 TODAY
  MAXIMUM         59    359 PM  80    1956  57      2       72
  MINIMUM         28    756 AM  11    1955  36     -8       34
  AVERAGE         44                        47     -3       53

PRECIPITATION (IN)
  TODAY            0.00          1.74 1975   0.09  -0.09     0.00
  MONTH TO DATE    3.30                      1.58   1.72     2.86
  SINCE DEC 1      3.30                      1.58   1.72     2.86
  SINCE JAN 1     41.27                     41.48  -0.21    59.26

SNOWFALL (IN)
  TODAY           MM
  MONTH TO DATE   MM
  SINCE DEC 1     MM
  SINCE JUL 1     MM
  SNOW DEPTH      MM

DEGREE DAYS
 HEATING
  TODAY           21                        18      3       12
  MONTH TO DATE  293                       282     11      306
  SINCE DEC 1    293                       282     11      306
  SINCE JUL 1    698                       704     -6      619

 COOLING
  TODAY            0                         0      0        0
  MONTH TO DATE    0                         0      0        0
  SINCE DEC 1      0                         0      0        0
  SINCE JAN 1   2248                      2059    189     2582
..................................................................


WIND (MPH)
  HIGHEST WIND SPEED    10   HIGHEST WIND DIRECTION    SW (230)
  HIGHEST GUST SPEED    15   HIGHEST GUST DIRECTION    SW (230)
  AVERAGE WIND SPEED     2.6


SKY COVER
  POSSIBLE SUNSHINE  MM
  AVERAGE SKY COVER 0.0


WEATHER CONDITIONS
 THE FOLLOWING WEATHER WAS RECORDED TODAY.
  FOG


RELATIVE HUMIDITY (PERCENT)
 HIGHEST    92           200 AM
 LOWEST     33           400 PM
 AVERAGE    63

..........................................................


THE FLORENCE SC CLIMATE NORMALS FOR TOMORROW
                         NORMAL    RECORD    YEAR
 MAXIMUM TEMPERATURE (F)   57        79      2016
 MINIMUM TEMPERATURE (F)   36        16      1953


SUNRISE AND SUNSET
DECEMBER 17 2017......SUNRISE   719 AM EST   SUNSET   512 PM EST
DECEMBER 18 2017......SUNRISE   719 AM EST   SUNSET   512 PM EST


-  INDICATES NEGATIVE NUMBERS.
R  INDICATES RECORD WAS SET OR TIED.
MM INDICATES DATA IS MISSING.
T  INDICATES TRACE AMOUNT.




$$
