000
CDUS42 KTBW 240847
CLIFMY


CLIMATE REPORT
NATIONAL WEATHER SERVICE TAMPA BAY FL
443 AM EDT TUE MAY 24 2016


...................................

...THE FORT MYERS CLIMATE SUMMARY FOR MAY 23 2016...

CLIMATE NORMAL PERIOD 1981 TO 2010
CLIMATE RECORD PERIOD 1902 TO 2016


WEATHER ITEM   OBSERVED TIME   RECORD YEAR NORMAL DEPARTURE LAST
                VALUE   (LST)  VALUE       VALUE  FROM      YEAR
                                                  NORMAL
..................................................................
TEMPERATURE (F)
 YESTERDAY
  MAXIMUM         88    226 PM  96    1953  90     -2       90
  MINIMUM         75   1159 PM  59    1919  70      5       71
  AVERAGE         82                        80      2       81

PRECIPITATION (IN)
  YESTERDAY        T             1.87 1930   0.10  -0.10     0.01
  MONTH TO DATE    2.98                      1.58   1.40     1.29
  SINCE MAR 1      5.48                      6.64  -1.16     4.78
  SINCE JAN 1     20.59                     10.73   9.86     7.97

DEGREE DAYS
 HEATING
  YESTERDAY        0                         0      0        0
  MONTH TO DATE    0                         0      0        0
  SINCE MAR 1      9                        27    -18        0
  SINCE JUL 1    204                       287    -83      231

 COOLING
  YESTERDAY       17                        15      2       16
  MONTH TO DATE  314                       307      7      341
  SINCE MAR 1    862                       752    110     1068
  SINCE JAN 1    973                       937     36     1216
..................................................................


WIND (MPH)
  RESULTANT WIND SPEED   4   RESULTANT WIND DIRECTION   W (290)
  HIGHEST WIND SPEED    15   HIGHEST WIND DIRECTION     W (270)
  HIGHEST GUST SPEED    19   HIGHEST GUST DIRECTION     W (280)
  AVERAGE WIND SPEED     5.7


SKY COVER
  POSSIBLE SUNSHINE  MM
  AVERAGE SKY COVER 0.2


WEATHER CONDITIONS
 THE FOLLOWING WEATHER WAS RECORDED YESTERDAY.
  NO SIGNIFICANT WEATHER WAS OBSERVED.


RELATIVE HUMIDITY (PERCENT)
 HIGHEST    82           500 AM
 LOWEST     50           200 PM

..........................................................


THE FORT MYERS CLIMATE NORMALS FOR TODAY
                         NORMAL    RECORD    YEAR
 MAXIMUM TEMPERATURE (F)   91        95      2014
                                             2008
                                             1975
 MINIMUM TEMPERATURE (F)   71        56      1892


SUNRISE AND SUNSET
MAY 24 2016...........SUNRISE   636 AM EDT   SUNSET   813 PM EDT
MAY 25 2016...........SUNRISE   636 AM EDT   SUNSET   813 PM EDT


-  INDICATES NEGATIVE NUMBERS.
R  INDICATES RECORD WAS SET OR TIED.
MM INDICATES DATA IS MISSING.
T  INDICATES TRACE AMOUNT.




$$


&&
------------------------------------------------------------------
******************** SUPPLEMENTAL DATA ***************************

...GULF WATER TEMPERATURE AT FORT MYERS BEACH 84 DEGREES
