000
CDUS42 KTBW 212233
CLIFMY


CLIMATE REPORT
NATIONAL WEATHER SERVICE TAMPA BAY FL
530 PM EST SAT JAN 21 2017


...................................

...THE FORT MYERS CLIMATE SUMMARY FOR JANUARY 21 2017...
VALID TODAY AS OF 0500 PM LOCAL TIME.

CLIMATE NORMAL PERIOD 1981 TO 2010
CLIMATE RECORD PERIOD 1902 TO 2017


WEATHER ITEM   OBSERVED TIME   RECORD YEAR NORMAL DEPARTURE LAST
                VALUE   (LST)  VALUE       VALUE  FROM      YEAR
                                                  NORMAL
..................................................................
TEMPERATURE (F)
 TODAY
  MAXIMUM         83   1249 PM  86    1954  75      8       75
  MINIMUM         63    507 AM  32    1985  54      9       51
                                      1971
  AVERAGE         73                        64      9       63

PRECIPITATION (IN)
  TODAY            0.00          0.86 1988   0.06  -0.06     0.00
  MONTH TO DATE    0.76                      1.29  -0.53     6.47
  SINCE DEC 1      1.00                      3.00  -2.00    10.07
  SINCE JAN 1      0.76                      1.29  -0.53     6.47

DEGREE DAYS
 HEATING
  TODAY            0                         3     -3        2
  MONTH TO DATE   27                        82    -55       61
  SINCE DEC 1     36                       157   -121       64
  SINCE JUL 1     41                       175   -134       64

 COOLING
  TODAY            8                         3      5        0
  MONTH TO DATE  122                        62     60       36
  SINCE DEC 1    398                       183    215      314
  SINCE JAN 1    122                        62     60       36
..................................................................


WIND (MPH)
  RESULTANT WIND SPEED   7   RESULTANT WIND DIRECTION   S (190)
  HIGHEST WIND SPEED    18   HIGHEST WIND DIRECTION     S (200)
  HIGHEST GUST SPEED    26   HIGHEST GUST DIRECTION    SW (220)
  AVERAGE WIND SPEED     7.4


SKY COVER
  POSSIBLE SUNSHINE  MM
  AVERAGE SKY COVER 0.0


WEATHER CONDITIONS
 THE FOLLOWING WEATHER WAS RECORDED TODAY.
  FOG


RELATIVE HUMIDITY (PERCENT)
 HIGHEST   100           100 AM
 LOWEST     54           200 PM

..........................................................


THE FORT MYERS CLIMATE NORMALS FOR TOMORROW
                         NORMAL    RECORD    YEAR
 MAXIMUM TEMPERATURE (F)   75        88      1962
 MINIMUM TEMPERATURE (F)   54        30      1985


SUNRISE AND SUNSET
JANUARY 21 2017.......SUNRISE   716 AM EST   SUNSET   602 PM EST
JANUARY 22 2017.......SUNRISE   716 AM EST   SUNSET   602 PM EST


-  INDICATES NEGATIVE NUMBERS.
R  INDICATES RECORD WAS SET OR TIED.
MM INDICATES DATA IS MISSING.
T  INDICATES TRACE AMOUNT.




$$


&&
------------------------------------------------------------------
******************** SUPPLEMENTAL DATA ***************************

...GULF WATER TEMPERATURE AT FORT MYERS BEACH 71 DEGREES
