000
CDUS42 KTBW 052217
CLIFMY


CLIMATE REPORT
NATIONAL WEATHER SERVICE TAMPA BAY FL
514 PM EST THU MAR 5 2015


...................................

...THE FORT MYERS CLIMATE SUMMARY FOR MARCH 5 2015...
VALID TODAY AS OF 0500 PM LOCAL TIME.

CLIMATE NORMAL PERIOD 1981 TO 2010
CLIMATE RECORD PERIOD 1902 TO 2015


WEATHER ITEM   OBSERVED TIME   RECORD YEAR NORMAL DEPARTURE LAST
                VALUE   (LST)  VALUE       VALUE  FROM      YEAR
                                                  NORMAL
..................................................................
TEMPERATURE (F)
 TODAY
  MAXIMUM         84    145 PM  90    1961  79      5       84
  MINIMUM         67    348 AM  36    1916  58      9       64
  AVERAGE         76                        69      7       74

PRECIPITATION (IN)
  TODAY            0.00          1.20 1975   0.09  -0.09     0.00
  MONTH TO DATE    0.01                      0.42  -0.41     0.00
  SINCE MAR 1      0.01                      0.42  -0.41     0.00
  SINCE JAN 1      3.20                      4.51  -1.31     3.44

DEGREE DAYS
 HEATING
  TODAY            0                         1     -1        0
  MONTH TO DATE    0                         5     -5        0
  SINCE MAR 1      0                         5     -5        0
  SINCE JUL 1    231                       265    -34      169

 COOLING
  TODAY           11                         5      6        9
  MONTH TO DATE   54                        25     29       30
  SINCE MAR 1     54                        25     29       30
  SINCE JAN 1    202                       210     -8      291
..................................................................


WIND (MPH)
  RESULTANT WIND SPEED   8   RESULTANT WIND DIRECTION   S (190)
  HIGHEST WIND SPEED    17   HIGHEST WIND DIRECTION    SW (220)
  HIGHEST GUST SPEED    25   HIGHEST GUST DIRECTION     S (190)
  AVERAGE WIND SPEED     9.3


SKY COVER
  POSSIBLE SUNSHINE  MM
  AVERAGE SKY COVER 0.2


WEATHER CONDITIONS
 THE FOLLOWING WEATHER WAS RECORDED TODAY.
  FOG


RELATIVE HUMIDITY (PERCENT)
 HIGHEST   100           600 AM
 LOWEST     55          1200 PM

..........................................................


THE FORT MYERS CLIMATE NORMALS FOR TOMORROW
                         NORMAL    RECORD    YEAR
 MAXIMUM TEMPERATURE (F)   79        92      1944
 MINIMUM TEMPERATURE (F)   58        42      2010
                                             1978
                                             1960


SUNRISE AND SUNSET
MARCH  5 2015.........SUNRISE   647 AM EST   SUNSET   631 PM EST
MARCH  6 2015.........SUNRISE   646 AM EST   SUNSET   631 PM EST


-  INDICATES NEGATIVE NUMBERS.
R  INDICATES RECORD WAS SET OR TIED.
MM INDICATES DATA IS MISSING.
T  INDICATES TRACE AMOUNT.




$$


&&
------------------------------------------------------------------
******************** SUPPLEMENTAL DATA ***************************

...GULF WATER TEMPERATURE AT FORT MYERS BEACH 74
