000
CDUS42 KTBW 222219
CLIFMY


CLIMATE REPORT
NATIONAL WEATHER SERVICE TAMPA BAY FL
517 PM EST MON DEC 22 2014


...................................

...THE FORT MYERS CLIMATE SUMMARY FOR DECEMBER 22 2014...
VALID TODAY AS OF 0500 PM LOCAL TIME.

CLIMATE NORMAL PERIOD 1981 TO 2010
CLIMATE RECORD PERIOD 1902 TO 2014


WEATHER ITEM   OBSERVED TIME   RECORD YEAR NORMAL DEPARTURE LAST
                VALUE   (LST)  VALUE       VALUE  FROM      YEAR
                                                  NORMAL
..................................................................
TEMPERATURE (F)
 TODAY
  MAXIMUM         81    104 PM  86    2013  76      5       86
                                      1990
                                      1956
  MINIMUM         68    750 AM  35    1973  55     13       69
                                      1960
  AVERAGE         75                        66      9       78

PRECIPITATION (IN)
  TODAY            T             2.04 1925   0.06  -0.06     0.00
  MONTH TO DATE    0.04                      1.15  -1.11     0.32
  SINCE DEC 1      0.04                      1.15  -1.11     0.32
  SINCE JAN 1     42.31                     55.37 -13.06    53.61

DEGREE DAYS
 HEATING
  TODAY            0                         3     -3        0
  MONTH TO DATE   48                        44      4        4
  SINCE DEC 1     48                        44      4        4
  SINCE JUL 1     89                        62     27       13

 COOLING
  TODAY           10                         3      7       13
  MONTH TO DATE   75                        94    -19      156
  SINCE DEC 1     75                        94    -19      156
  SINCE JAN 1   4002                      3957     45     4030
..................................................................


WIND (MPH)
  RESULTANT WIND SPEED   8   RESULTANT WIND DIRECTION   S (180)
  HIGHEST WIND SPEED    17   HIGHEST WIND DIRECTION    SW (210)
  HIGHEST GUST SPEED    23   HIGHEST GUST DIRECTION     S (200)
  AVERAGE WIND SPEED     8.2


SKY COVER
  POSSIBLE SUNSHINE  MM
  AVERAGE SKY COVER 0.3


WEATHER CONDITIONS
 THE FOLLOWING WEATHER WAS RECORDED TODAY.
  NO SIGNIFICANT WEATHER WAS OBSERVED.


RELATIVE HUMIDITY (PERCENT)
 HIGHEST    90          1200 AM
 LOWEST     67          1100 AM

..........................................................


THE FORT MYERS CLIMATE NORMALS FOR TOMORROW
                         NORMAL    RECORD    YEAR
 MAXIMUM TEMPERATURE (F)   76        87      1990
 MINIMUM TEMPERATURE (F)   55        32      1973


SUNRISE AND SUNSET
DECEMBER 22 2014......SUNRISE   712 AM EST   SUNSET   540 PM EST
DECEMBER 23 2014......SUNRISE   712 AM EST   SUNSET   541 PM EST


-  INDICATES NEGATIVE NUMBERS.
R  INDICATES RECORD WAS SET OR TIED.
MM INDICATES DATA IS MISSING.
T  INDICATES TRACE AMOUNT.




$$


&&
------------------------------------------------------------------
******************** SUPPLEMENTAL DATA ***************************

...GULF WATER TEMPERATURE AT FORT MYERS BEACH 68
