000
CDUS42 KTBW 042118
CLIFMY


CLIMATE REPORT
NATIONAL WEATHER SERVICE TAMPA BAY FL
515 PM EDT WED MAY 4 2016


...................................

...THE FORT MYERS CLIMATE SUMMARY FOR MAY 4 2016...
VALID TODAY AS OF 0500 PM LOCAL TIME.

CLIMATE NORMAL PERIOD 1981 TO 2010
CLIMATE RECORD PERIOD 1902 TO 2016


WEATHER ITEM   OBSERVED TIME   RECORD YEAR NORMAL DEPARTURE LAST
                VALUE   (LST)  VALUE       VALUE  FROM      YEAR
                                                  NORMAL
..................................................................
TEMPERATURE (F)
 TODAY
  MAXIMUM         80   1056 AM  94    1953  88     -8       85
  MINIMUM         68   1239 PM  54    1971  66      2       63
  AVERAGE         74                        77     -3       74

PRECIPITATION (IN)
  TODAY            1.14          1.85 1911   0.05   1.09     0.00
  MONTH TO DATE    1.14                      0.22   0.92     0.00
  SINCE MAR 1      3.64                      5.28  -1.64     3.49
  SINCE JAN 1     18.75                      9.37   9.38     6.68

DEGREE DAYS
 HEATING
  TODAY            0                         0      0        0
  MONTH TO DATE    0                         0      0        0
  SINCE MAR 1      9                        27    -18        0
  SINCE JUL 1    204                       287    -83      231

 COOLING
  TODAY            9                        12     -3        9
  MONTH TO DATE   55                        46      9       35
  SINCE MAR 1    603                       491    112      762
  SINCE JAN 1    714                       676     38      910
..................................................................


WIND (MPH)
  RESULTANT WIND SPEED   3   RESULTANT WIND DIRECTION   S (180)
  HIGHEST WIND SPEED    25   HIGHEST WIND DIRECTION    NW (330)
  HIGHEST GUST SPEED    32   HIGHEST GUST DIRECTION     N (340)
  AVERAGE WIND SPEED     3.7


SKY COVER
  POSSIBLE SUNSHINE  MM
  AVERAGE SKY COVER 0.6


WEATHER CONDITIONS
 THE FOLLOWING WEATHER WAS RECORDED TODAY.
  THUNDERSTORM
  HEAVY RAIN
  RAIN
  LIGHT RAIN
  FOG
  FOG W/VISIBILITY <= 1/4 MILE
  HAZE


RELATIVE HUMIDITY (PERCENT)
 HIGHEST   100           400 AM
 LOWEST     74          1000 AM

..........................................................


THE FORT MYERS CLIMATE NORMALS FOR TOMORROW
                         NORMAL    RECORD    YEAR
 MAXIMUM TEMPERATURE (F)   88        96      2002
 MINIMUM TEMPERATURE (F)   66        52      1971
                                             1921


SUNRISE AND SUNSET
MAY  4 2016...........SUNRISE   647 AM EDT   SUNSET   802 PM EDT
MAY  5 2016...........SUNRISE   646 AM EDT   SUNSET   802 PM EDT


-  INDICATES NEGATIVE NUMBERS.
R  INDICATES RECORD WAS SET OR TIED.
MM INDICATES DATA IS MISSING.
T  INDICATES TRACE AMOUNT.




$$


&&
------------------------------------------------------------------
******************** SUPPLEMENTAL DATA ***************************

...GULF WATER TEMPERATURE AT FORT MYERS BEACH 83 DEGREES
