000
CDUS43 KDTX 190536
CLIFNT


CLIMATE REPORT
NATIONAL WEATHER SERVICE DETROIT/PONTIAC MI
1236 AM EST THU JAN 19 2017


...................................

...THE FLINT MI CLIMATE SUMMARY FOR JANUARY 18 2017...

CLIMATE NORMAL PERIOD 1981 TO 2010
CLIMATE RECORD PERIOD 1921 TO 2017


WEATHER ITEM   OBSERVED TIME   RECORD YEAR NORMAL DEPARTURE LAST
                VALUE   (LST)  VALUE       VALUE  FROM      YEAR
                                                  NORMAL
..................................................................
TEMPERATURE (F)
 YESTERDAY
  MAXIMUM         38    427 PM  60    1996  29      9       18
  MINIMUM         34   1159 PM -25    1976  15     19       10
  AVERAGE         36                        22     14       14

PRECIPITATION (IN)
  YESTERDAY        0.00          1.34 1949   0.05  -0.05      T
  MONTH TO DATE    2.56                      1.01   1.55     1.06
  SINCE DEC 1      4.15                      2.93   1.22     2.96
  SINCE JAN 1      2.56                      1.01   1.55     1.06

SNOWFALL (IN)
  YESTERDAY        0.0           5.0  1960   0.4   -0.4       T
  MONTH TO DATE    5.7                       7.6   -1.9     11.6
  SINCE DEC 1     25.9                      19.4    6.5     14.1
  SINCE JUL 1     25.9                      22.3    3.6     24.9
  SNOW DEPTH       0

DEGREE DAYS
 HEATING
  YESTERDAY       29                        43    -14       51
  MONTH TO DATE  703                       763    -60      680
  SINCE DEC 1   1851                      1927    -76     1417
  SINCE JUL 1   2892                      3408   -516     2398

 COOLING
  YESTERDAY        0                         0      0        0
  MONTH TO DATE    0                         0      0        0
  SINCE DEC 1      0                         0      0        0
  SINCE JAN 1      0                         0      0        0
..................................................................


WIND (MPH)
  HIGHEST WIND SPEED    16   HIGHEST WIND DIRECTION    SW (230)
  HIGHEST GUST SPEED    23   HIGHEST GUST DIRECTION     W (280)
  AVERAGE WIND SPEED     9.3


SKY COVER
  POSSIBLE SUNSHINE  MM
  AVERAGE SKY COVER 1.0


WEATHER CONDITIONS
 THE FOLLOWING WEATHER WAS RECORDED YESTERDAY.
  FOG


RELATIVE HUMIDITY (PERCENT)
 HIGHEST   100          1200 AM
 LOWEST     92           600 AM
 AVERAGE    96

..........................................................


THE FLINT MI CLIMATE NORMALS FOR TODAY
                         NORMAL    RECORD    YEAR
 MAXIMUM TEMPERATURE (F)   29        54      1949
 MINIMUM TEMPERATURE (F)   15       -21      1994


SUNRISE AND SUNSET
JANUARY 19 2017.......SUNRISE   801 AM EST   SUNSET   531 PM EST
JANUARY 20 2017.......SUNRISE   800 AM EST   SUNSET   532 PM EST


-  INDICATES NEGATIVE NUMBERS.
R  INDICATES RECORD WAS SET OR TIED.
MM INDICATES DATA IS MISSING.
T  INDICATES TRACE AMOUNT.




$$
