000
CDUS43 KFSD 042227
CLIFSD


CLIMATE REPORT
NATIONAL WEATHER SERVICE SIOUX FALLS SD
524 PM CDT TUE AUG 4 2015


...................................

...THE SIOUX FALLS SD CLIMATE SUMMARY FOR AUGUST 4 2015...
VALID TODAY AS OF 0500 PM LOCAL TIME.

CLIMATE NORMAL PERIOD 1981 TO 2010
CLIMATE RECORD PERIOD 1893 TO 2015


WEATHER ITEM   OBSERVED TIME   RECORD YEAR NORMAL DEPARTURE LAST
                VALUE   (LST)  VALUE       VALUE  FROM      YEAR
                                                  NORMAL
..................................................................
TEMPERATURE (F)
 TODAY
  MAXIMUM         79    314 PM 107    1934  83     -4       83
  MINIMUM         58    241 AM  42    1894  62     -4       62
  AVERAGE         69                        72     -3       73

PRECIPITATION (IN)
  TODAY            0.00          2.48 2007   0.10  -0.10      T
  MONTH TO DATE    0.00                      0.42  -0.42     0.02
  SINCE JUN 1      8.48                      7.43   1.05    14.52
  SINCE JAN 1     15.03                     16.76  -1.73    19.50

SNOWFALL (IN)
  TODAY            0.0           0.0    MM   0.0    0.0      0.0
  MONTH TO DATE    0.0                       0.0    0.0      0.0
  SINCE JUN 1      0.0                       0.0    0.0       T
  SINCE JUL 1      0.0                       0.0    0.0       T
  SNOW DEPTH       0

DEGREE DAYS
 HEATING
  TODAY            0                         0      0        0
  MONTH TO DATE    0                         0      0        0
  SINCE JUN 1     15                        59    -44       47
  SINCE JUL 1      6                         8     -2       15

 COOLING
  TODAY            4                         8     -4        8
  MONTH TO DATE   25                        32     -7       25
  SINCE JUN 1    400                       423    -23      333
  SINCE JAN 1    422                       459    -37      386
..................................................................


WIND (MPH)
  HIGHEST WIND SPEED    14   HIGHEST WIND DIRECTION    SE (130)
  HIGHEST GUST SPEED    17   HIGHEST GUST DIRECTION     E (110)
  AVERAGE WIND SPEED     5.9


SKY COVER
  POSSIBLE SUNSHINE  MM
  AVERAGE SKY COVER 0.8


WEATHER CONDITIONS
 THE FOLLOWING WEATHER WAS RECORDED TODAY.
  NO SIGNIFICANT WEATHER WAS OBSERVED.


RELATIVE HUMIDITY (PERCENT)
 HIGHEST    97           100 AM
 LOWEST     60          1100 AM
 AVERAGE    79

..........................................................


THE SIOUX FALLS SD CLIMATE NORMALS FOR TOMORROW
                         NORMAL    RECORD    YEAR
 MAXIMUM TEMPERATURE (F)   83        99      1968
                                             1934
 MINIMUM TEMPERATURE (F)   61        44      1908


SUNRISE AND SUNSET
AUGUST  4 2015........SUNRISE   619 AM CDT   SUNSET   846 PM CDT
AUGUST  5 2015........SUNRISE   620 AM CDT   SUNSET   845 PM CDT


-  INDICATES NEGATIVE NUMBERS.
R  INDICATES RECORD WAS SET OR TIED.
MM INDICATES DATA IS MISSING.
T  INDICATES TRACE AMOUNT.




$$
