447
CDUS43 KFSD 210619
CLIFSD


CLIMATE REPORT
NATIONAL WEATHER SERVICE SIOUX FALLS SD
1219 AM CST TUE NOV 21 2017


...................................

...THE SIOUX FALLS SD CLIMATE SUMMARY FOR NOVEMBER 20 2017...

CLIMATE NORMAL PERIOD 1981 TO 2010
CLIMATE RECORD PERIOD 1893 TO 2017


WEATHER ITEM   OBSERVED TIME   RECORD YEAR NORMAL DEPARTURE LAST
                VALUE   (LST)  VALUE       VALUE  FROM      YEAR
                                                  NORMAL
..................................................................
TEMPERATURE (F)
 YESTERDAY
  MAXIMUM         51    405 PM  74    1962  40     11       33
  MINIMUM         24    451 AM  -6    1937  20      4       12
                                      1914
  AVERAGE         38                        30      8       23

PRECIPITATION (IN)
  YESTERDAY        0.00          1.29 1930   0.05  -0.05     0.00
  MONTH TO DATE    0.03                      0.94  -0.91     0.42
  SINCE SEP 1      6.93                      5.88   1.05    11.06
  SINCE JAN 1     24.52                     25.27  -0.75    28.92

SNOWFALL (IN)
  YESTERDAY        0.0           7.2  2015   0.3   -0.3      0.0
  MONTH TO DATE    0.2                       4.3   -4.1      5.0
  SINCE SEP 1      0.2                       5.6   -5.4      5.0
  SINCE JUL 1      0.2                       5.6   -5.4      5.0
  SNOW DEPTH       0

DEGREE DAYS
 HEATING
  YESTERDAY       27                        35     -8       42
  MONTH TO DATE  599                       589     10      380
  SINCE SEP 1   1136                      1298   -162      833
  SINCE JUL 1   1142                      1329   -187      841

 COOLING
  YESTERDAY        0                         0      0        0
  MONTH TO DATE    0                         0      0        0
  SINCE SEP 1    102                        65     37       99
  SINCE JAN 1    776                       690     86      879
..................................................................


WIND (MPH)
  HIGHEST WIND SPEED    18   HIGHEST WIND DIRECTION     N (350)
  HIGHEST GUST SPEED    24   HIGHEST GUST DIRECTION     N (350)
  AVERAGE WIND SPEED     6.3


SKY COVER
  POSSIBLE SUNSHINE  MM
  AVERAGE SKY COVER 0.5


WEATHER CONDITIONS
 THE FOLLOWING WEATHER WAS RECORDED YESTERDAY.
  NO SIGNIFICANT WEATHER WAS OBSERVED.


RELATIVE HUMIDITY (PERCENT)
 HIGHEST    88           400 AM
 LOWEST     42           400 PM
 AVERAGE    65

..........................................................


THE SIOUX FALLS SD CLIMATE NORMALS FOR TODAY
                         NORMAL    RECORD    YEAR
 MAXIMUM TEMPERATURE (F)   39        70      2012
 MINIMUM TEMPERATURE (F)   20        -8      1964


SUNRISE AND SUNSET
NOVEMBER 21 2017......SUNRISE   729 AM CST   SUNSET   457 PM CST
NOVEMBER 22 2017......SUNRISE   730 AM CST   SUNSET   456 PM CST


-  INDICATES NEGATIVE NUMBERS.
R  INDICATES RECORD WAS SET OR TIED.
MM INDICATES DATA IS MISSING.
T  INDICATES TRACE AMOUNT.




$$
