000
CDUS43 KFSD 290639
CLIFSD


CLIMATE REPORT
NATIONAL WEATHER SERVICE SIOUX FALLS SD
138 AM CDT WED MAR 29 2017


...................................

...THE SIOUX FALLS SD CLIMATE SUMMARY FOR MARCH 28 2017...

CLIMATE NORMAL PERIOD 1981 TO 2010
CLIMATE RECORD PERIOD 1893 TO 2017


WEATHER ITEM   OBSERVED TIME   RECORD YEAR NORMAL DEPARTURE LAST
                VALUE   (LST)  VALUE       VALUE  FROM      YEAR
                                                  NORMAL
..................................................................
TEMPERATURE (F)
 YESTERDAY
  MAXIMUM         63    220 PM  82    1910  49     14       61
  MINIMUM         28    530 AM  -5    1899  27      1       20
  AVERAGE         46                        38      8       41

PRECIPITATION (IN)
  YESTERDAY        0.00          1.37 1981   0.09  -0.09     0.00
  MONTH TO DATE    0.50                      1.50  -1.00     1.22
  SINCE MAR 1      0.50                      1.50  -1.00     1.22
  SINCE JAN 1      1.61                      2.66  -1.05     2.90

SNOWFALL (IN)
  YESTERDAY        0.0           5.5  1900   0.2   -0.2      0.0
  MONTH TO DATE    8.0                       7.7    0.3     12.2
  SINCE MAR 1      8.0                       7.7    0.3     12.2
  SINCE JUL 1     39.4                      39.2    0.2     68.5
  SNOW DEPTH       0

DEGREE DAYS
 HEATING
  YESTERDAY       19                        27     -8       24
  MONTH TO DATE  851                       917    -66      708
  SINCE MAR 1    851                       917    -66      708
  SINCE JUL 1   5657                      6767  -1110     5744

 COOLING
  YESTERDAY        0                         0      0        0
  MONTH TO DATE    0                         0      0        0
  SINCE MAR 1      0                         0      0        0
  SINCE JAN 1      0                         0      0        0
..................................................................


WIND (MPH)
  HIGHEST WIND SPEED    17   HIGHEST WIND DIRECTION     E (80)
  HIGHEST GUST SPEED    21   HIGHEST GUST DIRECTION     E (110)
  AVERAGE WIND SPEED     5.2


SKY COVER
  POSSIBLE SUNSHINE  MM
  AVERAGE SKY COVER 0.7


WEATHER CONDITIONS
 THE FOLLOWING WEATHER WAS RECORDED YESTERDAY.
  FOG
  FOG W/VISIBILITY <= 1/4 MILE


RELATIVE HUMIDITY (PERCENT)
 HIGHEST   100           200 AM
 LOWEST     39           200 PM
 AVERAGE    70

..........................................................


THE SIOUX FALLS SD CLIMATE NORMALS FOR TODAY
                         NORMAL    RECORD    YEAR
 MAXIMUM TEMPERATURE (F)   50        82      1943
 MINIMUM TEMPERATURE (F)   28        -3      1969


SUNRISE AND SUNSET
MARCH 29 2017.........SUNRISE   713 AM CDT   SUNSET   750 PM CDT
MARCH 30 2017.........SUNRISE   712 AM CDT   SUNSET   752 PM CDT


-  INDICATES NEGATIVE NUMBERS.
R  INDICATES RECORD WAS SET OR TIED.
MM INDICATES DATA IS MISSING.
T  INDICATES TRACE AMOUNT.




$$
