000
CDUS43 KFSD 250649
CLIFSD


CLIMATE REPORT
NATIONAL WEATHER SERVICE SIOUX FALLS SD
1248 AM CST SUN JAN 25 2015


...................................

...THE SIOUX FALLS SD CLIMATE SUMMARY FOR JANUARY 24 2015...

CLIMATE NORMAL PERIOD 1981 TO 2010
CLIMATE RECORD PERIOD 1893 TO 2015


WEATHER ITEM   OBSERVED TIME   RECORD YEAR NORMAL DEPARTURE LAST
                VALUE   (LST)  VALUE       VALUE  FROM      YEAR
                                                  NORMAL
..................................................................
TEMPERATURE (F)
 YESTERDAY
  MAXIMUM         42    431 PM  66    1981  27     15       39
  MINIMUM         28    336 AM -32    1904   7     21       10
                                      1894
  AVERAGE         35                        17     18       25

PRECIPITATION (IN)
  YESTERDAY        0.08          0.22 1956   0.01   0.07      T
                                      1941
  MONTH TO DATE    0.55                      0.43   0.12     0.21
  SINCE DEC 1      1.88                      1.12   0.76     1.34
  SINCE JAN 1      0.55                      0.43   0.12     0.21

SNOWFALL (IN)
  YESTERDAY        0.2           2.6  1956   0.3   -0.1      0.0
  MONTH TO DATE    6.5                       5.9    0.6      3.7
  SINCE DEC 1     12.4                      14.1   -1.7     16.3
  SINCE JUL 1     20.7                      22.8   -2.1     24.2
  SNOW DEPTH       T

DEGREE DAYS
 HEATING
  YESTERDAY       30                        48    -18       40
  MONTH TO DATE 1137                      1170    -33     1233
  SINCE DEC 1   2386                      2591   -205     2880
  SINCE JUL 1   4142                      4303   -161     4501

 COOLING
  YESTERDAY        0                         0      0        0
  MONTH TO DATE    0                         0      0        0
  SINCE DEC 1      0                         0      0        0
  SINCE JAN 1      0                         0      0        0
..................................................................


WIND (MPH)
  HIGHEST WIND SPEED    17   HIGHEST WIND DIRECTION     N (360)
  HIGHEST GUST SPEED    21   HIGHEST GUST DIRECTION     N (10)
  AVERAGE WIND SPEED     5.3


SKY COVER
  POSSIBLE SUNSHINE  MM
  AVERAGE SKY COVER 0.7


WEATHER CONDITIONS
 THE FOLLOWING WEATHER WAS RECORDED YESTERDAY.
  LIGHT RAIN
  LIGHT SNOW
  FOG


RELATIVE HUMIDITY (PERCENT)
 HIGHEST    92           100 AM
 LOWEST     70          1200 PM
 AVERAGE    81

..........................................................


THE SIOUX FALLS SD CLIMATE NORMALS FOR TODAY
                         NORMAL    RECORD    YEAR
 MAXIMUM TEMPERATURE (F)   27        57      1944
 MINIMUM TEMPERATURE (F)    7       -28      1905
                                             1904


SUNRISE AND SUNSET
JANUARY 25 2015.......SUNRISE   750 AM CST   SUNSET   529 PM CST
JANUARY 26 2015.......SUNRISE   749 AM CST   SUNSET   530 PM CST


-  INDICATES NEGATIVE NUMBERS.
R  INDICATES RECORD WAS SET OR TIED.
MM INDICATES DATA IS MISSING.
T  INDICATES TRACE AMOUNT.




$$
