000
CDUS44 KTSA 220801
CLIFSM

CLIMATE REPORT
NATIONAL WEATHER SERVICE TULSA OK
147 AM CDT SAT JUL 22 2017


...................................

...THE FORT SMITH ARKANSAS CLIMATE SUMMARY FOR JULY 21 2017...

CLIMATE NORMAL PERIOD 1981 TO 2010
CLIMATE RECORD PERIOD 1882 TO 2017


WEATHER ITEM   OBSERVED TIME   RECORD YEAR NORMAL DEPARTURE LAST
                VALUE   (LST)  VALUE       VALUE  FROM      YEAR
                                                  NORMAL
..................................................................
TEMPERATURE (F)
 YESTERDAY
  MAXIMUM         99    251 PM 106    2011  94      5       99
  MINIMUM         78    501 AM  60    1971  72      6       78
  AVERAGE         89                        83      6       89

PRECIPITATION (IN)
  YESTERDAY        0.00          4.38 2015   0.10  -0.10     0.00
  MONTH TO DATE    4.06                      2.28   1.78     3.60
  SINCE JUN 1     12.56                      6.56   6.00     5.51
  SINCE JAN 1     34.64                     25.75   8.89    22.72

DEGREE DAYS
 COOLING
  YESTERDAY       24                        18      6       24
  MONTH TO DATE  384                       358     26      403
  SINCE JUN 1    784                       743     41      906
  SINCE JAN 1   1102                       987    115     1091
..................................................................


WIND (MPH)
  HIGHEST WIND SPEED    13   HIGHEST WIND DIRECTION    SW (220)
  HIGHEST GUST SPEED    19   HIGHEST GUST DIRECTION     W (250)
  AVERAGE WIND SPEED     4.8


SKY COVER
  POSSIBLE SUNSHINE  MM
  AVERAGE SKY COVER 0.1


WEATHER CONDITIONS
 THE FOLLOWING WEATHER WAS RECORDED YESTERDAY.
  FOG
  HAZE


RELATIVE HUMIDITY (PERCENT)
 HIGHEST   100           600 AM
 LOWEST     42           100 PM
 AVERAGE    71

..........................................................


THE FORT SMITH ARKANSAS CLIMATE NORMALS FOR TODAY
                         NORMAL    RECORD    YEAR
 MAXIMUM TEMPERATURE (F)   94       106      2011
                                             1943
 MINIMUM TEMPERATURE (F)   72        51      1970


SUNRISE AND SUNSET
JULY 22 2017..........SUNRISE   619 AM CDT   SUNSET   828 PM CDT
JULY 23 2017..........SUNRISE   620 AM CDT   SUNSET   828 PM CDT


-  INDICATES NEGATIVE NUMBERS.
R  INDICATES RECORD WAS SET OR TIED.
MM INDICATES DATA IS MISSING.
T  INDICATES TRACE AMOUNT.




$$

&&
...........................................................

THE ARKANSAS RIVER AT VAN BUREN

                   OBSERVED      24 HOUR     24 HOUR
                    VALUE        CHANGE      FORECAST

 STAGE (FEET)
  THIS MORNING       19.6         +0.1

 MEAN FLOW (CFS)
  TODAY                                        1230
...........................................................
ALL DATA MEASURED AT THE FORT SMITH REGIONAL AIRPORT
