000
CDUS44 KTSA 272119
CLIFSM

CLIMATE REPORT
NATIONAL WEATHER SERVICE TULSA OK
419 PM CDT THU AUG 27 2015


...................................

...THE FORT SMITH ARKANSAS CLIMATE SUMMARY FOR AUGUST 27 2015...
VALID TODAY AS OF 0400 PM LOCAL TIME.

CLIMATE NORMAL PERIOD 1981 TO 2010
CLIMATE RECORD PERIOD 1882 TO 2015


WEATHER ITEM   OBSERVED TIME   RECORD YEAR NORMAL DEPARTURE LAST
                VALUE   (LST)  VALUE       VALUE  FROM      YEAR
                                                  NORMAL
..................................................................
TEMPERATURE (F)
 TODAY
  MAXIMUM         79    259 PM 105    2000  92    -13       96
  MINIMUM         65    600 AM  58    1967  69     -4       74
                                      1887
  AVERAGE         72                        81     -9       85

PRECIPITATION (IN)
  TODAY            0.00          1.62 1965   0.08  -0.08     0.00
  MONTH TO DATE    4.40                      2.25   2.15     1.39
  SINCE JUN 1     16.32                      9.83   6.49     8.52
  SINCE JAN 1     49.57                     29.02  20.55    23.26

DEGREE DAYS
 COOLING
  TODAY            7                        16     -9       20
  MONTH TO DATE  418                       471    -53      458
  SINCE JUN 1   1515                      1392    123     1315
  SINCE JAN 1   1755                      1636    119     1593
..................................................................


WIND (MPH)
  HIGHEST WIND SPEED    13   HIGHEST WIND DIRECTION     E (80)
  HIGHEST GUST SPEED    19   HIGHEST GUST DIRECTION    NE (30)
  AVERAGE WIND SPEED     6.0


SKY COVER
  POSSIBLE SUNSHINE  MM
  AVERAGE SKY COVER 0.1


WEATHER CONDITIONS
 THE FOLLOWING WEATHER WAS RECORDED TODAY.
  NO SIGNIFICANT WEATHER WAS OBSERVED.


RELATIVE HUMIDITY (PERCENT)
 HIGHEST    93           500 AM
 LOWEST     58           300 PM
 AVERAGE    76

..........................................................


THE FORT SMITH ARKANSAS CLIMATE NORMALS FOR TOMORROW
                         NORMAL    RECORD    YEAR
 MAXIMUM TEMPERATURE (F)   92       106      1963
 MINIMUM TEMPERATURE (F)   69        52      1967


SUNRISE AND SUNSET
AUGUST 27 2015........SUNRISE   646 AM CDT   SUNSET   751 PM CDT
AUGUST 28 2015........SUNRISE   647 AM CDT   SUNSET   750 PM CDT


-  INDICATES NEGATIVE NUMBERS.
R  INDICATES RECORD WAS SET OR TIED.
MM INDICATES DATA IS MISSING.
T  INDICATES TRACE AMOUNT.




$$

&&
...........................................................

THE ARKANSAS RIVER AT VAN BUREN

                   OBSERVED      24 HOUR     24 HOUR
                    VALUE        CHANGE      FORECAST

 STAGE (FEET)
  THIS AFTERNOON     19.6         +0.4

MEAN FLOW (CFS)
  TODAY                                        23000
...........................................................
ALL DATA MEASURED AT THE FORT SMITH REGIONAL AIRPORT
