963
CDUS44 KTSA 090955
CLIFSM

CLIMATE REPORT
NATIONAL WEATHER SERVICE TULSA OK
355 AM CST TUE FEB 9 2016


...................................

...THE FORT SMITH ARKANSAS CLIMATE SUMMARY FOR FEBRUARY 8 2016...

CLIMATE NORMAL PERIOD 1981 TO 2010
CLIMATE RECORD PERIOD 1882 TO 2016


WEATHER ITEM   OBSERVED TIME   RECORD YEAR NORMAL DEPARTURE LAST
                VALUE   (LST)  VALUE       VALUE  FROM      YEAR
                                                  NORMAL
..................................................................
TEMPERATURE (F)
 YESTERDAY
  MAXIMUM         50    250 PM  77    1999  54     -4       72
  MINIMUM         37   1117 PM  -7    1895  31      6       38
  AVERAGE         44                        42      2       55

PRECIPITATION (IN)
  YESTERDAY        0.00          2.63 1894   0.10  -0.10     0.00
  MONTH TO DATE    0.00                      0.76  -0.76     0.66
  SINCE DEC 1     11.20                      6.86   4.34     5.19
  SINCE JAN 1      0.39                      3.57  -3.18     2.88

SNOWFALL (IN)
  YESTERDAY        0.0                                       0.0
  MONTH TO DATE    0.0                                       0.0
  SINCE DEC 1      T                                          T
  SINCE JUL 1      T                                          T

DEGREE DAYS
 HEATING
  YESTERDAY       21                        23     -2       10
  MONTH TO DATE  162                       188    -26      183
  SINCE DEC 1   1394                      1714   -320     1617
  SINCE JUL 1   1751                      2279   -528     2236
..................................................................


WIND (MPH)
  HIGHEST WIND SPEED    30   HIGHEST WIND DIRECTION    NW (330)
  HIGHEST GUST SPEED    40   HIGHEST GUST DIRECTION     W (290)
  AVERAGE WIND SPEED    17.9


SKY COVER
  POSSIBLE SUNSHINE  MM
  AVERAGE SKY COVER 0.3


WEATHER CONDITIONS
 THE FOLLOWING WEATHER WAS RECORDED YESTERDAY.
  NO SIGNIFICANT WEATHER WAS OBSERVED.


RELATIVE HUMIDITY (PERCENT)
 HIGHEST    49          1200 AM
 LOWEST     21           400 PM
 AVERAGE    35

..........................................................


THE FORT SMITH ARKANSAS CLIMATE NORMALS FOR TODAY
                         NORMAL    RECORD    YEAR
 MAXIMUM TEMPERATURE (F)   54        81      1957
 MINIMUM TEMPERATURE (F)   32         3      1979


SUNRISE AND SUNSET
FEBRUARY  9 2016......SUNRISE   710 AM CST   SUNSET   553 PM CST
FEBRUARY 10 2016......SUNRISE   709 AM CST   SUNSET   554 PM CST


-  INDICATES NEGATIVE NUMBERS.
R  INDICATES RECORD WAS SET OR TIED.
MM INDICATES DATA IS MISSING.
T  INDICATES TRACE AMOUNT.




$$

&&
...........................................................

THE ARKANSAS RIVER AT VAN BUREN

                   OBSERVED      24 HOUR     24 HOUR
                    VALUE        CHANGE      FORECAST

 STAGE (FEET)
  THIS MORNING       19.9         +0.5

MEAN FLOW (CFS)
  TODAY                                        20800
...........................................................
ALL DATA MEASURED AT THE FORT SMITH REGIONAL AIRPORT
