000
CDUS44 KTSA 210900
CLIFSM

CLIMATE REPORT
NATIONAL WEATHER SERVICE TULSA OK
1247 AM CST TUE FEB 21 2017


...................................

...THE FORT SMITH ARKANSAS CLIMATE SUMMARY FOR FEBRUARY 20 2017...

CLIMATE NORMAL PERIOD 1981 TO 2010
CLIMATE RECORD PERIOD 1882 TO 2017


WEATHER ITEM   OBSERVED TIME   RECORD YEAR NORMAL DEPARTURE LAST
                VALUE   (LST)  VALUE       VALUE  FROM      YEAR
                                                  NORMAL
..................................................................
TEMPERATURE (F)
 YESTERDAY
  MAXIMUM         68   1250 PM  81    1981  57     11       76
  MINIMUM         57   1153 PM  12    1921  35     22       53
  AVERAGE         63                        46     17       65

PRECIPITATION (IN)
  YESTERDAY        0.25          2.54 1945   0.10   0.15     0.00
  MONTH TO DATE    2.43                      1.93   0.50      T
  SINCE DEC 1      5.54                      8.03  -2.49    11.20
  SINCE JAN 1      4.77                      4.74   0.03     0.39

SNOWFALL (IN)
  YESTERDAY        0.0                                       0.0
  MONTH TO DATE    0.0                                       0.0
  SINCE DEC 1      2.0                                        T
  SINCE JUL 1      2.0                                        T

DEGREE DAYS
 HEATING
  YESTERDAY        2                        19    -17        0
  MONTH TO DATE  242                       439   -197      349
  SINCE DEC 1   1556                      1965   -409     1581
  SINCE JUL 1   1842                      2530   -688     1938
..................................................................


WIND (MPH)
  HIGHEST WIND SPEED    22   HIGHEST WIND DIRECTION     W (280)
  HIGHEST GUST SPEED    27   HIGHEST GUST DIRECTION     W (280)
  AVERAGE WIND SPEED     5.9


SKY COVER
  POSSIBLE SUNSHINE  MM
  AVERAGE SKY COVER 0.8


WEATHER CONDITIONS
 THE FOLLOWING WEATHER WAS RECORDED YESTERDAY.
  THUNDERSTORM
  HEAVY RAIN
  RAIN
  LIGHT RAIN
  FOG


RELATIVE HUMIDITY (PERCENT)
 HIGHEST    93          1000 PM
 LOWEST     53           200 AM
 AVERAGE    73

..........................................................


THE FORT SMITH ARKANSAS CLIMATE NORMALS FOR TODAY
                         NORMAL    RECORD    YEAR
 MAXIMUM TEMPERATURE (F)   57        82      1897
 MINIMUM TEMPERATURE (F)   35        13      1939


SUNRISE AND SUNSET
FEBRUARY 21 2017......SUNRISE   657 AM CST   SUNSET   606 PM CST
FEBRUARY 22 2017......SUNRISE   655 AM CST   SUNSET   607 PM CST


-  INDICATES NEGATIVE NUMBERS.
R  INDICATES RECORD WAS SET OR TIED.
MM INDICATES DATA IS MISSING.
T  INDICATES TRACE AMOUNT.




$$

&&
...........................................................

THE ARKANSAS RIVER AT VAN BUREN

                   OBSERVED      24 HOUR     24 HOUR
                    VALUE        CHANGE      FORECAST

 STAGE (FEET)
  THIS MORNING       19.7         +0.1

MEAN FLOW (CFS)
  TODAY                                        -99
...........................................................
ALL DATA MEASURED AT THE FORT SMITH REGIONAL AIRPORT
