000
CDUS44 KTSA 210825
CLIFSM

CLIMATE REPORT
NATIONAL WEATHER SERVICE TULSA OK
302 AM CDT SUN SEP 21 2014


...................................

...THE FORT SMITH ARKANSAS CLIMATE SUMMARY FOR SEPTEMBER 20 2014...

CLIMATE NORMAL PERIOD 1981 TO 2010
CLIMATE RECORD PERIOD 1882 TO 2014


WEATHER ITEM   OBSERVED TIME   RECORD YEAR NORMAL DEPARTURE LAST
                VALUE   (LST)  VALUE       VALUE  FROM      YEAR
                                                  NORMAL
..................................................................
TEMPERATURE (F)
 YESTERDAY
  MAXIMUM         90    413 PM  99    1954  84      6       79
  MINIMUM         68    642 AM  43    1971  60      8       65
  AVERAGE         79                        72      7       72

PRECIPITATION (IN)
  YESTERDAY        0.00          1.59 1947   0.14  -0.14     0.76
  MONTH TO DATE    6.88                      2.62   4.26     0.93
  SINCE SEP 1      6.88                      2.62   4.26     0.93
  SINCE JAN 1     30.33                     31.98  -1.65    35.80

DEGREE DAYS
 HEATING
  YESTERDAY        0                         1     -1        0
  MONTH TO DATE    4                         3      1        0
  SINCE SEP 1      4                         3      1        0
  SINCE JUL 1      4                         3      1        0

 COOLING
  YESTERDAY       14                         8      6        7
  MONTH TO DATE  236                       220     16      335
  SINCE SEP 1    236                       220     16      335
  SINCE JAN 1   1899                      1915    -16     2138
..................................................................


WIND (MPH)
  HIGHEST WIND SPEED     9   HIGHEST WIND DIRECTION    NE (60)
  HIGHEST GUST SPEED    11   HIGHEST GUST DIRECTION    NE (60)
  AVERAGE WIND SPEED     3.4


SKY COVER
  POSSIBLE SUNSHINE  MM
  AVERAGE SKY COVER 0.2


WEATHER CONDITIONS
 THE FOLLOWING WEATHER WAS RECORDED YESTERDAY.
  FOG


RELATIVE HUMIDITY (PERCENT)
 HIGHEST    97          1200 AM
 LOWEST     46           200 PM
 AVERAGE    72

..........................................................


THE FORT SMITH ARKANSAS CLIMATE NORMALS FOR TODAY
                         NORMAL    RECORD    YEAR
 MAXIMUM TEMPERATURE (F)   83        98      1988
                                             1955
 MINIMUM TEMPERATURE (F)   60        39      1983


SUNRISE AND SUNSET
SEPTEMBER 21 2014.....SUNRISE   705 AM CDT   SUNSET   716 PM CDT
SEPTEMBER 22 2014.....SUNRISE   705 AM CDT   SUNSET   714 PM CDT


-  INDICATES NEGATIVE NUMBERS.
R  INDICATES RECORD WAS SET OR TIED.
MM INDICATES DATA IS MISSING.
T  INDICATES TRACE AMOUNT.




$$

&&
...........................................................

THE ARKANSAS RIVER AT VAN BUREN

                   OBSERVED      24 HOUR     24 HOUR
                    VALUE        CHANGE      FORECAST

 STAGE (FEET)
  THIS MORNING       19.8         +0.6

MEAN FLOW (CFS)
  TODAY                                        4000
...........................................................
ALL DATA MEASURED AT THE FORT SMITH REGIONAL AIRPORT
