000
CDUS44 KTSA 272123
CLIFSM

CLIMATE REPORT
NATIONAL WEATHER SERVICE TULSA OK
418 PM CDT WED AUG 27 2014


...................................

...THE FORT SMITH ARKANSAS CLIMATE SUMMARY FOR AUGUST 27 2014...
VALID TODAY AS OF 0400 PM LOCAL TIME.

CLIMATE NORMAL PERIOD 1981 TO 2010
CLIMATE RECORD PERIOD 1882 TO 2014


WEATHER ITEM   OBSERVED TIME   RECORD YEAR NORMAL DEPARTURE LAST
                VALUE   (LST)  VALUE       VALUE  FROM      YEAR
                                                  NORMAL
..................................................................
TEMPERATURE (F)
 TODAY
  MAXIMUM         96    237 PM 105    2000  92      4       94
  MINIMUM         74    604 AM  58    1967  69      5       71
                                      1887
  AVERAGE         85                        81      4       83

PRECIPITATION (IN)
  TODAY            0.00          1.62 1965   0.08  -0.08     0.00
  MONTH TO DATE    1.39                      2.25  -0.86     3.84
  SINCE JUN 1      8.52                      9.83  -1.31    13.89
  SINCE JAN 1     23.26                     29.02  -5.76    34.87

DEGREE DAYS
 COOLING
  TODAY           20                        16      4       18
  MONTH TO DATE  458                       471    -13      455
  SINCE JUN 1   1315                      1392    -77     1442
  SINCE JAN 1   1593                      1636    -43     1716
..................................................................


WIND (MPH)
  HIGHEST WIND SPEED    10   HIGHEST WIND DIRECTION    SE (120)
  HIGHEST GUST SPEED    16   HIGHEST GUST DIRECTION    SE (130)
  AVERAGE WIND SPEED     3.7


SKY COVER
  POSSIBLE SUNSHINE  MM
  AVERAGE SKY COVER 0.1


WEATHER CONDITIONS
 THE FOLLOWING WEATHER WAS RECORDED TODAY.
  NO SIGNIFICANT WEATHER WAS OBSERVED.


RELATIVE HUMIDITY (PERCENT)
 HIGHEST    87           400 AM
 LOWEST     39           300 PM
 AVERAGE    63

..........................................................


THE FORT SMITH ARKANSAS CLIMATE NORMALS FOR TOMORROW
                         NORMAL    RECORD    YEAR
 MAXIMUM TEMPERATURE (F)   92       106      1963
 MINIMUM TEMPERATURE (F)   69        52      1967


SUNRISE AND SUNSET
AUGUST 27 2014........SUNRISE   646 AM CDT   SUNSET   751 PM CDT
AUGUST 28 2014........SUNRISE   647 AM CDT   SUNSET   750 PM CDT


-  INDICATES NEGATIVE NUMBERS.
R  INDICATES RECORD WAS SET OR TIED.
MM INDICATES DATA IS MISSING.
T  INDICATES TRACE AMOUNT.




$$

&&
...........................................................

THE ARKANSAS RIVER AT VAN BUREN

                   OBSERVED      24 HOUR     24 HOUR
                    VALUE        CHANGE      FORECAST

 STAGE (FEET)
  THIS AFTERNOON     19.2         +0.0

MEAN FLOW (CFS)
  TODAY                                        11300
...........................................................
ALL DATA MEASURED AT THE FORT SMITH REGIONAL AIRPORT
