000
CDUS44 KTSA 270800
CLIFSM

CLIMATE REPORT
NATIONAL WEATHER SERVICE TULSA OK
300 AM CDT SAT MAY 27 2017

...................................

...THE FORT SMITH ARKANSAS CLIMATE SUMMARY FOR MAY 26 2017...

CLIMATE NORMAL PERIOD 1981 TO 2010
CLIMATE RECORD PERIOD 1882 TO 2017


WEATHER ITEM   OBSERVED TIME   RECORD YEAR NORMAL DEPARTURE LAST
                VALUE   (LST)  VALUE       VALUE  FROM      YEAR
                                                  NORMAL
..................................................................
TEMPERATURE (F)
 YESTERDAY
  MAXIMUM         89    445 PM  95    2012  83      6       85
                                      1964
  MINIMUM         65    446 AM  44    1988  62      3       69
  AVERAGE         77                        72      5       77

PRECIPITATION (IN)
  YESTERDAY        0.00          3.57 1965   0.17  -0.17     0.00
  MONTH TO DATE    6.35                      4.64   1.71     3.65
  SINCE MAR 1     17.16                     12.79   4.37    15.01
  SINCE JAN 1     21.98                     18.36   3.62    17.16

DEGREE DAYS
 COOLING
  YESTERDAY       12                         8      4       12
  MONTH TO DATE  124                       135    -11       92
  SINCE MAR 1    244                       200     44      140
  SINCE JAN 1    260                       201     59      141
..................................................................


WIND (MPH)
  HIGHEST WIND SPEED    17   HIGHEST WIND DIRECTION     S (200)
  HIGHEST GUST SPEED    21   HIGHEST GUST DIRECTION    SW (210)
  AVERAGE WIND SPEED     6.9


SKY COVER
  POSSIBLE SUNSHINE  MM
  AVERAGE SKY COVER 0.3


WEATHER CONDITIONS
 THE FOLLOWING WEATHER WAS RECORDED YESTERDAY.
  NO SIGNIFICANT WEATHER WAS OBSERVED.


RELATIVE HUMIDITY (PERCENT)
 HIGHEST    81           400 AM
 LOWEST     52           400 PM
 AVERAGE    67

..........................................................


THE FORT SMITH ARKANSAS CLIMATE NORMALS FOR TODAY
                         NORMAL    RECORD    YEAR
 MAXIMUM TEMPERATURE (F)   83        95      2012
                                             1964
 MINIMUM TEMPERATURE (F)   63        44      1961


SUNRISE AND SUNSET
MAY 27 2017...........SUNRISE   606 AM CDT   SUNSET   824 PM CDT
MAY 28 2017...........SUNRISE   605 AM CDT   SUNSET   825 PM CDT


-  INDICATES NEGATIVE NUMBERS.
R  INDICATES RECORD WAS SET OR TIED.
MM INDICATES DATA IS MISSING.
T  INDICATES TRACE AMOUNT.




$$

&&
...........................................................

THE ARKANSAS RIVER AT VAN BUREN

                   OBSERVED      24 HOUR     24 HOUR
                    VALUE        CHANGE      FORECAST

 STAGE (FEET)
  THIS MORNING       20.9         -0.3

MEAN FLOW (CFS)
  TODAY                                        -99
...........................................................
ALL DATA MEASURED AT THE FORT SMITH REGIONAL AIRPORT
