000
CDUS44 KTSA 260831
CLIFSM

CLIMATE REPORT
NATIONAL WEATHER SERVICE TULSA OK
147 AM CDT FRI AUG 26 2016


...................................

...THE FORT SMITH ARKANSAS CLIMATE SUMMARY FOR AUGUST 25 2016...

CLIMATE NORMAL PERIOD 1981 TO 2010
CLIMATE RECORD PERIOD 1882 TO 2016


WEATHER ITEM   OBSERVED TIME   RECORD YEAR NORMAL DEPARTURE LAST
                VALUE   (LST)  VALUE       VALUE  FROM      YEAR
                                                  NORMAL
..................................................................
TEMPERATURE (F)
 YESTERDAY
  MAXIMUM         95    321 PM 104    1963  93      2       86
  MINIMUM         72    540 AM  52    1891  70      2       59
  AVERAGE         84                        81      3       73

PRECIPITATION (IN)
  YESTERDAY        0.00          1.76 2002   0.08  -0.08     0.00
  MONTH TO DATE    3.68                      2.09   1.59     4.40
  SINCE JUN 1      9.24                      9.67  -0.43    16.32
  SINCE JAN 1     26.45                     28.86  -2.41    49.57

DEGREE DAYS
 COOLING
  YESTERDAY       19                        16      3        8
  MONTH TO DATE  453                       439     14      401
  SINCE JUN 1   1563                      1360    203     1498
  SINCE JAN 1   1748                      1604    144     1738
..................................................................


WIND (MPH)
  HIGHEST WIND SPEED    22   HIGHEST WIND DIRECTION    SE (130)
  HIGHEST GUST SPEED    29   HIGHEST GUST DIRECTION    SE (120)
  AVERAGE WIND SPEED     6.1


SKY COVER
  POSSIBLE SUNSHINE  MM
  AVERAGE SKY COVER 0.2


WEATHER CONDITIONS
 THE FOLLOWING WEATHER WAS RECORDED YESTERDAY.
  NO SIGNIFICANT WEATHER WAS OBSERVED.


RELATIVE HUMIDITY (PERCENT)
 HIGHEST    87           200 AM
 LOWEST     41           400 PM
 AVERAGE    64

..........................................................


THE FORT SMITH ARKANSAS CLIMATE NORMALS FOR TODAY
                         NORMAL    RECORD    YEAR
 MAXIMUM TEMPERATURE (F)   92       106      1999
                                             1963
 MINIMUM TEMPERATURE (F)   70        55      1985
                                             1962


SUNRISE AND SUNSET
AUGUST 26 2016........SUNRISE   646 AM CDT   SUNSET   752 PM CDT
AUGUST 27 2016........SUNRISE   646 AM CDT   SUNSET   750 PM CDT


-  INDICATES NEGATIVE NUMBERS.
R  INDICATES RECORD WAS SET OR TIED.
MM INDICATES DATA IS MISSING.
T  INDICATES TRACE AMOUNT.




$$

&&
...........................................................

THE ARKANSAS RIVER AT VAN BUREN

                   OBSERVED      24 HOUR     24 HOUR
                    VALUE        CHANGE      FORECAST

 STAGE (FEET)
  THIS MORNING       19.6         +0.0

MEAN FLOW (CFS)
  TODAY                                        -99
...........................................................
ALL DATA MEASURED AT THE FORT SMITH REGIONAL AIRPORT
