000
CDUS46 KSGX 221149
CLIFUL


CLIMATE REPORT
NATIONAL WEATHER SERVICE SAN DIEGO, CA
449 AM PDT SUN OCT 22 2017


...................................

...THE FULLERTON AIRPORT CA CLIMATE SUMMARY FOR OCTOBER 21 2017...

CLIMATE NORMAL PERIOD 1981 TO 2010
CLIMATE RECORD PERIOD 1998 TO 2017


WEATHER ITEM   OBSERVED TIME   RECORD YEAR NORMAL DEPARTURE LAST
                VALUE   (LST)  VALUE       VALUE  FROM      YEAR
                                                  NORMAL
..................................................................
TEMPERATURE (F)
 YESTERDAY
  MAXIMUM         83    328 PM  98    2003  78      5       91
  MINIMUM         56    605 AM  51    2004  56      0       59
  AVERAGE         70                        67      3       75

PRECIPITATION (IN)
  YESTERDAY        0.00          0.02 2010   0.02  -0.02     0.00
  MONTH TO DATE    T                         0.43  -0.43     0.27
  SINCE OCT 1      T                         0.43  -0.43     0.27
  SINCE JAN 1     11.18                     10.41   0.77     4.48

DEGREE DAYS
 HEATING
  YESTERDAY        0                         1     -1        0
  MONTH TO DATE    0                         6     -6        0
  SINCE SEP 1      0                         7     -7        0
  SINCE JUL 1      0                         7     -7        0

 COOLING
  YESTERDAY        5                         3      2       10
  MONTH TO DATE  158                        89     69      146
  SINCE SEP 1    460                       344    116      468
  SINCE JAN 1   1690                      1207    483     1743
..................................................................


WIND (MPH)
  RESULTANT WIND SPEED   1   RESULTANT WIND DIRECTION  NE (60)
  HIGHEST WIND SPEED    10   HIGHEST WIND DIRECTION     W (290)
  HIGHEST GUST SPEED    17   HIGHEST GUST DIRECTION    NW (300)
  AVERAGE WIND SPEED     2.4


SKY COVER
  POSSIBLE SUNSHINE  MM
  AVERAGE SKY COVER 0.1


WEATHER CONDITIONS
 THE FOLLOWING WEATHER WAS RECORDED YESTERDAY.
  NO SIGNIFICANT WEATHER WAS OBSERVED.


RELATIVE HUMIDITY (PERCENT)
 HIGHEST    87           700 AM
 LOWEST     26           300 PM
 AVERAGE    57

..........................................................


THE FULLERTON AIRPORT CA CLIMATE NORMALS FOR TODAY
                         NORMAL    RECORD    YEAR
 MAXIMUM TEMPERATURE (F)   78        99      2008
 MINIMUM TEMPERATURE (F)   56        53      2004


SUNRISE AND SUNSET
OCTOBER 22 2017.......SUNRISE   703 AM PDT   SUNSET   609 PM PDT
OCTOBER 23 2017.......SUNRISE   704 AM PDT   SUNSET   608 PM PDT


-  INDICATES NEGATIVE NUMBERS.
R  INDICATES RECORD WAS SET OR TIED.
MM INDICATES DATA IS MISSING.
T  INDICATES TRACE AMOUNT.




$$
