000
CDUS46 KSGX 221524
CLIFUL


CLIMATE REPORT
NATIONAL WEATHER SERVICE SAN DIEGO, CA
724 AM PST SUN JAN 22 2017


...................................

...THE FULLERTON AIRPORT CA CLIMATE SUMMARY FOR JANUARY 21 2017...

CLIMATE NORMAL PERIOD 1981 TO 2010
CLIMATE RECORD PERIOD 1998 TO 2017


WEATHER ITEM   OBSERVED TIME   RECORD YEAR NORMAL DEPARTURE LAST
                VALUE   (LST)  VALUE       VALUE  FROM      YEAR
                                                  NORMAL
..................................................................
TEMPERATURE (F)
 YESTERDAY
  MAXIMUM         62    146 PM  86    2013  68     -6       78
  MINIMUM         44    721 AM  35    2006  45     -1       50
  AVERAGE         53                        56     -3       64

PRECIPITATION (IN)
  YESTERDAY        T             0.87 2010   0.10  -0.10     0.00
  MONTH TO DATE    4.31                      2.23   2.08     2.35
  SINCE OCT 1     10.22                      6.13   4.09     3.40
  SINCE JAN 1      4.31                      2.23   2.08     2.35

DEGREE DAYS
 HEATING
  YESTERDAY       12                         9      3        1
  MONTH TO DATE  166                       189    -23      170
  SINCE DEC 1    372                       465    -93      447
  SINCE JUL 1    436                       629   -193      552

 COOLING
  YESTERDAY        0                         0      0        0
  MONTH TO DATE    0                         0      0        0
  SINCE DEC 1      0                         1     -1        1
  SINCE JAN 1      0                         0      0        0
..................................................................


WIND (MPH)
  RESULTANT WIND SPEED   1   RESULTANT WIND DIRECTION  SE (130)
  HIGHEST WIND SPEED    12   HIGHEST WIND DIRECTION    SW (210)
  HIGHEST GUST SPEED    20   HIGHEST GUST DIRECTION     W (250)
  AVERAGE WIND SPEED     3.4


SKY COVER
  POSSIBLE SUNSHINE  MM
  AVERAGE SKY COVER 0.3


WEATHER CONDITIONS
 THE FOLLOWING WEATHER WAS RECORDED YESTERDAY.
  LIGHT RAIN


RELATIVE HUMIDITY (PERCENT)
 HIGHEST    92           600 AM
 LOWEST     52           100 PM
 AVERAGE    72

..........................................................


THE FULLERTON AIRPORT CA CLIMATE NORMALS FOR TODAY
                         NORMAL    RECORD    YEAR
 MAXIMUM TEMPERATURE (F)   68        84      2013
 MINIMUM TEMPERATURE (F)   45        36      2007


SUNRISE AND SUNSET
JANUARY 22 2017.......SUNRISE   654 AM PST   SUNSET   513 PM PST
JANUARY 23 2017.......SUNRISE   654 AM PST   SUNSET   514 PM PST


-  INDICATES NEGATIVE NUMBERS.
R  INDICATES RECORD WAS SET OR TIED.
MM INDICATES DATA IS MISSING.
T  INDICATES TRACE AMOUNT.




$$
