000
CDUS46 KSGX 050017
CLIFUL


CLIMATE REPORT
NATIONAL WEATHER SERVICE SAN DIEGO, CA
517 PM PDT TUE AUG 4 2015


...................................

...THE FULLERTON AIRPORT CA CLIMATE SUMMARY FOR AUGUST 4 2015...
VALID TODAY AS OF 0500 PM LOCAL TIME.

CLIMATE NORMAL PERIOD 1981 TO 2010
CLIMATE RECORD PERIOD 1998 TO 2015


WEATHER ITEM   OBSERVED TIME   RECORD YEAR NORMAL DEPARTURE LAST
                VALUE   (LST)  VALUE       VALUE  FROM      YEAR
                                                  NORMAL
..................................................................
TEMPERATURE (F)
 TODAY
  MAXIMUM         92    221 PM  97    2009  85      7       87
  MINIMUM         67    349 AM  59    2011  65      2       66
  AVERAGE         80                        75      5       77

PRECIPITATION (IN)
  TODAY            0.00          T    2006   0.01  -0.01     0.00
  MONTH TO DATE    0.00                      0.01  -0.01     0.10
  SINCE OCT 1      6.83                     13.60  -6.77     4.87
  SINCE JAN 1      3.01                      9.70  -6.69     3.56

DEGREE DAYS
 HEATING
  TODAY            0                         0      0        0
  MONTH TO DATE    0                         0      0        0
  SINCE JUN 1      0                         2     -2        0
  SINCE JUL 1      0                         0      0        0

 COOLING
  TODAY           15                        10      5       12
  MONTH TO DATE   52                        40     12       55
  SINCE JUN 1    655                       459    196      667
  SINCE JAN 1    997                       582    415     1025
..................................................................


WIND (MPH)
  RESULTANT WIND SPEED   1   RESULTANT WIND DIRECTION  SW (210)
  HIGHEST WIND SPEED    10   HIGHEST WIND DIRECTION     W (280)
  HIGHEST GUST SPEED    15   HIGHEST GUST DIRECTION     S (180)
  AVERAGE WIND SPEED     2.7


SKY COVER
  POSSIBLE SUNSHINE  MM
  AVERAGE SKY COVER 0.0


WEATHER CONDITIONS
 THE FOLLOWING WEATHER WAS RECORDED TODAY.
  NO SIGNIFICANT WEATHER WAS OBSERVED.


RELATIVE HUMIDITY (PERCENT)
 HIGHEST    76           300 AM
 LOWEST     34           200 PM
 AVERAGE    55

..........................................................


THE FULLERTON AIRPORT CA CLIMATE NORMALS FOR TOMORROW
                         NORMAL    RECORD    YEAR
 MAXIMUM TEMPERATURE (F)   85        96      2009
 MINIMUM TEMPERATURE (F)   65        60      2011


SUNRISE AND SUNSET
AUGUST  4 2015........SUNRISE   606 AM PDT   SUNSET   750 PM PDT
AUGUST  5 2015........SUNRISE   606 AM PDT   SUNSET   749 PM PDT


-  INDICATES NEGATIVE NUMBERS.
R  INDICATES RECORD WAS SET OR TIED.
MM INDICATES DATA IS MISSING.
T  INDICATES TRACE AMOUNT.




$$
