000
CDUS46 KSGX 180121
CLIFUL


CLIMATE REPORT
NATIONAL WEATHER SERVICE SAN DIEGO, CA
521 PM PST SUN DEC 17 2017


...................................

...THE FULLERTON AIRPORT CA CLIMATE SUMMARY FOR DECEMBER 17 2017...
VALID TODAY AS OF 0500 PM LOCAL TIME.

CLIMATE NORMAL PERIOD 1981 TO 2010
CLIMATE RECORD PERIOD 1998 TO 2017


WEATHER ITEM   OBSERVED TIME   RECORD YEAR NORMAL DEPARTURE LAST
                VALUE   (LST)  VALUE       VALUE  FROM      YEAR
                                                  NORMAL
..................................................................
TEMPERATURE (F)
 TODAY
  MAXIMUM         73    307 PM  83    1998  67      6       61
  MINIMUM         45    600 AM  38    2001  45      0       42
  AVERAGE         59                        56      3       52

PRECIPITATION (IN)
  TODAY            0.00          0.74 2008   0.06  -0.06     0.00
  MONTH TO DATE    T                         0.77  -0.77     1.27
  SINCE OCT 1      0.05                      2.62  -2.57     2.67
  SINCE JAN 1     11.23                     12.60  -1.37     6.88

DEGREE DAYS
 HEATING
  TODAY            6                         9     -3       13
  MONTH TO DATE   34                       147   -113      107
  SINCE DEC 1     34                       147   -113      107
  SINCE JUL 1     56                       311   -255      171

 COOLING
  TODAY            0                         0      0        0
  MONTH TO DATE   11                         0     11        0
  SINCE DEC 1     11                         0     11        0
  SINCE JAN 1   1873                      1251    622     1891
..................................................................


WIND (MPH)
  RESULTANT WIND SPEED   5   RESULTANT WIND DIRECTION   E (80)
  HIGHEST WIND SPEED    23   HIGHEST WIND DIRECTION     E (90)
  HIGHEST GUST SPEED    29   HIGHEST GUST DIRECTION     E (80)
  AVERAGE WIND SPEED     5.3


SKY COVER
  POSSIBLE SUNSHINE  MM
  AVERAGE SKY COVER 0.1


WEATHER CONDITIONS
 THE FOLLOWING WEATHER WAS RECORDED TODAY.
  NO SIGNIFICANT WEATHER WAS OBSERVED.


RELATIVE HUMIDITY (PERCENT)
 HIGHEST    93           200 AM
 LOWEST     14           200 PM
 AVERAGE    54

..........................................................


THE FULLERTON AIRPORT CA CLIMATE NORMALS FOR TOMORROW
                         NORMAL    RECORD    YEAR
 MAXIMUM TEMPERATURE (F)   67        83      2004
 MINIMUM TEMPERATURE (F)   45        36      2016
                                             2006


SUNRISE AND SUNSET
DECEMBER 17 2017......SUNRISE   651 AM PST   SUNSET   445 PM PST
DECEMBER 18 2017......SUNRISE   652 AM PST   SUNSET   446 PM PST


-  INDICATES NEGATIVE NUMBERS.
R  INDICATES RECORD WAS SET OR TIED.
MM INDICATES DATA IS MISSING.
T  INDICATES TRACE AMOUNT.




$$
