000
CDUS46 KSGX 291417
CLIFUL


CLIMATE REPORT
NATIONAL WEATHER SERVICE SAN DIEGO, CA
716 AM PDT FRI MAY 29 2015


...................................

...THE FULLERTON AIRPORT CA CLIMATE SUMMARY FOR MAY 28 2015...

CLIMATE NORMAL PERIOD 1981 TO 2010
CLIMATE RECORD PERIOD 1998 TO 2015


WEATHER ITEM   OBSERVED TIME   RECORD YEAR NORMAL DEPARTURE LAST
                VALUE   (LST)  VALUE       VALUE  FROM      YEAR
                                                  NORMAL
..................................................................
TEMPERATURE (F)
 YESTERDAY
  MAXIMUM         78    152 PM  91    2003  75      3       79
  MINIMUM         57    335 AM  52    2008  59     -2       64
  AVERAGE         68                        67      1       72

PRECIPITATION (IN)
  YESTERDAY        0.00          0.00   MM   0.00   0.00     0.00
  MONTH TO DATE    0.80                      0.24   0.56     0.00
  SINCE OCT 1      6.35                     13.45  -7.10     4.77
  SINCE JAN 1      2.53                      9.55  -7.02     3.46

SNOWFALL (IN)
  YESTERDAY        0.0
  MONTH TO DATE    0.0
  SINCE MAR 1      0.0
  SINCE JUL 1      0.0
  SNOW DEPTH       0

DEGREE DAYS
 HEATING
  YESTERDAY        0                         0      0        0
  MONTH TO DATE   26                        31     -5        2
  SINCE MAR 1     90                       303   -213       93
  SINCE JUL 1    453                      1225   -772      591

 COOLING
  YESTERDAY        3                         3      0        7
  MONTH TO DATE   42                        62    -20      189
  SINCE MAR 1    279                       105    174      316
  SINCE JAN 1    330                       114    216      336
..................................................................


WIND (MPH)
  RESULTANT WIND SPEED   2   RESULTANT WIND DIRECTION   S (180)
  HIGHEST WIND SPEED    12   HIGHEST WIND DIRECTION    SW (220)
  HIGHEST GUST SPEED    15   HIGHEST GUST DIRECTION    SW (210)
  AVERAGE WIND SPEED     3.5


SKY COVER
  POSSIBLE SUNSHINE  MM
  AVERAGE SKY COVER 0.3


WEATHER CONDITIONS
 THE FOLLOWING WEATHER WAS RECORDED YESTERDAY.
  HAZE


RELATIVE HUMIDITY (PERCENT)
 HIGHEST    80           300 AM
 LOWEST     43           200 PM
 AVERAGE    62

..........................................................


THE FULLERTON AIRPORT CA CLIMATE NORMALS FOR TODAY
                         NORMAL    RECORD    YEAR
 MAXIMUM TEMPERATURE (F)   76        89      2010
 MINIMUM TEMPERATURE (F)   59        53      2010


SUNRISE AND SUNSET
MAY 29 2015...........SUNRISE   543 AM PDT   SUNSET   756 PM PDT
MAY 30 2015...........SUNRISE   543 AM PDT   SUNSET   756 PM PDT


-  INDICATES NEGATIVE NUMBERS.
R  INDICATES RECORD WAS SET OR TIED.
MM INDICATES DATA IS MISSING.
T  INDICATES TRACE AMOUNT.




$$
