000
CDUS46 KSGX 300035
CLIFUL


CLIMATE REPORT
NATIONAL WEATHER SERVICE SAN DIEGO, CA
535 PM PDT FRI APR 29 2016


...................................

...THE FULLERTON AIRPORT CA CLIMATE SUMMARY FOR APRIL 29 2016...
VALID TODAY AS OF 0500 PM LOCAL TIME.

CLIMATE NORMAL PERIOD 1981 TO 2010
CLIMATE RECORD PERIOD 1998 TO 2016


WEATHER ITEM   OBSERVED TIME   RECORD YEAR NORMAL DEPARTURE LAST
                VALUE   (LST)  VALUE       VALUE  FROM      YEAR
                                                  NORMAL
..................................................................
TEMPERATURE (F)
 TODAY
  MAXIMUM         71    222 PM  97    2015  74     -3       97
  MINIMUM         56    505 AM  47    1999  55      1       59
  AVERAGE         64                        65     -1       78

PRECIPITATION (IN)
  TODAY            0.00          0.00   MM   0.02  -0.02     0.00
  MONTH TO DATE    0.10                      0.85  -0.75     0.22
  SINCE OCT 1      5.20                     13.19  -7.99     5.55
  SINCE JAN 1      4.15                      9.29  -5.14     1.73

DEGREE DAYS
 HEATING
  TODAY            1                         2     -1        0
  MONTH TO DATE   17                       100    -83       31
  SINCE MAR 1     80                       270   -190       64
  SINCE JUL 1    759                      1192   -433      427

 COOLING
  TODAY            0                         2     -2       13
  MONTH TO DATE   84                        31     53       75
  SINCE MAR 1    105                        44     61      225
  SINCE JAN 1    177                        53    124      276
..................................................................


WIND (MPH)
  RESULTANT WIND SPEED   3   RESULTANT WIND DIRECTION  SE (130)
  HIGHEST WIND SPEED    14   HIGHEST WIND DIRECTION     S (200)
  HIGHEST GUST SPEED    20   HIGHEST GUST DIRECTION    SW (230)
  AVERAGE WIND SPEED     4.9


SKY COVER
  POSSIBLE SUNSHINE  MM
  AVERAGE SKY COVER 0.6


WEATHER CONDITIONS
 THE FOLLOWING WEATHER WAS RECORDED TODAY.
  NO SIGNIFICANT WEATHER WAS OBSERVED.


RELATIVE HUMIDITY (PERCENT)
 HIGHEST    72          1200 AM
 LOWEST     45          1000 AM
 AVERAGE    59

..........................................................


THE FULLERTON AIRPORT CA CLIMATE NORMALS FOR TOMORROW
                         NORMAL    RECORD    YEAR
 MAXIMUM TEMPERATURE (F)   74        96      2014
 MINIMUM TEMPERATURE (F)   55        47      2010


SUNRISE AND SUNSET
APRIL 29 2016.........SUNRISE   604 AM PDT   SUNSET   734 PM PDT
APRIL 30 2016.........SUNRISE   603 AM PDT   SUNSET   735 PM PDT


-  INDICATES NEGATIVE NUMBERS.
R  INDICATES RECORD WAS SET OR TIED.
MM INDICATES DATA IS MISSING.
T  INDICATES TRACE AMOUNT.




$$
