000
CDUS46 KSGX 251426
CLIFUL


CLIMATE REPORT
NATIONAL WEATHER SERVICE SAN DIEGO, CA
726 AM PDT SAT OCT 25 2014


...................................

...THE FULLERTON AIRPORT CA CLIMATE SUMMARY FOR OCTOBER 24 2014...

CLIMATE NORMAL PERIOD 1981 TO 2010
CLIMATE RECORD PERIOD 1998 TO 2014


WEATHER ITEM   OBSERVED TIME   RECORD YEAR NORMAL DEPARTURE LAST
                VALUE   (LST)  VALUE       VALUE  FROM      YEAR
                                                  NORMAL
..................................................................
TEMPERATURE (F)
 YESTERDAY
  MAXIMUM         89    129 PM  97    2007  77     12       72
  MINIMUM         57    610 AM  54    2008  56      1       58
  AVERAGE         73                        66      7       65

PRECIPITATION (IN)
  YESTERDAY        0.00          0.14 2010   0.03  -0.03     0.00
  MONTH TO DATE    0.00                      0.52  -0.52     0.11
  SINCE JUL 1      0.12                      0.85  -0.73     0.11
  SINCE JAN 1      3.58                     10.50  -6.92     2.64

SNOWFALL (IN)
  YESTERDAY        0.0
  MONTH TO DATE    0.0
  SINCE JAN 1      0.0
  SINCE JUL 1      0.0
  SNOW DEPTH       0

DEGREE DAYS
 HEATING
  YESTERDAY        0                         1     -1        0
  MONTH TO DATE    0                         9     -9       10
  SINCE SEP 1      0                        10    -10       10
  SINCE JUL 1      0                        10    -10       10

 COOLING
  YESTERDAY        8                         3      5        0
  MONTH TO DATE  228                        98    130      103
  SINCE SEP 1    651                       353    298      464
  SINCE JAN 1   2013                      1216    797     1854
..................................................................


WIND (MPH)
  RESULTANT WIND SPEED   1   RESULTANT WIND DIRECTION   S (170)
  HIGHEST WIND SPEED     9   HIGHEST WIND DIRECTION    SW (220)
  HIGHEST GUST SPEED    11   HIGHEST GUST DIRECTION    SW (220)
  AVERAGE WIND SPEED     2.3


SKY COVER
  POSSIBLE SUNSHINE  MM
  AVERAGE SKY COVER 0.0


WEATHER CONDITIONS
 THE FOLLOWING WEATHER WAS RECORDED YESTERDAY.
  NO SIGNIFICANT WEATHER WAS OBSERVED.


RELATIVE HUMIDITY (PERCENT)
 HIGHEST    86           500 AM
 LOWEST     14           200 PM
 AVERAGE    50

..........................................................


THE FULLERTON AIRPORT CA CLIMATE NORMALS FOR TODAY
                         NORMAL    RECORD    YEAR
 MAXIMUM TEMPERATURE (F)   77        90      2007
 MINIMUM TEMPERATURE (F)   55        52      2008


SUNRISE AND SUNSET
OCTOBER 25 2014.......SUNRISE   705 AM PDT   SUNSET   606 PM PDT
OCTOBER 26 2014.......SUNRISE   706 AM PDT   SUNSET   605 PM PDT


-  INDICATES NEGATIVE NUMBERS.
R  INDICATES RECORD WAS SET OR TIED.
MM INDICATES DATA IS MISSING.
T  INDICATES TRACE AMOUNT.




$$
