000
CDUS41 KCAR 050528
CLIFVE


CLIMATE REPORT
NATIONAL WEATHER SERVICE CARIBOU, ME
127 AM EDT SUN JUL 5 2015


...................................

...THE FRENCHVILLE ME CLIMATE SUMMARY FOR JULY 4 2015...

CLIMATE NORMAL PERIOD 1981 TO 2010
CLIMATE RECORD PERIOD 9999 TO 9999


WEATHER ITEM   OBSERVED TIME   RECORD YEAR NORMAL DEPARTURE LAST
                VALUE   (LST)  VALUE       VALUE  FROM      YEAR
                                                  NORMAL
..................................................................
TEMPERATURE (F)
 YESTERDAY
  MAXIMUM         74    138 PM              73      1
  MINIMUM         52    416 AM              54     -2
  AVERAGE         63                        64     -1

PRECIPITATION (IN)
  YESTERDAY        0.00         MM      MM   0.16  -0.16     0.78
  MONTH TO DATE    0.49                      0.64  -0.15     0.78
  SINCE JUN 1      5.24                      4.49   0.75     4.89
  SINCE JAN 1     10.78                     14.39  -3.61    15.26

SNOWFALL (IN)
  YESTERDAY       MM            MM      MM  MM     MM       MM
  MONTH TO DATE   MM                        MM     MM       MM
  SINCE JUN 1     MM                        MM     MM       MM
  SINCE JUL 1     MM                        MM     MM       MM
  SNOW DEPTH      MM

DEGREE DAYS
 HEATING
  YESTERDAY        2                               -1
  MONTH TO DATE   17                                5
  SINCE JUL 1     17                                5

 COOLING
  YESTERDAY        0                               -2
  MONTH TO DATE    0                               -7
  SINCE JAN 1     11                              -24
..................................................................


WIND (MPH)
  HIGHEST WIND SPEED    13   HIGHEST WIND DIRECTION     W (270)
  HIGHEST GUST SPEED    16   HIGHEST GUST DIRECTION    SW (240)
  AVERAGE WIND SPEED     4.3




..........................................................


THE FRENCHVILLE ME CLIMATE NORMALS FOR TODAY
                         NORMAL
 MAXIMUM TEMPERATURE (F)   73
 MINIMUM TEMPERATURE (F)   54


SUNRISE AND SUNSET
JULY  5 2015..........SUNRISE   443 AM EDT   SUNSET   832 PM EDT
JULY  6 2015..........SUNRISE   444 AM EDT   SUNSET   831 PM EDT


-  INDICATES NEGATIVE NUMBERS.
R  INDICATES RECORD WAS SET OR TIED.
MM INDICATES DATA IS MISSING.
T  INDICATES TRACE AMOUNT.




$$
