000
CDUS41 KCAR 170534
CLIFVE


CLIMATE REPORT
NATIONAL WEATHER SERVICE CARIBOU, ME
130 AM EDT TUE OCT 17 2017


...................................

...THE FRENCHVILLE ME CLIMATE SUMMARY FOR OCTOBER 16 2017...

CLIMATE NORMAL PERIOD 1981 TO 2010
CLIMATE RECORD PERIOD 9999 TO 9999


WEATHER ITEM   OBSERVED TIME   RECORD YEAR NORMAL DEPARTURE LAST
                VALUE   (LST)  VALUE       VALUE  FROM      YEAR
                                                  NORMAL
..................................................................
TEMPERATURE (F)
 YESTERDAY
  MAXIMUM         58    124 AM              49      9
  MINIMUM         32   1159 PM              34     -2
  AVERAGE         45                        42      3

PRECIPITATION (IN)
  YESTERDAY        0.06         MM      MM   0.07  -0.01     0.16
  MONTH TO DATE    2.49                      1.37   1.12     0.31
  SINCE SEP 1      6.02                      4.89   1.13     2.83
  SINCE JAN 1     27.41                     26.95   0.46    25.57

SNOWFALL (IN)
  YESTERDAY       MM            MM      MM  MM     MM       MM
  MONTH TO DATE   MM                        MM     MM       MM
  SINCE SEP 1     MM                        MM     MM       MM
  SINCE JUL 1     MM                        MM     MM       MM
  SNOW DEPTH      MM

DEGREE DAYS
 HEATING
  YESTERDAY       20                               -3
  MONTH TO DATE  242                              -85
  SINCE JUL 1    659                             -212

 COOLING
  YESTERDAY        0                                0
  MONTH TO DATE    0                                0
  SINCE JAN 1    105                              -29
..................................................................


WIND (MPH)
  HIGHEST WIND SPEED    30   HIGHEST WIND DIRECTION    NW (320)
  HIGHEST GUST SPEED    38   HIGHEST GUST DIRECTION    NW (320)
  AVERAGE WIND SPEED    11.6




..........................................................


THE FRENCHVILLE ME CLIMATE NORMALS FOR TODAY
                         NORMAL
 MAXIMUM TEMPERATURE (F)   49
 MINIMUM TEMPERATURE (F)   34


SUNRISE AND SUNSET
OCTOBER 17 2017.......SUNRISE   655 AM EDT   SUNSET   542 PM EDT
OCTOBER 18 2017.......SUNRISE   656 AM EDT   SUNSET   540 PM EDT


-  INDICATES NEGATIVE NUMBERS.
R  INDICATES RECORD WAS SET OR TIED.
MM INDICATES DATA IS MISSING.
T  INDICATES TRACE AMOUNT.




$$
