000
CDUS41 KCAR 132133
CLIFVE


CLIMATE REPORT
NATIONAL WEATHER SERVICE CARIBOU, ME
433 PM EST WED DEC 13 2017


...................................

...THE FRENCHVILLE ME CLIMATE SUMMARY FOR DECEMBER 13 2017...
VALID TODAY AS OF 0400 PM LOCAL TIME.

CLIMATE NORMAL PERIOD 1981 TO 2010
CLIMATE RECORD PERIOD 9999 TO 9999


WEATHER ITEM   OBSERVED TIME   RECORD YEAR NORMAL DEPARTURE LAST
                VALUE   (LST)  VALUE       VALUE  FROM      YEAR
                                                  NORMAL
..................................................................
TEMPERATURE (F)
 TODAY
  MAXIMUM         31   1124 AM              24      7
  MINIMUM         21    359 PM              11     10
  AVERAGE         26                        18      8

PRECIPITATION (IN)
  TODAY            0.48         MM      MM   0.09   0.39      T
  MONTH TO DATE    1.31                      1.24   0.07     0.74
  SINCE DEC 1      1.31                      1.24   0.07     0.74
  SINCE JAN 1     36.21                     32.30   3.91    31.08

SNOWFALL (IN)
  TODAY           MM            MM      MM  MM     MM       MM
  MONTH TO DATE   MM                        MM     MM       MM
  SINCE DEC 1     MM                        MM     MM       MM
  SINCE JUL 1     MM                        MM     MM       MM
  SNOW DEPTH      MM

DEGREE DAYS
 HEATING
  TODAY           39                               -8
  MONTH TO DATE  546                              -36
  SINCE JUL 1   2598                             -294

 COOLING
  TODAY            0                                0
  MONTH TO DATE    0                                0
  SINCE JAN 1    105                              -29
..................................................................


WIND (MPH)
  HIGHEST WIND SPEED    22   HIGHEST WIND DIRECTION     W (270)
  HIGHEST GUST SPEED    29   HIGHEST GUST DIRECTION    NE (50)
  AVERAGE WIND SPEED    11.5




..........................................................


THE FRENCHVILLE ME CLIMATE NORMALS FOR TOMORROW
                         NORMAL
 MAXIMUM TEMPERATURE (F)   24
 MINIMUM TEMPERATURE (F)   11


SUNRISE AND SUNSET
DECEMBER 13 2017......SUNRISE   712 AM EST   SUNSET   343 PM EST
DECEMBER 14 2017......SUNRISE   713 AM EST   SUNSET   343 PM EST


-  INDICATES NEGATIVE NUMBERS.
R  INDICATES RECORD WAS SET OR TIED.
MM INDICATES DATA IS MISSING.
T  INDICATES TRACE AMOUNT.




$$
