000
CDUS43 KIWX 220522
CLIFWA


CLIMATE REPORT
NATIONAL WEATHER SERVICE NORTHERN INDIANA
1222 AM EST SAT NOV 22 2014


...................................

...THE FORT WAYNE CLIMATE SUMMARY FOR NOVEMBER 21 2014...

CLIMATE NORMAL PERIOD 1981 TO 2010
CLIMATE RECORD PERIOD 1897 TO 2014


WEATHER ITEM   OBSERVED TIME   RECORD YEAR NORMAL DEPARTURE LAST
                VALUE   (LST)  VALUE       VALUE  FROM      YEAR
                                                  NORMAL
..................................................................
TEMPERATURE (F)
 YESTERDAY
  MAXIMUM         28    402 PM  70    1913  47    -19       48
  MINIMUM          9R   745 AM  11    1964  31    -22       41
  AVERAGE         19                        39    -20       45

PRECIPITATION (IN)
  YESTERDAY        0.00          2.44 2007   0.10  -0.10     0.45
  MONTH TO DATE    0.85                      2.12  -1.27     1.38
  SINCE SEP 1      8.53                      7.76   0.77     6.93
  SINCE JAN 1     38.92                     34.60   4.32    39.27

SNOWFALL (IN)
  YESTERDAY        0.0           2.1  1996   0.1   -0.1      0.0
  MONTH TO DATE    4.1                       0.9    3.2      0.5
  SINCE SEP 1      4.1                       1.2    2.9      0.5
  SINCE JUL 1      4.1                       1.2    2.9      0.5
  SNOW DEPTH       T

DEGREE DAYS
 HEATING
  YESTERDAY       46                        26     20       20
  MONTH TO DATE  645                       454    191      473
  SINCE SEP 1   1168                       951    217      957
  SINCE JUL 1   1192                       963    229      977

 COOLING
  YESTERDAY        0                         0      0        0
  MONTH TO DATE    0                         0      0        0
  SINCE SEP 1     57                        92    -35      126
  SINCE JAN 1    731                       809    -78      855
..................................................................


WIND (MPH)
  HIGHEST WIND SPEED    13   HIGHEST WIND DIRECTION     W (270)
  HIGHEST GUST SPEED    16   HIGHEST GUST DIRECTION     W (270)
  AVERAGE WIND SPEED     6.8


SKY COVER
  AVERAGE SKY COVER 0.1


WEATHER CONDITIONS
 THE FOLLOWING WEATHER WAS RECORDED YESTERDAY.
  NO SIGNIFICANT WEATHER WAS OBSERVED.


RELATIVE HUMIDITY (PERCENT)
 HIGHEST    73           400 AM
 LOWEST     55          1200 PM
 AVERAGE    64

..........................................................


THE FORT WAYNE CLIMATE NORMALS FOR TODAY
                         NORMAL    RECORD    YEAR
 MAXIMUM TEMPERATURE (F)   47        70      1931
                                             1913
                                             1908
 MINIMUM TEMPERATURE (F)   31        10      1964


SUNRISE AND SUNSET
NOVEMBER 22 2014......SUNRISE   736 AM EST   SUNSET   517 PM EST
NOVEMBER 23 2014......SUNRISE   738 AM EST   SUNSET   517 PM EST


-  INDICATES NEGATIVE NUMBERS.
R  INDICATES RECORD WAS SET OR TIED.
MM INDICATES DATA IS MISSING.
T  INDICATES TRACE AMOUNT.




$$
