000
CDUS43 KIWX 270952
CLIFWA


CLIMATE REPORT
NATIONAL WEATHER SERVICE NORTHERN INDIANA
551 AM EDT THU APR 27 2017


...................................

...THE FORT WAYNE CLIMATE SUMMARY FOR APRIL 26 2017...

CLIMATE NORMAL PERIOD 1981 TO 2010
CLIMATE RECORD PERIOD 1897 TO 2017


WEATHER ITEM   OBSERVED TIME   RECORD YEAR NORMAL DEPARTURE LAST
                VALUE   (LST)  VALUE       VALUE  FROM      YEAR
                                                  NORMAL
..................................................................
TEMPERATURE (F)
 YESTERDAY
  MAXIMUM         85    341 PM  88    1986  65     20       77
  MINIMUM         58    524 AM  29    2006  43     15       48
  AVERAGE         72                        54     18       63

PRECIPITATION (IN)
  YESTERDAY        0.09          1.24 1945   0.11  -0.02      T
  MONTH TO DATE    2.56                      3.09  -0.53     1.80
  SINCE MAR 1      6.37                      5.80   0.57     5.76
  SINCE JAN 1     12.84                     10.10   2.74     8.81

SNOWFALL (IN)
  YESTERDAY        0.0           0.2  1931   0.0    0.0      0.0
  MONTH TO DATE    0.4                       1.0   -0.6      1.1
  SINCE MAR 1      3.4                       5.1   -1.7      3.9
  SINCE JUL 1     18.5                      33.5  -15.0     20.1
  SNOW DEPTH       0

DEGREE DAYS
 HEATING
  YESTERDAY        0                        12    -12        2
  MONTH TO DATE  264                       416   -152      398
  SINCE MAR 1   1048                      1242   -194     1028
  SINCE JUL 1   4742                      5840  -1098     4855

 COOLING
  YESTERDAY        7                         0      7        0
  MONTH TO DATE   20                         0     20        0
  SINCE MAR 1     20                         0     20        0
  SINCE JAN 1     20                         0     20        0
..................................................................


WIND (MPH)
  HIGHEST WIND SPEED    38   HIGHEST WIND DIRECTION     W (280)
  HIGHEST GUST SPEED    50   HIGHEST GUST DIRECTION     W (290)
  AVERAGE WIND SPEED    13.0


SKY COVER
  AVERAGE SKY COVER 0.6


WEATHER CONDITIONS
 THE FOLLOWING WEATHER WAS RECORDED YESTERDAY.
  THUNDERSTORM
  FOG


RELATIVE HUMIDITY (PERCENT)
 HIGHEST    90          1000 PM
 LOWEST     40           300 PM
 AVERAGE    65

..........................................................


THE FORT WAYNE CLIMATE NORMALS FOR TODAY
                         NORMAL    RECORD    YEAR
 MAXIMUM TEMPERATURE (F)   66        85      1990
                                             1986
                                             1899
 MINIMUM TEMPERATURE (F)   43        28      2012
                                             1976


SUNRISE AND SUNSET
APRIL 27 2017.........SUNRISE   644 AM EDT   SUNSET   834 PM EDT
APRIL 28 2017.........SUNRISE   642 AM EDT   SUNSET   835 PM EDT


-  INDICATES NEGATIVE NUMBERS.
R  INDICATES RECORD WAS SET OR TIED.
MM INDICATES DATA IS MISSING.
T  INDICATES TRACE AMOUNT.




$$
