000
CDUS43 KIWX 080535
CLIFWA


CLIMATE REPORT
NATIONAL WEATHER SERVICE NORTHERN INDIANA
1234 AM EST THU DEC 8 2016


...................................

...THE FORT WAYNE CLIMATE SUMMARY FOR DECEMBER 7 2016...

CLIMATE NORMAL PERIOD 1981 TO 2010
CLIMATE RECORD PERIOD 1897 TO 2016


WEATHER ITEM   OBSERVED TIME   RECORD YEAR NORMAL DEPARTURE LAST
                VALUE   (LST)  VALUE       VALUE  FROM      YEAR
                                                  NORMAL
..................................................................
TEMPERATURE (F)
 YESTERDAY
  MAXIMUM         35    200 PM  63    1951  39     -4       42
  MINIMUM         26   1145 PM  -1    1977  25      1       29
                                      1964
  AVERAGE         31                        32     -1       36

PRECIPITATION (IN)
  YESTERDAY        0.00          2.13 1966   0.09  -0.09      T
  MONTH TO DATE    0.37                      0.66  -0.29     0.07
  SINCE DEC 1      0.37                      0.66  -0.29     0.07
  SINCE JAN 1     35.43                     36.23  -0.80    42.31

SNOWFALL (IN)
  YESTERDAY        0.0           2.8  2000   0.3   -0.3      0.0
  MONTH TO DATE    2.7                       1.4    1.3      0.2
  SINCE DEC 1      2.7                       1.4    1.3      0.2
  SINCE JUL 1      3.1                       3.5   -0.4      4.4
  SNOW DEPTH       0

DEGREE DAYS
 HEATING
  YESTERDAY       34                        33      1       29
  MONTH TO DATE  214                       224    -10      197
  SINCE DEC 1    214                       224    -10      197
  SINCE JUL 1   1059                      1441   -382     1166

 COOLING
  YESTERDAY        0                         0      0        0
  MONTH TO DATE    0                         0      0        0
  SINCE DEC 1      0                         0      0        0
  SINCE JAN 1   1104                       809    295      811
..................................................................


WIND (MPH)
  HIGHEST WIND SPEED    21   HIGHEST WIND DIRECTION     W (270)
  HIGHEST GUST SPEED    26   HIGHEST GUST DIRECTION     W (270)
  AVERAGE WIND SPEED    12.9


SKY COVER
  AVERAGE SKY COVER 0.5


WEATHER CONDITIONS
 THE FOLLOWING WEATHER WAS RECORDED YESTERDAY.
  NO SIGNIFICANT WEATHER WAS OBSERVED.


RELATIVE HUMIDITY (PERCENT)
 HIGHEST    81           500 AM
 LOWEST     59           200 PM
 AVERAGE    70

..........................................................


THE FORT WAYNE CLIMATE NORMALS FOR TODAY
                         NORMAL    RECORD    YEAR
 MAXIMUM TEMPERATURE (F)   38        65      1946
 MINIMUM TEMPERATURE (F)   24        -2      2005
                                             1977
                                             1917


SUNRISE AND SUNSET
DECEMBER  8 2016......SUNRISE   753 AM EST   SUNSET   512 PM EST
DECEMBER  9 2016......SUNRISE   754 AM EST   SUNSET   512 PM EST


-  INDICATES NEGATIVE NUMBERS.
R  INDICATES RECORD WAS SET OR TIED.
MM INDICATES DATA IS MISSING.
T  INDICATES TRACE AMOUNT.




$$
