000
CDUS43 KIWX 280527
CLIFWA


CLIMATE REPORT
NATIONAL WEATHER SERVICE NORTHERN INDIANA
1227 AM EST FRI NOV 28 2014


...................................

...THE FORT WAYNE CLIMATE SUMMARY FOR NOVEMBER 27 2014...

CLIMATE NORMAL PERIOD 1981 TO 2010
CLIMATE RECORD PERIOD 1897 TO 2014


WEATHER ITEM   OBSERVED TIME   RECORD YEAR NORMAL DEPARTURE LAST
                VALUE   (LST)  VALUE       VALUE  FROM      YEAR
                                                  NORMAL
..................................................................
TEMPERATURE (F)
 YESTERDAY
  MAXIMUM         32    119 PM  69    1990  44    -12       30
  MINIMUM         23   1159 PM   1    1930  29     -6       23
  AVERAGE         28                        36     -8       27

PRECIPITATION (IN)
  YESTERDAY        T             1.14 1983   0.10  -0.10      T
  MONTH TO DATE    3.05                      2.77   0.28     1.46
  SINCE SEP 1     10.73                      8.41   2.32     7.01
  SINCE JAN 1     41.12                     35.25   5.87    39.35

SNOWFALL (IN)
  YESTERDAY        0.1           4.0  1980   0.2   -0.1      0.3
  MONTH TO DATE    4.2                       1.5    2.7      1.0
  SINCE SEP 1      4.2                       1.8    2.4      1.0
  SINCE JUL 1      4.2                       1.8    2.4      1.0
  SNOW DEPTH       0

DEGREE DAYS
 HEATING
  YESTERDAY       37                        29      8       38
  MONTH TO DATE  820                       619    201      695
  SINCE SEP 1   1343                      1116    227     1179
  SINCE JUL 1   1367                      1128    239     1199

 COOLING
  YESTERDAY        0                         0      0        0
  MONTH TO DATE    0                         0      0        0
  SINCE SEP 1     57                        92    -35      126
  SINCE JAN 1    731                       809    -78      855
..................................................................


WIND (MPH)
  HIGHEST WIND SPEED    22   HIGHEST WIND DIRECTION     W (280)
  HIGHEST GUST SPEED    28   HIGHEST GUST DIRECTION     W (280)
  AVERAGE WIND SPEED    11.9


SKY COVER
  AVERAGE SKY COVER 1.0


WEATHER CONDITIONS
 THE FOLLOWING WEATHER WAS RECORDED YESTERDAY.
  LIGHT SNOW
  FOG
  HAZE


RELATIVE HUMIDITY (PERCENT)
 HIGHEST    85           500 PM
 LOWEST     72           400 PM
 AVERAGE    79

..........................................................


THE FORT WAYNE CLIMATE NORMALS FOR TODAY
                         NORMAL    RECORD    YEAR
 MAXIMUM TEMPERATURE (F)   43        71      1905
 MINIMUM TEMPERATURE (F)   28         1      1930


SUNRISE AND SUNSET
NOVEMBER 28 2014......SUNRISE   743 AM EST   SUNSET   514 PM EST
NOVEMBER 29 2014......SUNRISE   744 AM EST   SUNSET   514 PM EST


-  INDICATES NEGATIVE NUMBERS.
R  INDICATES RECORD WAS SET OR TIED.
MM INDICATES DATA IS MISSING.
T  INDICATES TRACE AMOUNT.




$$
