000
CDUS43 KIWX 250538
CLIFWA


CLIMATE REPORT
NATIONAL WEATHER SERVICE NORTHERN INDIANA
138 AM EDT FRI JUL 25 2014


...................................

...THE FORT WAYNE CLIMATE SUMMARY FOR JULY 24 2014...

CLIMATE NORMAL PERIOD 1981 TO 2010
CLIMATE RECORD PERIOD 1897 TO 2014


WEATHER ITEM   OBSERVED TIME   RECORD YEAR NORMAL DEPARTURE LAST
                VALUE   (LST)  VALUE       VALUE  FROM      YEAR
                                                  NORMAL
..................................................................
TEMPERATURE (F)
 YESTERDAY
  MAXIMUM         77    241 PM 104    1934  84     -7       74
  MINIMUM         54    850 AM  46    1904  63     -9       52
  AVERAGE         66                        73     -7       63

PRECIPITATION (IN)
  YESTERDAY        0.00          2.00 1979   0.13  -0.13     0.00
  MONTH TO DATE    1.08                      3.31  -2.23     3.64
  SINCE JUN 1      6.89                      7.47  -0.58     9.55
  SINCE JAN 1     23.43                     22.27   1.16    27.22

SNOWFALL (IN)
  YESTERDAY        0.0           0.0  2002   0.0    0.0      0.0
                                      2001
  MONTH TO DATE    T                         0.0    0.0      0.0
  SINCE JUN 1      T                         0.0    0.0      0.0
  SINCE JUL 1      T                         0.0    0.0      0.0
  SNOW DEPTH       0

DEGREE DAYS
 HEATING
  YESTERDAY        0                         0      0        2
  MONTH TO DATE    9                         0      9        2
  SINCE JUN 1     23                        29     -6       21
  SINCE JUL 1      9                         0      9        2

 COOLING
  YESTERDAY        1                         8     -7        0
  MONTH TO DATE  129                       213    -84      234
  SINCE JUN 1    359                       395    -36      422
  SINCE JAN 1    440                       452    -12      527
..................................................................


WIND (MPH)
  HIGHEST WIND SPEED    16   HIGHEST WIND DIRECTION    NE (60)
  HIGHEST GUST SPEED    20   HIGHEST GUST DIRECTION    NE (60)
  AVERAGE WIND SPEED     6.6


SKY COVER
  AVERAGE SKY COVER 0.6


WEATHER CONDITIONS
 THE FOLLOWING WEATHER WAS RECORDED YESTERDAY.
  NO SIGNIFICANT WEATHER WAS OBSERVED.


RELATIVE HUMIDITY (PERCENT)
 HIGHEST    93           200 AM
 LOWEST     41           100 PM
 AVERAGE    67

..........................................................


THE FORT WAYNE CLIMATE NORMALS FOR TODAY
                         NORMAL    RECORD    YEAR
 MAXIMUM TEMPERATURE (F)   84       103      1934
 MINIMUM TEMPERATURE (F)   62        44      1904


SUNRISE AND SUNSET
JULY 25 2014..........SUNRISE   630 AM EDT   SUNSET   904 PM EDT
JULY 26 2014..........SUNRISE   631 AM EDT   SUNSET   903 PM EDT


-  INDICATES NEGATIVE NUMBERS.
R  INDICATES RECORD WAS SET OR TIED.
MM INDICATES DATA IS MISSING.
T  INDICATES TRACE AMOUNT.




$$
