000
CDUS43 KIWX 142126
CLIFWA


CLIMATE REPORT
NATIONAL WEATHER SERVICE NORTHERN INDIANA
425 PM EST THU DEC 14 2017


...................................

...THE FORT WAYNE CLIMATE SUMMARY FOR DECEMBER 14 2017...
VALID TODAY AS OF 0400 PM LOCAL TIME.

CLIMATE NORMAL PERIOD 1981 TO 2010
CLIMATE RECORD PERIOD 1897 TO 2017


WEATHER ITEM   OBSERVED TIME   RECORD YEAR NORMAL DEPARTURE LAST
                VALUE   (LST)  VALUE       VALUE  FROM      YEAR
                                                  NORMAL
..................................................................
TEMPERATURE (F)
 TODAY
  MAXIMUM         30   1200 AM  66    1975  36     -6       19
  MINIMUM         12    844 AM  -5    1914  22    -10       -2
  AVERAGE         21                        29     -8        9

PRECIPITATION (IN)
  TODAY            T             1.19 1971   0.09  -0.09     0.00
  MONTH TO DATE    0.29                      1.28  -0.99     1.12
  SINCE DEC 1      0.29                      1.28  -0.99     1.12
  SINCE JAN 1     47.97                     36.85  11.12    36.18

SNOWFALL (IN)
  TODAY            0.1           6.0  1922   0.3   -0.2      0.0
  MONTH TO DATE    3.7                       3.2    0.5     10.4
  SINCE DEC 1      3.7                       3.2    0.5     10.4
  SINCE JUL 1      3.7                       5.3   -1.6     10.8
  SNOW DEPTH       1

DEGREE DAYS
 HEATING
  TODAY           44                        36      8       56
  MONTH TO DATE  462                       467     -5      518
  SINCE DEC 1    462                       467     -5      518
  SINCE JUL 1   1515                      1684   -169     1363

 COOLING
  TODAY            0                         0      0        0
  MONTH TO DATE    0                         0      0        0
  SINCE DEC 1      0                         0      0        0
  SINCE JAN 1    836                       809     27     1104
..................................................................


WIND (MPH)
  HIGHEST WIND SPEED    24   HIGHEST WIND DIRECTION    NW (330)
  HIGHEST GUST SPEED    31   HIGHEST GUST DIRECTION    NW (330)
  AVERAGE WIND SPEED     7.8


SKY COVER
  POSSIBLE SUNSHINE  MM
  AVERAGE SKY COVER 0.7


WEATHER CONDITIONS
 THE FOLLOWING WEATHER WAS RECORDED TODAY.
  LIGHT SNOW
  FOG


RELATIVE HUMIDITY (PERCENT)
 HIGHEST    88           800 AM
 LOWEST     54           200 PM
 AVERAGE    71

..........................................................


THE FORT WAYNE CLIMATE NORMALS FOR TOMORROW
                         NORMAL    RECORD    YEAR
 MAXIMUM TEMPERATURE (F)   36        64      1933
 MINIMUM TEMPERATURE (F)   22       -10      1914
                                             1901


SUNRISE AND SUNSET
DECEMBER 14 2017......SUNRISE   758 AM EST   SUNSET   513 PM EST
DECEMBER 15 2017......SUNRISE   759 AM EST   SUNSET   513 PM EST


-  INDICATES NEGATIVE NUMBERS.
R  INDICATES RECORD WAS SET OR TIED.
MM INDICATES DATA IS MISSING.
T  INDICATES TRACE AMOUNT.




$$
