000
CDUS44 KTSA 011036
CLIFYV

CLIMATE REPORT
NATIONAL WEATHER SERVICE TULSA OK
1247 AM CST SUN MAR 1 2015


...................................

...THE FAYETTEVILLE ARKANSAS CLIMATE SUMMARY FOR FEBRUARY 28 2015...

CLIMATE NORMAL PERIOD 1981 TO 2010
CLIMATE RECORD PERIOD 1905 TO 2015


WEATHER ITEM   OBSERVED TIME   RECORD YEAR NORMAL DEPARTURE LAST
                VALUE   (LST)  VALUE       VALUE  FROM      YEAR
                                                  NORMAL
..................................................................
TEMPERATURE (F)
 YESTERDAY
  MAXIMUM         31   1159 PM  76    1980  55    -24       44
                                      1955
  MINIMUM         18    422 AM   8    1962  32    -14       23
  AVERAGE         25                        43    -18       34

PRECIPITATION (IN)
  YESTERDAY        0.34                      0.11   0.23     0.05
  MONTH TO DATE    1.95                      2.81  -0.86     0.84
  SINCE DEC 1      5.70                      8.89  -3.19     6.58
  SINCE JAN 1      3.06                      5.65  -2.59     2.48

SNOWFALL (IN)
  YESTERDAY        1.7                                       0.0
  MONTH TO DATE    5.3                                       5.2
  SINCE DEC 1      5.3                                      14.1
  SINCE JUL 1      5.3                                      14.1

DEGREE DAYS
 HEATING
  YESTERDAY       40                        22     18       31
  MONTH TO DATE  889                       709    180      864
  SINCE DEC 1   2561                      2474     87     2831
  SINCE JUL 1   3486                      3303    183     3720
..................................................................


WIND (MPH)
  HIGHEST WIND SPEED     7   HIGHEST WIND DIRECTION     E (70)
  HIGHEST GUST SPEED    11   HIGHEST GUST DIRECTION    NE (40)
  AVERAGE WIND SPEED     2.2


SKY COVER
  POSSIBLE SUNSHINE  MM
  AVERAGE SKY COVER 1.0


WEATHER CONDITIONS
 THE FOLLOWING WEATHER WAS RECORDED YESTERDAY.
  LT FREEZING RAIN
  LIGHT SNOW
  FOG


RELATIVE HUMIDITY (PERCENT)
 HIGHEST   100           400 AM
 LOWEST     85           200 PM
 AVERAGE    93

..........................................................


THE FAYETTEVILLE ARKANSAS CLIMATE NORMALS FOR TODAY
                         NORMAL    RECORD    YEAR
 MAXIMUM TEMPERATURE (F)   55        83      2006
 MINIMUM TEMPERATURE (F)   32        12      1980
                                             1962


SUNRISE AND SUNSET
MARCH  1 2015.........SUNRISE   647 AM CST   SUNSET   611 PM CST
MARCH  2 2015.........SUNRISE   646 AM CST   SUNSET   612 PM CST


-  INDICATES NEGATIVE NUMBERS.
R  INDICATES RECORD WAS SET OR TIED.
MM INDICATES DATA IS MISSING.
T  INDICATES TRACE AMOUNT.




$$
