000
CDUS44 KTSA 192222
CLIFYV

CLIMATE REPORT...CORRECTION
NATIONAL WEATHER SERVICE TULSA OK
421 PM CST FRI DEC 19 2014


...................................

...THE FAYETTEVILLE ARKANSAS CLIMATE SUMMARY FOR DECEMBER 19 2014...
VALID TODAY AS OF 0400 PM LOCAL TIME.

CLIMATE NORMAL PERIOD 1981 TO 2010
CLIMATE RECORD PERIOD 1905 TO 2014


WEATHER ITEM   OBSERVED TIME   RECORD YEAR NORMAL DEPARTURE LAST
                VALUE   (LST)  VALUE       VALUE  FROM      YEAR
                                                  NORMAL
..................................................................
TEMPERATURE (F)
 TODAY
  MAXIMUM         42    259 PM  72    1978  47     -5       61
  MINIMUM         39    818 AM   6    1981  26     13       50
                                      1963
  AVERAGE         41                        36      5       56

PRECIPITATION (IN)
  TODAY            T                         0.09  -0.09     0.00
  MONTH TO DATE    2.30                      2.06   0.24     1.90
  SINCE DEC 1      2.30                      2.06   0.24     1.90
  SINCE JAN 1     38.74                     47.33  -8.59    44.43

SNOWFALL (IN)
  TODAY            0.0                                       0.0
  MONTH TO DATE    T                                         7.0
  SINCE DEC 1      T                                         7.0
  SINCE JUL 1      T                                         7.0

DEGREE DAYS
 HEATING
  TODAY           24                        29     -5        9
  MONTH TO DATE  428                       504    -76      570
  SINCE DEC 1    428                       504    -76      570
  SINCE JUL 1   1353                      1333     20     1459
..................................................................


WIND (MPH)
  HIGHEST WIND SPEED     5   HIGHEST WIND DIRECTION    NE (60)
  HIGHEST GUST SPEED     7   HIGHEST GUST DIRECTION     N (20)
  AVERAGE WIND SPEED     0.9


SKY COVER
  POSSIBLE SUNSHINE  MM
  AVERAGE SKY COVER 1.0


WEATHER CONDITIONS
 THE FOLLOWING WEATHER WAS RECORDED TODAY.
  LIGHT RAIN
  FOG
  FOG W/VISIBILITY <= 1/4 MILE


RELATIVE HUMIDITY (PERCENT)
 HIGHEST   100          1200 AM
 LOWEST     89           300 PM
 AVERAGE    95

..........................................................


THE FAYETTEVILLE ARKANSAS CLIMATE NORMALS FOR TOMORROW
                         NORMAL    RECORD    YEAR
 MAXIMUM TEMPERATURE (F)   47        69      1966
 MINIMUM TEMPERATURE (F)   26         6      1989


SUNRISE AND SUNSET
DECEMBER 19 2014......SUNRISE   722 AM CST   SUNSET   505 PM CST
DECEMBER 20 2014......SUNRISE   723 AM CST   SUNSET   506 PM CST


-  INDICATES NEGATIVE NUMBERS.
R  INDICATES RECORD WAS SET OR TIED.
MM INDICATES DATA IS MISSING.
T  INDICATES TRACE AMOUNT.




$$
