000
CDUS44 KTSA 192232
CLIFYV

CLIMATE REPORT
NATIONAL WEATHER SERVICE TULSA OK
418 PM CST THU JAN 19 2017


...................................

...THE FAYETTEVILLE ARKANSAS CLIMATE SUMMARY FOR JANUARY 19 2017...
VALID TODAY AS OF 0400 PM LOCAL TIME.

CLIMATE NORMAL PERIOD 1981 TO 2010
CLIMATE RECORD PERIOD 1905 TO 2017


WEATHER ITEM   OBSERVED TIME   RECORD YEAR NORMAL DEPARTURE LAST
                VALUE   (LST)  VALUE       VALUE  FROM      YEAR
                                                  NORMAL
..................................................................
TEMPERATURE (F)
 TODAY
  MAXIMUM         57    254 PM  76    1952  46     11       37
  MINIMUM         47    820 AM -10    1984  25     22       21
  AVERAGE         52                        36     16       29

PRECIPITATION (IN)
  TODAY            0.01                      0.08  -0.07     0.04
  MONTH TO DATE    1.19                      1.77  -0.58     0.41
  SINCE DEC 1      3.02                      5.01  -1.99    11.36
  SINCE JAN 1      1.19                      1.77  -0.58     0.41

SNOWFALL (IN)
  TODAY           MM                                          T
  MONTH TO DATE    0.5                                        T
  SINCE DEC 1      0.8                                        T
  SINCE JUL 1      0.8                                        T

DEGREE DAYS
 HEATING
  TODAY           13                        29    -16       36
  MONTH TO DATE  501                       569    -68      598
  SINCE DEC 1   1341                      1423    -82     1236
  SINCE JUL 1   1868                      2252   -384     1878
..................................................................


WIND (MPH)
  HIGHEST WIND SPEED    17   HIGHEST WIND DIRECTION     S (180)
  HIGHEST GUST SPEED    22   HIGHEST GUST DIRECTION     S (190)
  AVERAGE WIND SPEED     5.2


SKY COVER
  POSSIBLE SUNSHINE  MM
  AVERAGE SKY COVER 1.0


WEATHER CONDITIONS
 THE FOLLOWING WEATHER WAS RECORDED TODAY.
  LIGHT RAIN
  FOG


RELATIVE HUMIDITY (PERCENT)
 HIGHEST   100          1200 AM
 LOWEST     80           300 PM
 AVERAGE    90

..........................................................


THE FAYETTEVILLE ARKANSAS CLIMATE NORMALS FOR TOMORROW
                         NORMAL    RECORD    YEAR
 MAXIMUM TEMPERATURE (F)   46        75      1986
 MINIMUM TEMPERATURE (F)   25       -12      1985


SUNRISE AND SUNSET
JANUARY 19 2017.......SUNRISE   725 AM CST   SUNSET   530 PM CST
JANUARY 20 2017.......SUNRISE   725 AM CST   SUNSET   531 PM CST


-  INDICATES NEGATIVE NUMBERS.
R  INDICATES RECORD WAS SET OR TIED.
MM INDICATES DATA IS MISSING.
T  INDICATES TRACE AMOUNT.




$$
