000
CDUS44 KTSA 182118 RRA
CLIFYV

CLIMATE REPORT
NATIONAL WEATHER SERVICE TULSA OK
418 PM CDT FRI AUG 18 2017


...................................

...THE FAYETTEVILLE ARKANSAS CLIMATE SUMMARY FOR AUGUST 18 2017...
VALID TODAY AS OF 0400 PM LOCAL TIME.

CLIMATE NORMAL PERIOD 1981 TO 2010
CLIMATE RECORD PERIOD 1905 TO 2017


WEATHER ITEM   OBSERVED TIME   RECORD YEAR NORMAL DEPARTURE LAST
                VALUE   (LST)  VALUE       VALUE  FROM      YEAR
                                                  NORMAL
..................................................................
TEMPERATURE (F)
 TODAY
  MAXIMUM         88    134 PM 101    2006  89     -1       80
                                      1954
  MINIMUM         66    139 AM  53    1992  65      1       65
  AVERAGE         77                        77      0       73

PRECIPITATION (IN)
  TODAY            0.00                      0.11  -0.11     0.10
  MONTH TO DATE    5.28                      1.86   3.42     0.91
  SINCE JUN 1     13.91                     10.30   3.61    10.66
  SINCE JAN 1     42.46                     30.51  11.95    25.00

DEGREE DAYS
 COOLING
  TODAY           12                        12      0        8
  MONTH TO DATE  157                       232    -75      245
  SINCE JUN 1    796                       868    -72     1017
  SINCE JAN 1    900                       981    -81     1084
..................................................................


WIND (MPH)
  HIGHEST WIND SPEED    14   HIGHEST WIND DIRECTION    SW (210)
  HIGHEST GUST SPEED    18   HIGHEST GUST DIRECTION    SW (220)
  AVERAGE WIND SPEED     5.5


SKY COVER
  POSSIBLE SUNSHINE  MM
  AVERAGE SKY COVER 0.4


WEATHER CONDITIONS
 THE FOLLOWING WEATHER WAS RECORDED TODAY.
  FOG


RELATIVE HUMIDITY (PERCENT)
 HIGHEST   100          1200 AM
 LOWEST     61          1200 PM
 AVERAGE    81

..........................................................


THE FAYETTEVILLE ARKANSAS CLIMATE NORMALS FOR TOMORROW
                         NORMAL    RECORD    YEAR
 MAXIMUM TEMPERATURE (F)   89       101      2006
 MINIMUM TEMPERATURE (F)   65        50      1976


SUNRISE AND SUNSET
AUGUST 18 2017........SUNRISE   638 AM CDT   SUNSET   803 PM CDT
AUGUST 19 2017........SUNRISE   639 AM CDT   SUNSET   801 PM CDT


-  INDICATES NEGATIVE NUMBERS.
R  INDICATES RECORD WAS SET OR TIED.
MM INDICATES DATA IS MISSING.
T  INDICATES TRACE AMOUNT.




$$
