000
CDUS44 KTSA 250801 RRA
CLIFYV

CLIMATE REPORT
NATIONAL WEATHER SERVICE TULSA OK
147 AM CDT WED MAY 25 2016


...................................

...THE FAYETTEVILLE ARKANSAS CLIMATE SUMMARY FOR MAY 24 2016...

CLIMATE NORMAL PERIOD 1981 TO 2010
CLIMATE RECORD PERIOD 1905 TO 2016


WEATHER ITEM   OBSERVED TIME   RECORD YEAR NORMAL DEPARTURE LAST
                VALUE   (LST)  VALUE       VALUE  FROM      YEAR
                                                  NORMAL
..................................................................
TEMPERATURE (F)
 YESTERDAY
  MAXIMUM         80    422 PM  89    2000  78      2       70
  MINIMUM         59    102 AM  41    1983  56      3       60
  AVERAGE         70                        67      3       65

PRECIPITATION (IN)
  YESTERDAY        0.07                      0.20  -0.13     1.88
  MONTH TO DATE    2.14                      4.75  -2.61    11.62
  SINCE MAR 1      9.72                     13.27  -3.55    19.01
  SINCE JAN 1     10.87                     18.92  -8.05    22.07

DEGREE DAYS
 COOLING
  YESTERDAY        5                         4      1        0
  MONTH TO DATE   23                        54    -31       49
  SINCE MAR 1     36                        82    -46       72
  SINCE JAN 1     36                        82    -46       72
..................................................................


WIND (MPH)
  HIGHEST WIND SPEED    28   HIGHEST WIND DIRECTION    SW (220)
  HIGHEST GUST SPEED    36   HIGHEST GUST DIRECTION    SW (210)
  AVERAGE WIND SPEED     7.6


SKY COVER
  POSSIBLE SUNSHINE  MM
  AVERAGE SKY COVER 0.2


WEATHER CONDITIONS
 THE FOLLOWING WEATHER WAS RECORDED YESTERDAY.
  THUNDERSTORM
  LIGHT RAIN
  FOG


RELATIVE HUMIDITY (PERCENT)
 HIGHEST   100          1200 AM
 LOWEST     69          1100 AM
 AVERAGE    85

..........................................................


THE FAYETTEVILLE ARKANSAS CLIMATE NORMALS FOR TODAY
                         NORMAL    RECORD    YEAR
 MAXIMUM TEMPERATURE (F)   78        91      2006
                                             1980
 MINIMUM TEMPERATURE (F)   57        40      2001


SUNRISE AND SUNSET
MAY 25 2016...........SUNRISE   604 AM CDT   SUNSET   824 PM CDT
MAY 26 2016...........SUNRISE   604 AM CDT   SUNSET   824 PM CDT


-  INDICATES NEGATIVE NUMBERS.
R  INDICATES RECORD WAS SET OR TIED.
MM INDICATES DATA IS MISSING.
T  INDICATES TRACE AMOUNT.




$$
