000
CDUS44 KTSA 250803
CLIFYV

CLIMATE REPORT
NATIONAL WEATHER SERVICE TULSA OK
302 AM CDT SAT OCT 25 2014


...................................

...THE FAYETTEVILLE ARKANSAS CLIMATE SUMMARY FOR OCTOBER 24 2014...

CLIMATE NORMAL PERIOD 1981 TO 2010
CLIMATE RECORD PERIOD 1905 TO 2014


WEATHER ITEM   OBSERVED TIME   RECORD YEAR NORMAL DEPARTURE LAST
                VALUE   (LST)  VALUE       VALUE  FROM      YEAR
                                                  NORMAL
..................................................................
TEMPERATURE (F)
 YESTERDAY
  MAXIMUM         74    238 PM  82    2003  68      6       56
  MINIMUM         45    346 AM  23    1999  43      2       33
  AVERAGE         60                        56      4       45

PRECIPITATION (IN)
  YESTERDAY        0.00                      0.13  -0.13     0.00
  MONTH TO DATE    6.98                      3.37   3.61     4.72
  SINCE SEP 1     10.56                      8.19   2.37     8.39
  SINCE JAN 1     33.69                     40.08  -6.39    39.46

SNOWFALL (IN)
  YESTERDAY        0.0                                       0.0
  MONTH TO DATE    0.0                                       0.0
  SINCE SEP 1      0.0                                       0.0
  SINCE JUL 1      0.0                                       0.0

DEGREE DAYS
 HEATING
  YESTERDAY        5                        10     -5       20
  MONTH TO DATE  140                       172    -32      206
  SINCE SEP 1    172                       223    -51      218
  SINCE JUL 1    176                       224    -48      218

 COOLING
  YESTERDAY        0                         0      0        0
  MONTH TO DATE   34                        18     16       44
  SINCE SEP 1    191                       176     15      261
  SINCE JAN 1   1226                      1301    -75     1390
..................................................................


WIND (MPH)
  HIGHEST WIND SPEED    14   HIGHEST WIND DIRECTION    SW (210)
  HIGHEST GUST SPEED    18   HIGHEST GUST DIRECTION    SW (230)
  AVERAGE WIND SPEED     3.7


SKY COVER
  POSSIBLE SUNSHINE  MM
  AVERAGE SKY COVER 0.0


WEATHER CONDITIONS
 THE FOLLOWING WEATHER WAS RECORDED YESTERDAY.
  FOG


RELATIVE HUMIDITY (PERCENT)
 HIGHEST   100          1200 AM
 LOWEST     61           100 PM
 AVERAGE    81

..........................................................


THE FAYETTEVILLE ARKANSAS CLIMATE NORMALS FOR TODAY
                         NORMAL    RECORD    YEAR
 MAXIMUM TEMPERATURE (F)   68        84      1950
 MINIMUM TEMPERATURE (F)   43        26      1982
                                             1965


SUNRISE AND SUNSET
OCTOBER 25 2014.......SUNRISE   733 AM CDT   SUNSET   628 PM CDT
OCTOBER 26 2014.......SUNRISE   733 AM CDT   SUNSET   627 PM CDT


-  INDICATES NEGATIVE NUMBERS.
R  INDICATES RECORD WAS SET OR TIED.
MM INDICATES DATA IS MISSING.
T  INDICATES TRACE AMOUNT.




$$
