000
CDUS43 KUNR 280831
CLIGCC


CLIMATE REPORT
NATIONAL WEATHER SERVICE RAPID CITY SD
231 AM MDT SUN AUG 28 2016


...................................

...THE GILLETTE AIRPORT WY CLIMATE SUMMARY FOR AUGUST 27 2016...

CLIMATE NORMAL PERIOD 1981 TO 2010
CLIMATE RECORD PERIOD 9999 TO 9999


WEATHER ITEM   OBSERVED TIME   NORMAL DEPARTURE LAST
                VALUE   (LST)  VALUE  FROM      YEAR
                                      NORMAL
......................................................
TEMPERATURE (F)
 YESTERDAY
  MAXIMUM         85    350 PM  83      2       84
  MINIMUM         51    608 AM  50      1       61
  AVERAGE         68            67      1       73

PRECIPITATION (IN)
  YESTERDAY        0.01          0.02  -0.01     0.01
  MONTH TO DATE    1.56          0.83   0.73     1.87
  SINCE JUN 1      3.32          4.70  -1.38     6.02
  SINCE JAN 1      9.16         10.36  -1.20    13.14

DEGREE DAYS
 HEATING
  YESTERDAY        0             2     -2        0
  MONTH TO DATE   47            28     19       43
  SINCE JUN 1     88           189   -101      104
  SINCE JUL 1     54            47      7       65

 COOLING
  YESTERDAY        3             4     -1        8
  MONTH TO DATE  127           164    -37      176
  SINCE JUN 1    521           438     83      414
  SINCE JAN 1    521           446     75      414
......................................................


WIND (MPH)
  HIGHEST WIND SPEED    22   HIGHEST WIND DIRECTION     S (180)
  HIGHEST GUST SPEED    25   HIGHEST GUST DIRECTION     S (180)
  AVERAGE WIND SPEED     9.6


SKY COVER
  AVERAGE SKY COVER 0.1


WEATHER CONDITIONS
 THE FOLLOWING WEATHER WAS RECORDED YESTERDAY.
  THUNDERSTORM
  LIGHT RAIN


RELATIVE HUMIDITY (PERCENT)
 HIGHEST    89           300 AM
 LOWEST     13           400 PM
 AVERAGE    51

..........................................................




SUNRISE AND SUNSET
AUGUST 28 2016........SUNRISE   621 AM MDT   SUNSET   744 PM MDT
AUGUST 29 2016........SUNRISE   622 AM MDT   SUNSET   743 PM MDT


-  INDICATES NEGATIVE NUMBERS.
R  INDICATES RECORD WAS SET OR TIED.
MM INDICATES DATA IS MISSING.
T  INDICATES TRACE AMOUNT.




$$
