000
CDUS43 KUNR 250848
CLIGCC


CLIMATE REPORT
NATIONAL WEATHER SERVICE RAPID CITY SD
244 AM MDT WED MAY 25 2016


...................................

...THE GILLETTE AIRPORT WY CLIMATE SUMMARY FOR MAY 24 2016...

CLIMATE NORMAL PERIOD 1981 TO 2010
CLIMATE RECORD PERIOD 9999 TO 9999


WEATHER ITEM   OBSERVED TIME   NORMAL DEPARTURE LAST
                VALUE   (LST)  VALUE  FROM      YEAR
                                      NORMAL
......................................................
TEMPERATURE (F)
 YESTERDAY
  MAXIMUM         72    214 PM  68      4       53
  MINIMUM         30    249 AM  42    -12       49
  AVERAGE         51            55     -4       51

PRECIPITATION (IN)
  YESTERDAY        0.12          0.09   0.03     0.68
  MONTH TO DATE    0.43          1.86  -1.43     3.68
  SINCE MAR 1      4.09          4.29  -0.20     5.33
  SINCE JAN 1      5.60          5.07   0.53     6.18

DEGREE DAYS
 HEATING
  YESTERDAY       14            10      4       14
  MONTH TO DATE  337           321     16      410
  SINCE MAR 1   1732          1929   -197     1719
  SINCE JUL 1   6463          7337   -874     6809

 COOLING
  YESTERDAY        0             0      0        0
  MONTH TO DATE    0             0      0        0
  SINCE MAR 1      0             0      0        0
  SINCE JAN 1      0             0      0        0
......................................................


WIND (MPH)
  HIGHEST WIND SPEED    36   HIGHEST WIND DIRECTION     S (170)
  HIGHEST GUST SPEED    44   HIGHEST GUST DIRECTION     S (170)
  AVERAGE WIND SPEED     5.9


SKY COVER
  AVERAGE SKY COVER 0.2


WEATHER CONDITIONS
 THE FOLLOWING WEATHER WAS RECORDED YESTERDAY.
  THUNDERSTORM
  RAIN
  LIGHT RAIN
  FOG


RELATIVE HUMIDITY (PERCENT)
 HIGHEST    93          1000 PM
 LOWEST     26           200 PM
 AVERAGE    60

..........................................................




SUNRISE AND SUNSET
MAY 25 2016...........SUNRISE   525 AM MDT   SUNSET   834 PM MDT
MAY 26 2016...........SUNRISE   524 AM MDT   SUNSET   835 PM MDT


-  INDICATES NEGATIVE NUMBERS.
R  INDICATES RECORD WAS SET OR TIED.
MM INDICATES DATA IS MISSING.
T  INDICATES TRACE AMOUNT.




$$
