000
CDUS43 KUNR 210833
CLIGCC


CLIMATE REPORT
NATIONAL WEATHER SERVICE RAPID CITY SD
132 AM MST WED FEB 21 2018


...................................

...THE GILLETTE AIRPORT WY CLIMATE SUMMARY FOR FEBRUARY 20 2018...

CLIMATE NORMAL PERIOD 1981 TO 2010
CLIMATE RECORD PERIOD 9999 TO 9999


WEATHER ITEM   OBSERVED TIME   NORMAL DEPARTURE LAST
                VALUE   (LST)  VALUE  FROM      YEAR
                                      NORMAL
......................................................
TEMPERATURE (F)
 YESTERDAY
  MAXIMUM          5        MM  39    -34       59
  MINIMUM        -16        MM  17    -33       32
  AVERAGE         -5            28    -33       46

PRECIPITATION (IN)
  YESTERDAY        0.00          0.01  -0.01     0.06
  MONTH TO DATE    1.10          0.30   0.80     0.24
  SINCE DEC 1      2.50          1.09   1.41     1.63
  SINCE JAN 1      1.79          0.69   1.10     0.78

DEGREE DAYS
 HEATING
  YESTERDAY       70            37     33       19
  MONTH TO DATE  977           768    209      639
  SINCE DEC 1   3303          3248     55     3093
  SINCE JUL 1   5074          5123    -49     4486

 COOLING
  YESTERDAY        0             0      0        0
  MONTH TO DATE    0             0      0        0
  SINCE DEC 1      0             0      0        0
  SINCE JAN 1      0             0      0        0
......................................................


WIND (MPH)
  HIGHEST WIND SPEED    13   HIGHEST WIND DIRECTION    SW (230)
  HIGHEST GUST SPEED    MM   HIGHEST GUST DIRECTION    MM
  AVERAGE WIND SPEED     8.3


SKY COVER
  AVERAGE SKY COVER 0.1


WEATHER CONDITIONS
 THE FOLLOWING WEATHER WAS RECORDED YESTERDAY.
  NO SIGNIFICANT WEATHER WAS OBSERVED.


RELATIVE HUMIDITY (PERCENT)
 HIGHEST    87          1200 AM
 LOWEST     59          1100 PM
 AVERAGE    73

..........................................................




SUNRISE AND SUNSET
FEBRUARY 21 2018......SUNRISE   652 AM MST   SUNSET   540 PM MST
FEBRUARY 22 2018......SUNRISE   651 AM MST   SUNSET   541 PM MST


-  INDICATES NEGATIVE NUMBERS.
R  INDICATES RECORD WAS SET OR TIED.
MM INDICATES DATA IS MISSING.
T  INDICATES TRACE AMOUNT.




$$
