000
CDUS43 KUNR 230831
CLIGCC


CLIMATE REPORT
NATIONAL WEATHER SERVICE RAPID CITY SD
131 AM MST THU NOV 23 2017


...................................

...THE GILLETTE AIRPORT WY CLIMATE SUMMARY FOR NOVEMBER 22 2017...

CLIMATE NORMAL PERIOD 1981 TO 2010
CLIMATE RECORD PERIOD 9999 TO 9999


WEATHER ITEM   OBSERVED TIME   NORMAL DEPARTURE LAST
                VALUE   (LST)  VALUE  FROM      YEAR
                                      NORMAL
......................................................
TEMPERATURE (F)
 YESTERDAY
  MAXIMUM         66   1144 AM  41     25       45
  MINIMUM         42   1122 PM  18     24       27
  AVERAGE         54            30     24       36

PRECIPITATION (IN)
  YESTERDAY        0.00          0.02  -0.02     0.00
  MONTH TO DATE    0.41          0.43  -0.02     0.27
  SINCE SEP 1      3.11          2.89   0.22     4.22
  SINCE JAN 1     13.26         13.37  -0.11    13.38

DEGREE DAYS
 HEATING
  YESTERDAY       11            35    -24       29
  MONTH TO DATE  657           666     -9      441
  SINCE SEP 1   1548          1518     30     1099
  SINCE JUL 1   1583          1575      8     1153

 COOLING
  YESTERDAY        0             0      0        0
  MONTH TO DATE    0             0      0        0
  SINCE SEP 1     65            42     23       25
  SINCE JAN 1    617           502    115      569
......................................................


WIND (MPH)
  HIGHEST WIND SPEED    21   HIGHEST WIND DIRECTION    NW (310)
  HIGHEST GUST SPEED    24   HIGHEST GUST DIRECTION    NW (320)
  AVERAGE WIND SPEED    10.2


SKY COVER
  AVERAGE SKY COVER 0.2


WEATHER CONDITIONS
 THE FOLLOWING WEATHER WAS RECORDED YESTERDAY.
  NO SIGNIFICANT WEATHER WAS OBSERVED.


RELATIVE HUMIDITY (PERCENT)
 HIGHEST    76          1000 PM
 LOWEST     31          1100 AM
 AVERAGE    54

..........................................................




SUNRISE AND SUNSET
NOVEMBER 23 2017......SUNRISE   709 AM MST   SUNSET   428 PM MST
NOVEMBER 24 2017......SUNRISE   710 AM MST   SUNSET   427 PM MST


-  INDICATES NEGATIVE NUMBERS.
R  INDICATES RECORD WAS SET OR TIED.
MM INDICATES DATA IS MISSING.
T  INDICATES TRACE AMOUNT.




$$
