000
CDUS43 KUNR 300831
CLIGCC


CLIMATE REPORT
NATIONAL WEATHER SERVICE RAPID CITY SD
231 AM MDT THU JUL 30 2015


...................................

...THE GILLETTE AIRPORT WY CLIMATE SUMMARY FOR JULY 29 2015...

CLIMATE NORMAL PERIOD 1981 TO 2010
CLIMATE RECORD PERIOD 9999 TO 9999


WEATHER ITEM   OBSERVED TIME   NORMAL DEPARTURE LAST
                VALUE   (LST)  VALUE  FROM      YEAR
                                      NORMAL
......................................................
TEMPERATURE (F)
 YESTERDAY
  MAXIMUM         81    427 PM  88     -7       73
  MINIMUM         50   1159 PM  57     -7       59
  AVERAGE         66            72     -6       66

PRECIPITATION (IN)
  YESTERDAY        0.00          0.05  -0.05     0.22
  MONTH TO DATE    1.04          1.56  -0.52     0.38
  SINCE JUN 1      4.15          3.77   0.38     3.51
  SINCE JAN 1     11.27          9.43   1.84    13.11

DEGREE DAYS
 HEATING
  YESTERDAY        0             0      0        0
  MONTH TO DATE   22            14      8       13
  SINCE JUN 1     61           156    -95      205
  SINCE JUL 1     22            14      8       13

 COOLING
  YESTERDAY        1             8     -7        1
  MONTH TO DATE  153           200    -47      170
  SINCE JUN 1    227           260    -33      185
  SINCE JAN 1    227           268    -41      193
......................................................


WIND (MPH)
  HIGHEST WIND SPEED    15   HIGHEST WIND DIRECTION    SW (240)
  HIGHEST GUST SPEED    22   HIGHEST GUST DIRECTION     W (250)
  AVERAGE WIND SPEED     7.1


SKY COVER
  AVERAGE SKY COVER 0.0


WEATHER CONDITIONS
 THE FOLLOWING WEATHER WAS RECORDED YESTERDAY.
  NO SIGNIFICANT WEATHER WAS OBSERVED.


RELATIVE HUMIDITY (PERCENT)
 HIGHEST    59          1000 PM
 LOWEST     17           200 PM
 AVERAGE    38

..........................................................




SUNRISE AND SUNSET
JULY 30 2015..........SUNRISE   547 AM MDT   SUNSET   830 PM MDT
JULY 31 2015..........SUNRISE   548 AM MDT   SUNSET   828 PM MDT


-  INDICATES NEGATIVE NUMBERS.
R  INDICATES RECORD WAS SET OR TIED.
MM INDICATES DATA IS MISSING.
T  INDICATES TRACE AMOUNT.




$$
