000
CDUS43 KUNR 250832
CLIGCC


CLIMATE REPORT
NATIONAL WEATHER SERVICE RAPID CITY SD
131 AM MST SAT FEB 25 2017


...................................

...THE GILLETTE AIRPORT WY CLIMATE SUMMARY FOR FEBRUARY 24 2017...

CLIMATE NORMAL PERIOD 1981 TO 2010
CLIMATE RECORD PERIOD 9999 TO 9999


WEATHER ITEM   OBSERVED TIME   NORMAL DEPARTURE LAST
                VALUE   (LST)  VALUE  FROM      YEAR
                                      NORMAL
......................................................
TEMPERATURE (F)
 YESTERDAY
  MAXIMUM         28    341 PM  40    -12       39
  MINIMUM         17   1132 PM  18     -1       12
  AVERAGE         23            29     -6       26

PRECIPITATION (IN)
  YESTERDAY        0.02          0.01   0.01     0.00
  MONTH TO DATE    0.29          0.34  -0.05     0.96
  SINCE DEC 1      1.68          1.13   0.55     1.84
  SINCE JAN 1      0.83          0.73   0.10     1.36

DEGREE DAYS
 HEATING
  YESTERDAY       42            36      6       39
  MONTH TO DATE  756           913   -157      741
  SINCE DEC 1   3210          3393   -183     3052
  SINCE JUL 1   4603          5268   -665     4612

 COOLING
  YESTERDAY        0             0      0        0
  MONTH TO DATE    0             0      0        0
  SINCE DEC 1      0             0      0        0
  SINCE JAN 1      0             0      0        0
......................................................


WIND (MPH)
  HIGHEST WIND SPEED    15   HIGHEST WIND DIRECTION     S (180)
  HIGHEST GUST SPEED    18   HIGHEST GUST DIRECTION     S (180)
  AVERAGE WIND SPEED     7.8


SKY COVER
  AVERAGE SKY COVER 0.9


WEATHER CONDITIONS
 THE FOLLOWING WEATHER WAS RECORDED YESTERDAY.
  LIGHT SNOW
  FOG
  HAZE


RELATIVE HUMIDITY (PERCENT)
 HIGHEST    92           400 AM
 LOWEST     74           500 PM
 AVERAGE    83

..........................................................




SUNRISE AND SUNSET
FEBRUARY 25 2017......SUNRISE   645 AM MST   SUNSET   545 PM MST
FEBRUARY 26 2017......SUNRISE   644 AM MST   SUNSET   547 PM MST


-  INDICATES NEGATIVE NUMBERS.
R  INDICATES RECORD WAS SET OR TIED.
MM INDICATES DATA IS MISSING.
T  INDICATES TRACE AMOUNT.




$$
