000
CDUS43 KUNR 030831
CLIGCC


CLIMATE REPORT
NATIONAL WEATHER SERVICE RAPID CITY SD
130 AM MST SAT DEC 3 2016


...................................

...THE GILLETTE AIRPORT WY CLIMATE SUMMARY FOR DECEMBER 2 2016...

CLIMATE NORMAL PERIOD 1981 TO 2010
CLIMATE RECORD PERIOD 9999 TO 9999


WEATHER ITEM   OBSERVED TIME   NORMAL DEPARTURE LAST
                VALUE   (LST)  VALUE  FROM      YEAR
                                      NORMAL
......................................................
TEMPERATURE (F)
 YESTERDAY
  MAXIMUM         37    129 PM  36      1       36
  MINIMUM         20    446 PM  15      5       13
  AVERAGE         29            26      3       25

PRECIPITATION (IN)
  YESTERDAY        0.00          0.02  -0.02     0.00
  MONTH TO DATE    0.00          0.04  -0.04     0.00
  SINCE DEC 1      0.00          0.04  -0.04     0.00
  SINCE JAN 1     13.39         13.53  -0.14    14.64

DEGREE DAYS
 HEATING
  YESTERDAY       36            39     -3       40
  MONTH TO DATE   76            78     -2       79
  SINCE DEC 1     76            78     -2       79
  SINCE JUL 1   1469          1953   -484     1639

 COOLING
  YESTERDAY        0             0      0        0
  MONTH TO DATE    0             0      0        0
  SINCE DEC 1      0             0      0        0
  SINCE JAN 1    569           502     67      545
......................................................


WIND (MPH)
  HIGHEST WIND SPEED    24   HIGHEST WIND DIRECTION     S (200)
  HIGHEST GUST SPEED    28   HIGHEST GUST DIRECTION     S (200)
  AVERAGE WIND SPEED     9.9


SKY COVER
  AVERAGE SKY COVER 0.3


WEATHER CONDITIONS
 THE FOLLOWING WEATHER WAS RECORDED YESTERDAY.
  NO SIGNIFICANT WEATHER WAS OBSERVED.


RELATIVE HUMIDITY (PERCENT)
 HIGHEST   100           700 AM
 LOWEST     51           400 PM
 AVERAGE    76

..........................................................




SUNRISE AND SUNSET
DECEMBER  3 2016......SUNRISE   721 AM MST   SUNSET   423 PM MST
DECEMBER  4 2016......SUNRISE   722 AM MST   SUNSET   423 PM MST


-  INDICATES NEGATIVE NUMBERS.
R  INDICATES RECORD WAS SET OR TIED.
MM INDICATES DATA IS MISSING.
T  INDICATES TRACE AMOUNT.




$$
