606
CDUS43 KDDC 241428
CLIGCK


CLIMATE REPORT
NATIONAL WEATHER SERVICE DODGE CITY KS
827 AM CST FRI NOV 24 2017


...................................

...THE GARDEN CITY REGIONAL ARPT KS CLIMATE SUMMARY FOR NOVEMBER 24 2017...
VALID AS OF 0800 AM LOCAL TIME.

CLIMATE NORMAL PERIOD 1981 TO 2010
CLIMATE RECORD PERIOD 1948 TO 2017


WEATHER ITEM   OBSERVED TIME   RECORD YEAR NORMAL DEPARTURE LAST
                VALUE   (LST)  VALUE       VALUE  FROM      YEAR
                                                  NORMAL
..................................................................
TEMPERATURE (F)
 TODAY
  MAXIMUM         49   1207 AM  81    1990  51     -2       61
  MINIMUM         33    748 AM   2    1982  24      9       29
  AVERAGE         41                        38      3       45

PRECIPITATION (IN)
  TODAY            0.00          0.39 1992   0.02  -0.02     0.00
  MONTH TO DATE    0.01                      0.45  -0.44     0.07
  SINCE SEP 1      5.75                      3.20   2.55     0.26
  SINCE JAN 1     20.57                     18.85   1.72    20.09

..................................................................


WIND (MPH)
  HIGHEST WIND SPEED    10   HIGHEST WIND DIRECTION     W (270)
  HIGHEST GUST SPEED    14   HIGHEST GUST DIRECTION    SW (240)



WEATHER CONDITIONS
 THE FOLLOWING WEATHER WAS RECORDED TODAY.
  NO SIGNIFICANT WEATHER WAS OBSERVED.


RELATIVE HUMIDITY (PERCENT)
 HIGHEST    89           800 AM
 LOWEST     61          1200 AM

..........................................................


THE GARDEN CITY REGIONAL ARPT KS CLIMATE NORMALS FOR TOMORROW
                         NORMAL    RECORD    YEAR
 MAXIMUM TEMPERATURE (F)   51        82      1981
 MINIMUM TEMPERATURE (F)   24         3      1993


SUNRISE AND SUNSET
NOVEMBER 24 2017......SUNRISE   733 AM CST   SUNSET   526 PM CST
NOVEMBER 25 2017......SUNRISE   734 AM CST   SUNSET   525 PM CST


-  INDICATES NEGATIVE NUMBERS.
R  INDICATES RECORD WAS SET OR TIED.
MM INDICATES DATA IS MISSING.
T  INDICATES TRACE AMOUNT.




$$
