000
CDUS43 KDDC 020707
CLIGCK


CLIMATE REPORT
NATIONAL WEATHER SERVICE DODGE CITY KS
206 AM CDT MON MAY 2 2016


...................................

...THE GARDEN CITY REGIONAL ARPT KS CLIMATE SUMMARY FOR MAY 1 2016...

CLIMATE NORMAL PERIOD 1981 TO 2010
CLIMATE RECORD PERIOD 1948 TO 2016


WEATHER ITEM   OBSERVED TIME   RECORD YEAR NORMAL DEPARTURE LAST
                VALUE   (LST)  VALUE       VALUE  FROM      YEAR
                                                  NORMAL
..................................................................
TEMPERATURE (F)
 YESTERDAY
  MAXIMUM         48    459 PM  98    1992  72    -24       80
  MINIMUM         38    659 AM  26    1967  45     -7       52
  AVERAGE         43                        58    -15       66

PRECIPITATION (IN)
  YESTERDAY        0.00          1.12 1978   0.07  -0.07     0.00
  MONTH TO DATE    0.00                      0.07  -0.07     0.00
  SINCE MAR 1      4.54                      3.25   1.29     0.68
  SINCE JAN 1      4.76                      4.13   0.63     1.45

DEGREE DAYS
 HEATING
  YESTERDAY       22                         8     14
  MONTH TO DATE   22                         8     14
  SINCE MAR 1    871                      1046   -175
  SINCE JUL 1   4284                      5070   -786

 COOLING
  YESTERDAY        0                         1     -1
  MONTH TO DATE    0                         1     -1
  SINCE MAR 1      5                        13     -8
  SINCE JAN 1      6                        13     -7
..................................................................


WIND (MPH)
  HIGHEST WIND SPEED    31   HIGHEST WIND DIRECTION     N (360)
  HIGHEST GUST SPEED    39   HIGHEST GUST DIRECTION     N (340)
  AVERAGE WIND SPEED    16.3



WEATHER CONDITIONS
 THE FOLLOWING WEATHER WAS RECORDED YESTERDAY.
  NO SIGNIFICANT WEATHER WAS OBSERVED.


RELATIVE HUMIDITY (PERCENT)
 HIGHEST    89           900 PM
 LOWEST     70          1200 PM
 AVERAGE    80

..........................................................


THE GARDEN CITY REGIONAL ARPT KS CLIMATE NORMALS FOR TODAY
                         NORMAL    RECORD    YEAR
 MAXIMUM TEMPERATURE (F)   73        99      1965
 MINIMUM TEMPERATURE (F)   45        28      1967


SUNRISE AND SUNSET
MAY  2 2016...........SUNRISE   645 AM CDT   SUNSET   835 PM CDT
MAY  3 2016...........SUNRISE   644 AM CDT   SUNSET   836 PM CDT


-  INDICATES NEGATIVE NUMBERS.
R  INDICATES RECORD WAS SET OR TIED.
MM INDICATES DATA IS MISSING.
T  INDICATES TRACE AMOUNT.




$$
