995
CDUS43 KDDC 281425
CLIGCK


CLIMATE REPORT
NATIONAL WEATHER SERVICE DODGE CITY KS
825 AM CST TUE FEB 28 2017


...................................

...THE GARDEN CITY REGIONAL ARPT KS CLIMATE SUMMARY FOR FEBRUARY 28 2017...
VALID AS OF 0800 AM LOCAL TIME.

CLIMATE NORMAL PERIOD 1981 TO 2010
CLIMATE RECORD PERIOD 1948 TO 2017


WEATHER ITEM   OBSERVED TIME   RECORD YEAR NORMAL DEPARTURE LAST
                VALUE   (LST)  VALUE       VALUE  FROM      YEAR
                                                  NORMAL
..................................................................
TEMPERATURE (F)
 TODAY
  MAXIMUM         44   1253 AM  84    2006  52     -8       65
                                      1972
  MINIMUM         30    724 AM  -9    1962  25      5       33
  AVERAGE         37                        39     -2       49

PRECIPITATION (IN)
  TODAY            0.00          0.37 2003   0.02  -0.02     0.00
  MONTH TO DATE    0.01                      0.54  -0.53     0.19
  SINCE DEC 1      1.59                      1.40   0.19     1.32
  SINCE JAN 1      1.29                      0.88   0.41     0.22

..................................................................


WIND (MPH)
  HIGHEST WIND SPEED    16   HIGHEST WIND DIRECTION     N (350)
  HIGHEST GUST SPEED    19   HIGHEST GUST DIRECTION     N (350)



WEATHER CONDITIONS
 THE FOLLOWING WEATHER WAS RECORDED TODAY.
  NO SIGNIFICANT WEATHER WAS OBSERVED.


RELATIVE HUMIDITY (PERCENT)
 HIGHEST    63           700 AM
 LOWEST     29          1200 AM

..........................................................


THE GARDEN CITY REGIONAL ARPT KS CLIMATE NORMALS FOR TOMORROW
                         NORMAL    RECORD    YEAR
 MAXIMUM TEMPERATURE (F)   53        80      2008
                                             1974
 MINIMUM TEMPERATURE (F)   25        -1      1980


SUNRISE AND SUNSET
FEBRUARY 28 2017......SUNRISE   715 AM CST   SUNSET   636 PM CST
MARCH  1 2017.........SUNRISE   714 AM CST   SUNSET   637 PM CST


-  INDICATES NEGATIVE NUMBERS.
R  INDICATES RECORD WAS SET OR TIED.
MM INDICATES DATA IS MISSING.
T  INDICATES TRACE AMOUNT.




$$
