000
CDUS43 KDDC 270707
CLIGCK


CLIMATE REPORT
NATIONAL WEATHER SERVICE DODGE CITY KS
206 AM CDT THU JUL 27 2017


...................................

...THE GARDEN CITY REGIONAL ARPT KS CLIMATE SUMMARY FOR JULY 26 2017...

CLIMATE NORMAL PERIOD 1981 TO 2010
CLIMATE RECORD PERIOD 1948 TO 2017


WEATHER ITEM   OBSERVED TIME   RECORD YEAR NORMAL DEPARTURE LAST
                VALUE   (LST)  VALUE       VALUE  FROM      YEAR
                                                  NORMAL
..................................................................
TEMPERATURE (F)
 YESTERDAY
  MAXIMUM         92    502 PM 105    1960  92      0       88
  MINIMUM         75   1159 PM  53    2004  65     10       67
  AVERAGE         84                        78      6       78

PRECIPITATION (IN)
  YESTERDAY        0.00          1.67 1981   0.09  -0.09     0.00
  MONTH TO DATE    2.56                      2.34   0.22     7.20
  SINCE JUN 1      3.21                      5.82  -2.61    12.28
  SINCE JAN 1     11.52                     12.76  -1.24    17.74

DEGREE DAYS
 HEATING
  YESTERDAY        0                         0      0
  MONTH TO DATE    0                         0      0
  SINCE JUN 1      0                        16    -16
  SINCE JUL 1      0                         0      0

 COOLING
  YESTERDAY       19                        13      6
  MONTH TO DATE  408                       346     62
  SINCE JUN 1    743                       598    145
  SINCE JAN 1    833                       687    146
..................................................................


WIND (MPH)
  HIGHEST WIND SPEED    20   HIGHEST WIND DIRECTION     N (10)
  HIGHEST GUST SPEED    26   HIGHEST GUST DIRECTION     S (170)
  AVERAGE WIND SPEED    12.5



WEATHER CONDITIONS
 THE FOLLOWING WEATHER WAS RECORDED YESTERDAY.
  NO SIGNIFICANT WEATHER WAS OBSERVED.


RELATIVE HUMIDITY (PERCENT)
 HIGHEST    76          1100 PM
 LOWEST     41           500 PM
 AVERAGE    59

..........................................................


THE GARDEN CITY REGIONAL ARPT KS CLIMATE NORMALS FOR TODAY
                         NORMAL    RECORD    YEAR
 MAXIMUM TEMPERATURE (F)   92       108      1960
 MINIMUM TEMPERATURE (F)   65        49      2005


SUNRISE AND SUNSET
JULY 27 2017..........SUNRISE   642 AM CDT   SUNSET   856 PM CDT
JULY 28 2017..........SUNRISE   643 AM CDT   SUNSET   855 PM CDT


-  INDICATES NEGATIVE NUMBERS.
R  INDICATES RECORD WAS SET OR TIED.
MM INDICATES DATA IS MISSING.
T  INDICATES TRACE AMOUNT.




$$
