000
CDUS43 KDDC 210707
CLIGCK


CLIMATE REPORT
NATIONAL WEATHER SERVICE DODGE CITY KS
206 AM CDT THU SEP 21 2017


...................................

...THE GARDEN CITY REGIONAL ARPT KS CLIMATE SUMMARY FOR SEPTEMBER 20 2017...

CLIMATE NORMAL PERIOD 1981 TO 2010
CLIMATE RECORD PERIOD 1948 TO 2017


WEATHER ITEM   OBSERVED TIME   RECORD YEAR NORMAL DEPARTURE LAST
                VALUE   (LST)  VALUE       VALUE  FROM      YEAR
                                                  NORMAL
..................................................................
TEMPERATURE (F)
 YESTERDAY
  MAXIMUM         84    437 PM  99    2016  80      4       99
  MINIMUM         51    649 AM  32    1983  52     -1       59
  AVERAGE         68                        66      2       79

PRECIPITATION (IN)
  YESTERDAY        0.00          2.05 1965   0.05  -0.05     0.00
  MONTH TO DATE    1.10                      1.03   0.07     0.19
  SINCE SEP 1      1.10                      1.03   0.07     0.19
  SINCE JAN 1     15.92                     16.68  -0.76    20.02

DEGREE DAYS
 HEATING
  YESTERDAY        0                         3     -3
  MONTH TO DATE   12                        26    -14
  SINCE SEP 1     12                        26    -14
  SINCE JUL 1     12                        30    -18

 COOLING
  YESTERDAY        3                         4     -1
  MONTH TO DATE  156                       132     24
  SINCE SEP 1    156                       132     24
  SINCE JAN 1   1303                      1248     55
..................................................................


WIND (MPH)
  HIGHEST WIND SPEED    25   HIGHEST WIND DIRECTION     N (20)
  HIGHEST GUST SPEED    31   HIGHEST GUST DIRECTION     N (20)
  AVERAGE WIND SPEED    12.1



WEATHER CONDITIONS
 THE FOLLOWING WEATHER WAS RECORDED YESTERDAY.
  NO SIGNIFICANT WEATHER WAS OBSERVED.


RELATIVE HUMIDITY (PERCENT)
 HIGHEST    60          1100 PM
 LOWEST     16           100 PM
 AVERAGE    38

..........................................................


THE GARDEN CITY REGIONAL ARPT KS CLIMATE NORMALS FOR TODAY
                         NORMAL    RECORD    YEAR
 MAXIMUM TEMPERATURE (F)   80        99      2005
 MINIMUM TEMPERATURE (F)   52        28      1983


SUNRISE AND SUNSET
SEPTEMBER 21 2017.....SUNRISE   730 AM CDT   SUNSET   741 PM CDT
SEPTEMBER 22 2017.....SUNRISE   731 AM CDT   SUNSET   739 PM CDT


-  INDICATES NEGATIVE NUMBERS.
R  INDICATES RECORD WAS SET OR TIED.
MM INDICATES DATA IS MISSING.
T  INDICATES TRACE AMOUNT.




$$
