000
CDUS43 KDDC 042332
CLIGCK


CLIMATE REPORT
NATIONAL WEATHER SERVICE DODGE CITY KS
632 PM CDT TUE AUG 4 2015


...................................

...THE GARDEN CITY REGIONAL ARPT KS CLIMATE SUMMARY FOR AUGUST 4 2015...
VALID TODAY AS OF 0500 PM LOCAL TIME.

CLIMATE NORMAL PERIOD 1981 TO 2010
CLIMATE RECORD PERIOD 1948 TO 2015


WEATHER ITEM   OBSERVED TIME   RECORD YEAR NORMAL DEPARTURE LAST
                VALUE   (LST)  VALUE       VALUE  FROM      YEAR
                                                  NORMAL
..................................................................
TEMPERATURE (F)
 TODAY
  MAXIMUM         89    355 PM 105    2008  91     -2       90
  MINIMUM         66    642 AM  55    1974  65      1       62
  AVERAGE         78                        78      0       76

PRECIPITATION (IN)
  TODAY            0.00          0.88 2013   0.10  -0.10     0.00
  MONTH TO DATE    0.00                      0.39  -0.39     0.00
  SINCE JUN 1      9.08                      6.65   2.43    14.44
  SINCE JAN 1     17.90                     13.59   4.31    15.80

DEGREE DAYS
 HEATING
  TODAY            0                         0      0        0
  MONTH TO DATE    0                         0      0        0
  SINCE JUN 1      0                        17    -17       21
  SINCE JUL 1      0                         1     -1       10

 COOLING
  TODAY           13                        13      0       11
  MONTH TO DATE   55                        52      3       38
  SINCE JUN 1    811                       714     97      654
  SINCE JAN 1    841                       803     38      797
..................................................................


WIND (MPH)
  HIGHEST WIND SPEED    20   HIGHEST WIND DIRECTION     S (170)
  HIGHEST GUST SPEED    26   HIGHEST GUST DIRECTION     S (180)
  AVERAGE WIND SPEED     9.8



WEATHER CONDITIONS
 THE FOLLOWING WEATHER WAS RECORDED TODAY.
  FOG


RELATIVE HUMIDITY (PERCENT)
 HIGHEST    90           300 AM
 LOWEST     41           400 PM
 AVERAGE    66

..........................................................


THE GARDEN CITY REGIONAL ARPT KS CLIMATE NORMALS FOR TOMORROW
                         NORMAL    RECORD    YEAR
 MAXIMUM TEMPERATURE (F)   91       105      1980
 MINIMUM TEMPERATURE (F)   65        54      1978


SUNRISE AND SUNSET
AUGUST  4 2015........SUNRISE   648 AM CDT   SUNSET   849 PM CDT
AUGUST  5 2015........SUNRISE   649 AM CDT   SUNSET   848 PM CDT


-  INDICATES NEGATIVE NUMBERS.
R  INDICATES RECORD WAS SET OR TIED.
MM INDICATES DATA IS MISSING.
T  INDICATES TRACE AMOUNT.




$$
