000
CDUS41 KPHI 230635
CLIGED


CLIMATE REPORT
NATIONAL WEATHER SERVICE MOUNT HOLLY NJ
134 AM EST THU FEB 23 2017


...................................

...THE GEORGETOWN DE CLIMATE SUMMARY FOR FEBRUARY 22 2017...

CLIMATE NORMAL PERIOD 1981 TO 2010
CLIMATE RECORD PERIOD 1948 TO 2017


WEATHER ITEM   OBSERVED TIME   RECORD YEAR NORMAL DEPARTURE LAST
                VALUE   (LST)  VALUE       VALUE  FROM      YEAR
                                                  NORMAL
..................................................................
TEMPERATURE (F)
 YESTERDAY
  MAXIMUM         64    121 PM  72    1997  48     16       51
  MINIMUM         38    124 AM  10    1963  29      9       37
  AVERAGE         51                        39     12       44

PRECIPITATION (IN)
  YESTERDAY        0.00          1.03 2003   0.10  -0.10      T
  MONTH TO DATE    0.56                      2.17  -1.61     2.79
  SINCE DEC 1      6.49                      8.38  -1.89     9.82
  SINCE JAN 1      3.69                      5.09  -1.40     5.66

DEGREE DAYS
 HEATING
  YESTERDAY       14                        26    -12       21
  MONTH TO DATE  472                       616   -144      589
  SINCE DEC 1   1992                      2342   -350     1904
  SINCE JUL 1   2626                      3126   -500     2544

 COOLING
  YESTERDAY        0                         0      0        0
  MONTH TO DATE    0                         0      0        0
  SINCE DEC 1      0                         0      0        9
  SINCE JAN 1      0                         0      0        0
..................................................................


WIND (MPH)
  HIGHEST WIND SPEED    17   HIGHEST WIND DIRECTION    SW (220)
  HIGHEST GUST SPEED    22   HIGHEST GUST DIRECTION    SW (210)
  AVERAGE WIND SPEED     4.6


SKY COVER
  POSSIBLE SUNSHINE  MM
  AVERAGE SKY COVER 0.2


WEATHER CONDITIONS
 THE FOLLOWING WEATHER WAS RECORDED YESTERDAY.
  FOG


RELATIVE HUMIDITY (PERCENT)
 HIGHEST    96          1000 PM
 LOWEST     65           100 PM
 AVERAGE    81

..........................................................


THE GEORGETOWN DE CLIMATE NORMALS FOR TODAY
                         NORMAL    RECORD    YEAR
 MAXIMUM TEMPERATURE (F)   48        67      1990
 MINIMUM TEMPERATURE (F)   30         5      1963


SUNRISE AND SUNSET
FEBRUARY 23 2017......SUNRISE   642 AM EST   SUNSET   548 PM EST
FEBRUARY 24 2017......SUNRISE   640 AM EST   SUNSET   549 PM EST


-  INDICATES NEGATIVE NUMBERS.
R  INDICATES RECORD WAS SET OR TIED.
MM INDICATES DATA IS MISSING.
T  INDICATES TRACE AMOUNT.




$$
