000
CDUS41 KPHI 180601
CLIGED


CLIMATE REPORT
NATIONAL WEATHER SERVICE MOUNT HOLLY NJ
100 AM EST SUN FEB 18 2018


...................................

...THE GEORGETOWN DE CLIMATE SUMMARY FOR FEBRUARY 17 2018...

CLIMATE NORMAL PERIOD 1981 TO 2010
CLIMATE RECORD PERIOD 1948 TO 2018


WEATHER ITEM   OBSERVED TIME   RECORD YEAR NORMAL DEPARTURE LAST
                VALUE   (LST)  VALUE       VALUE  FROM      YEAR
                                                  NORMAL
..................................................................
TEMPERATURE (F)
 YESTERDAY
  MAXIMUM         44   1210 PM  72    1976  47     -3       49
  MINIMUM         30    713 AM   3    1979  29      1       26
  AVERAGE         37                        38     -1       38

PRECIPITATION (IN)
  YESTERDAY        0.61          1.01 1952   0.10   0.51     0.00
  MONTH TO DATE    3.82                      1.67   2.15     0.56
  SINCE DEC 1      7.63                      7.88  -0.25     6.49
  SINCE JAN 1      6.67                      4.59   2.08     3.69

DEGREE DAYS
 HEATING
  YESTERDAY       28                        27      1       27
  MONTH TO DATE  388                       483    -95      400
  SINCE DEC 1   2187                      2209    -22     1920
  SINCE JUL 1   2804                      2993   -189     2554

 COOLING
  YESTERDAY        0                         0      0        0
  MONTH TO DATE    0                         0      0        0
  SINCE DEC 1      0                         0      0        0
  SINCE JAN 1      0                         0      0        0
..................................................................


WIND (MPH)
  HIGHEST WIND SPEED    14   HIGHEST WIND DIRECTION     E (100)
  HIGHEST GUST SPEED    20   HIGHEST GUST DIRECTION     E (90)
  AVERAGE WIND SPEED     5.8


SKY COVER
  POSSIBLE SUNSHINE  MM
  AVERAGE SKY COVER 0.3


WEATHER CONDITIONS
 THE FOLLOWING WEATHER WAS RECORDED YESTERDAY.
  RAIN
  LIGHT RAIN
  FOG


RELATIVE HUMIDITY (PERCENT)
 HIGHEST    92           600 PM
 LOWEST     44           900 AM
 AVERAGE    68

..........................................................


THE GEORGETOWN DE CLIMATE NORMALS FOR TODAY
                         NORMAL    RECORD    YEAR
 MAXIMUM TEMPERATURE (F)   47        76      1976
 MINIMUM TEMPERATURE (F)   29        -3      1979


SUNRISE AND SUNSET
FEBRUARY 18 2018......SUNRISE   649 AM EST   SUNSET   543 PM EST
FEBRUARY 19 2018......SUNRISE   647 AM EST   SUNSET   544 PM EST


-  INDICATES NEGATIVE NUMBERS.
R  INDICATES RECORD WAS SET OR TIED.
MM INDICATES DATA IS MISSING.
T  INDICATES TRACE AMOUNT.




$$
