000
CDUS41 KPHI 230627
CLIGED


CLIMATE REPORT
NATIONAL WEATHER SERVICE MOUNT HOLLY NJ
226 AM EDT TUE SEP 23 2014


...................................

...THE GEORGETOWN DE CLIMATE SUMMARY FOR SEPTEMBER 22 2014...

CLIMATE NORMAL PERIOD 1981 TO 2010
CLIMATE RECORD PERIOD 1948 TO 2014


WEATHER ITEM   OBSERVED TIME   RECORD YEAR NORMAL DEPARTURE LAST
                VALUE   (LST)  VALUE       VALUE  FROM      YEAR
                                                  NORMAL
..................................................................
TEMPERATURE (F)
 YESTERDAY
  MAXIMUM         74    252 PM  92    2010  76     -2       75
  MINIMUM         56   1159 PM  34    1962  57     -1       55
  AVERAGE         65                        66     -1       65

PRECIPITATION (IN)
  YESTERDAY        0.00          2.03 1979   0.11  -0.11     0.07
  MONTH TO DATE    1.28                      3.10  -1.82     0.69
  SINCE SEP 1      1.28                      3.10  -1.82     0.69
  SINCE JAN 1     31.58                     32.37  -0.79    42.68

SNOWFALL (IN)
  YESTERDAY       MM            MM      MM  MM     MM       MM
  MONTH TO DATE   MM                        MM     MM       MM
  SINCE SEP 1     MM                        MM     MM       MM
  SINCE JUL 1     MM                        MM     MM       MM
  SNOW DEPTH      MM

DEGREE DAYS
 HEATING
  YESTERDAY        0                         2     -2        0
  MONTH TO DATE    6                        15     -9       27
  SINCE SEP 1      6                        15     -9       27
  SINCE JUL 1      6                        16    -10       27

 COOLING
  YESTERDAY        0                         3     -3        0
  MONTH TO DATE  159                       123     36      136
  SINCE SEP 1    159                       123     36      136
  SINCE JAN 1   1110                      1152    -42     1323
..................................................................


WIND (MPH)
  HIGHEST WIND SPEED    14   HIGHEST WIND DIRECTION     W (260)
  HIGHEST GUST SPEED    27   HIGHEST GUST DIRECTION     W (260)
  AVERAGE WIND SPEED     5.8


SKY COVER
  POSSIBLE SUNSHINE  MM
  AVERAGE SKY COVER 0.2


WEATHER CONDITIONS
 THE FOLLOWING WEATHER WAS RECORDED YESTERDAY.
  NO SIGNIFICANT WEATHER WAS OBSERVED.


RELATIVE HUMIDITY (PERCENT)
 HIGHEST    79          1200 AM
 LOWEST     41          1000 AM
 AVERAGE    60

..........................................................


THE GEORGETOWN DE CLIMATE NORMALS FOR TODAY
                         NORMAL    RECORD    YEAR
 MAXIMUM TEMPERATURE (F)   76        94      1970
 MINIMUM TEMPERATURE (F)   56        35      1976


SUNRISE AND SUNSET
SEPTEMBER 23 2014.....SUNRISE   650 AM EDT   SUNSET   657 PM EDT
SEPTEMBER 24 2014.....SUNRISE   651 AM EDT   SUNSET   655 PM EDT


-  INDICATES NEGATIVE NUMBERS.
R  INDICATES RECORD WAS SET OR TIED.
MM INDICATES DATA IS MISSING.
T  INDICATES TRACE AMOUNT.




$$
