000
CDUS41 KPHI 212132
CLIGED


CLIMATE REPORT
NATIONAL WEATHER SERVICE MOUNT HOLLY NJ
529 PM EDT MON AUG 21 2017


...................................

...THE GEORGETOWN DE CLIMATE SUMMARY FOR AUGUST 21 2017...
VALID TODAY AS OF 0500 PM LOCAL TIME.

CLIMATE NORMAL PERIOD 1981 TO 2010
CLIMATE RECORD PERIOD 1948 TO 2017


WEATHER ITEM   OBSERVED TIME   RECORD YEAR NORMAL DEPARTURE LAST
                VALUE   (LST)  VALUE       VALUE  FROM      YEAR
                                                  NORMAL
..................................................................
TEMPERATURE (F)
 TODAY
  MAXIMUM         87    105 PM  97    1983  84      3       89
  MINIMUM         65    312 AM  46    1976  66     -1       69
  AVERAGE         76                        75      1       79

PRECIPITATION (IN)
  TODAY            0.00          2.03 1986   0.14  -0.14     0.80
  MONTH TO DATE    6.00                      2.29   3.71     3.88
  SINCE JUN 1     16.42                     11.09   5.33    11.13
  SINCE JAN 1     32.60                     28.03   4.57    29.36

DEGREE DAYS
 HEATING
  TODAY            0                         0      0        0
  MONTH TO DATE    0                         0      0        0
  SINCE JUN 1     12                        13     -1        1
  SINCE JUL 1      0                         0      0        0

 COOLING
  TODAY           11                        10      1       14
  MONTH TO DATE  244                       237      7      318
  SINCE JUN 1   1011                       843    168     1013
  SINCE JAN 1   1157                       937    220     1103
..................................................................


WIND (MPH)
  HIGHEST WIND SPEED    16   HIGHEST WIND DIRECTION     S (160)
  HIGHEST GUST SPEED    21   HIGHEST GUST DIRECTION    SE (150)
  AVERAGE WIND SPEED     4.5


SKY COVER
  POSSIBLE SUNSHINE  MM
  AVERAGE SKY COVER 0.2


WEATHER CONDITIONS
 THE FOLLOWING WEATHER WAS RECORDED TODAY.
  FOG


RELATIVE HUMIDITY (PERCENT)
 HIGHEST    93           200 AM
 LOWEST     55          1000 AM
 AVERAGE    74

..........................................................


THE GEORGETOWN DE CLIMATE NORMALS FOR TOMORROW
                         NORMAL    RECORD    YEAR
 MAXIMUM TEMPERATURE (F)   84        96      1968
 MINIMUM TEMPERATURE (F)   66        50      1984


SUNRISE AND SUNSET
AUGUST 21 2017........SUNRISE   621 AM EDT   SUNSET   747 PM EDT
AUGUST 22 2017........SUNRISE   622 AM EDT   SUNSET   746 PM EDT


-  INDICATES NEGATIVE NUMBERS.
R  INDICATES RECORD WAS SET OR TIED.
MM INDICATES DATA IS MISSING.
T  INDICATES TRACE AMOUNT.




$$
