000
CDUS41 KPHI 262126
CLIGED


CLIMATE REPORT
NATIONAL WEATHER SERVICE MOUNT HOLLY NJ
526 PM EDT TUE MAY 26 2015


...................................

...THE GEORGETOWN DE CLIMATE SUMMARY FOR MAY 26 2015...
VALID TODAY AS OF 0500 PM LOCAL TIME.

CLIMATE NORMAL PERIOD 1981 TO 2010
CLIMATE RECORD PERIOD 1948 TO 2015


WEATHER ITEM   OBSERVED TIME   RECORD YEAR NORMAL DEPARTURE LAST
                VALUE   (LST)  VALUE       VALUE  FROM      YEAR
                                                  NORMAL
..................................................................
TEMPERATURE (F)
 TODAY
  MAXIMUM         86    325 PM  92    2011  77      9       87
                                      1965
  MINIMUM         63    520 AM  40    1967  56      7       61
  AVERAGE         75                        66      9       74

PRECIPITATION (IN)
  TODAY            0.00          1.45 1977   0.13  -0.13     0.00
  MONTH TO DATE    1.19                      2.91  -1.72     2.53
  SINCE MAR 1      7.91                     10.59  -2.68     9.40
  SINCE JAN 1     14.74                     16.30  -1.56    16.58

SNOWFALL (IN)
  TODAY           MM            MM      MM  MM     MM       MM
  MONTH TO DATE   MM                        MM     MM       MM
  SINCE MAR 1     MM                        MM     MM       MM
  SINCE JUL 1     MM                        MM     MM       MM
  SNOW DEPTH      MM

DEGREE DAYS
 HEATING
  TODAY            0                         2     -2        0
  MONTH TO DATE   63                       125    -62       55
  SINCE MAR 1   1128                      1105     23     1133
  SINCE JUL 1   4616                      4385    231     4488

 COOLING
  TODAY           10                         4      6        9
  MONTH TO DATE  107                        54     53       72
  SINCE MAR 1    112                        74     38       84
  SINCE JAN 1    112                        74     38       84
..................................................................


WIND (MPH)
  HIGHEST WIND SPEED    21   HIGHEST WIND DIRECTION    SW (210)
  HIGHEST GUST SPEED    26   HIGHEST GUST DIRECTION     S (200)
  AVERAGE WIND SPEED    11.4


SKY COVER
  POSSIBLE SUNSHINE  MM
  AVERAGE SKY COVER 0.2


WEATHER CONDITIONS
 THE FOLLOWING WEATHER WAS RECORDED TODAY.
  NO SIGNIFICANT WEATHER WAS OBSERVED.


RELATIVE HUMIDITY (PERCENT)
 HIGHEST    93           400 AM
 LOWEST     44           400 PM
 AVERAGE    69

..........................................................


THE GEORGETOWN DE CLIMATE NORMALS FOR TOMORROW
                         NORMAL    RECORD    YEAR
 MAXIMUM TEMPERATURE (F)   77        95      1965
 MINIMUM TEMPERATURE (F)   56        39      1967


SUNRISE AND SUNSET
MAY 26 2015...........SUNRISE   542 AM EDT   SUNSET   816 PM EDT
MAY 27 2015...........SUNRISE   541 AM EDT   SUNSET   817 PM EDT


-  INDICATES NEGATIVE NUMBERS.
R  INDICATES RECORD WAS SET OR TIED.
MM INDICATES DATA IS MISSING.
T  INDICATES TRACE AMOUNT.




$$
