000
CDUS41 KPHI 280635
CLIGED


CLIMATE REPORT
NATIONAL WEATHER SERVICE MOUNT HOLLY NJ
229 AM EDT SAT MAR 28 2015


...................................

...THE GEORGETOWN DE CLIMATE SUMMARY FOR MARCH 27 2015...

CLIMATE NORMAL PERIOD 1981 TO 2010
CLIMATE RECORD PERIOD 1948 TO 2015


WEATHER ITEM   OBSERVED TIME   RECORD YEAR NORMAL DEPARTURE LAST
                VALUE   (LST)  VALUE       VALUE  FROM      YEAR
                                                  NORMAL
..................................................................
TEMPERATURE (F)
 YESTERDAY
  MAXIMUM         58   1206 AM  83    2007  58      0       45
  MINIMUM         38    234 PM  18    1951  38      0       19
  AVERAGE         48                        48      0       32

PRECIPITATION (IN)
  YESTERDAY        0.16          2.25 1988   0.15   0.01     0.00
  MONTH TO DATE    3.59                      3.43   0.16     1.72
  SINCE MAR 1      3.59                      3.43   0.16     1.72
  SINCE JAN 1     10.42                      9.14   1.28     8.90

SNOWFALL (IN)
  YESTERDAY       MM            MM      MM  MM     MM       MM
  MONTH TO DATE   MM                        MM     MM       MM
  SINCE MAR 1     MM                        MM     MM       MM
  SINCE JUL 1     MM                        MM     MM       MM
  SNOW DEPTH      MM

DEGREE DAYS
 HEATING
  YESTERDAY       17                        17      0       33
  MONTH TO DATE  660                       567     93      694
  SINCE MAR 1    660                       567     93      694
  SINCE JUL 1   4148                      3847    301     4049

 COOLING
  YESTERDAY        0                         0      0        0
  MONTH TO DATE    0                         0      0        0
  SINCE MAR 1      0                         0      0        0
  SINCE JAN 1      0                         0      0        0
..................................................................


WIND (MPH)
  HIGHEST WIND SPEED    18   HIGHEST WIND DIRECTION     N (10)
  HIGHEST GUST SPEED    25   HIGHEST GUST DIRECTION    NW (330)
  AVERAGE WIND SPEED     6.8


SKY COVER
  POSSIBLE SUNSHINE  MM
  AVERAGE SKY COVER 1.0


WEATHER CONDITIONS
 THE FOLLOWING WEATHER WAS RECORDED YESTERDAY.
  LIGHT RAIN
  FOG


RELATIVE HUMIDITY (PERCENT)
 HIGHEST    92           100 PM
 LOWEST     80          1200 AM
 AVERAGE    86

..........................................................


THE GEORGETOWN DE CLIMATE NORMALS FOR TODAY
                         NORMAL    RECORD    YEAR
 MAXIMUM TEMPERATURE (F)   58        80      1960
 MINIMUM TEMPERATURE (F)   38        20      1966


SUNRISE AND SUNSET
MARCH 28 2015.........SUNRISE   653 AM EDT   SUNSET   721 PM EDT
MARCH 29 2015.........SUNRISE   651 AM EDT   SUNSET   722 PM EDT


-  INDICATES NEGATIVE NUMBERS.
R  INDICATES RECORD WAS SET OR TIED.
MM INDICATES DATA IS MISSING.
T  INDICATES TRACE AMOUNT.




$$
