000
CDUS41 KPHI 090630
CLIGED


CLIMATE REPORT
NATIONAL WEATHER SERVICE MOUNT HOLLY NJ
129 AM EST FRI DEC 9 2016


...................................

...THE GEORGETOWN DE CLIMATE SUMMARY FOR DECEMBER 8 2016...

CLIMATE NORMAL PERIOD 1981 TO 2010
CLIMATE RECORD PERIOD 1948 TO 2016


WEATHER ITEM   OBSERVED TIME   RECORD YEAR NORMAL DEPARTURE LAST
                VALUE   (LST)  VALUE       VALUE  FROM      YEAR
                                                  NORMAL
..................................................................
TEMPERATURE (F)
 YESTERDAY
  MAXIMUM         46    347 PM  70    1966  50     -4       53
  MINIMUM         31    611 AM  10    1954  32     -1       30
  AVERAGE         39                        41     -2       42

PRECIPITATION (IN)
  YESTERDAY        0.00          1.12 1957   0.11  -0.11     0.00
  MONTH TO DATE    1.54                      0.94   0.60     0.59
  SINCE DEC 1      1.54                      0.94   0.60     0.59
  SINCE JAN 1     46.81                     41.42   5.39    35.80

SNOWFALL (IN)
  YESTERDAY       MM            MM      MM  MM     MM       MM
  MONTH TO DATE   MM                        MM     MM       MM
  SINCE DEC 1     MM                        MM     MM       MM
  SINCE JUL 1     MM                        MM     MM       MM
  SNOW DEPTH      MM

DEGREE DAYS
 HEATING
  YESTERDAY       26                        24      2       23
  MONTH TO DATE  165                       180    -15      153
  SINCE DEC 1    165                       180    -15      153
  SINCE JUL 1    799                       964   -165      793

 COOLING
  YESTERDAY        0                         0      0        0
  MONTH TO DATE    0                         0      0        0
  SINCE DEC 1      0                         0      0        0
  SINCE JAN 1   1506                      1196    310     1413
..................................................................


WIND (MPH)
  HIGHEST WIND SPEED    17   HIGHEST WIND DIRECTION    NW (310)
  HIGHEST GUST SPEED    28   HIGHEST GUST DIRECTION    NW (310)
  AVERAGE WIND SPEED     4.6


SKY COVER
  POSSIBLE SUNSHINE  MM
  AVERAGE SKY COVER 0.4


WEATHER CONDITIONS
 THE FOLLOWING WEATHER WAS RECORDED YESTERDAY.
  FOG
  FOG W/VISIBILITY <= 1/4 MILE


RELATIVE HUMIDITY (PERCENT)
 HIGHEST   100           200 AM
 LOWEST     39           800 PM
 AVERAGE    70

..........................................................


THE GEORGETOWN DE CLIMATE NORMALS FOR TODAY
                         NORMAL    RECORD    YEAR
 MAXIMUM TEMPERATURE (F)   50        71      1978
 MINIMUM TEMPERATURE (F)   32        10      1976


SUNRISE AND SUNSET
DECEMBER  9 2016......SUNRISE   708 AM EST   SUNSET   440 PM EST
DECEMBER 10 2016......SUNRISE   709 AM EST   SUNSET   440 PM EST


-  INDICATES NEGATIVE NUMBERS.
R  INDICATES RECORD WAS SET OR TIED.
MM INDICATES DATA IS MISSING.
T  INDICATES TRACE AMOUNT.




$$
