000
CDUS46 KOTX 220821
CLIGEG


CLIMATE REPORT
NATIONAL WEATHER SERVICE SPOKANE, WA
121 AM PDT TUE AUG 22 2017


...................................

...THE SPOKANE WA AIRPORT CLIMATE SUMMARY FOR AUGUST 21 2017...

CLIMATE NORMAL PERIOD 1981 TO 2010
CLIMATE RECORD PERIOD 1881 TO 2017


WEATHER ITEM   OBSERVED TIME   RECORD YEAR NORMAL DEPARTURE LAST
                VALUE   (LST)  VALUE       VALUE  FROM      YEAR
                                                  NORMAL
..................................................................
TEMPERATURE (F)
 YESTERDAY
  MAXIMUM         86    326 PM  99    1888  82      4       90
  MINIMUM         56    540 AM  43    1945  55      1       60
  AVERAGE         71                        68      3       75

PRECIPITATION (IN)
  YESTERDAY        0.00          0.98 1943   0.02  -0.02     0.00
  MONTH TO DATE    T                         0.39  -0.39     0.16
  SINCE OCT 1     23.26                     15.69   7.57    15.16
  SINCE JAN 1     13.97                      9.91   4.06     8.80

SNOWFALL (IN)
  YESTERDAY        0.0           0.0  2002   0.0    0.0      0.0
                                      2001
                                      1999
  MONTH TO DATE    0.0                       0.0    0.0      0.0
  SINCE JUN 1      0.0                       0.0    0.0      0.0
  SINCE JUL 1      0.0                       0.0    0.0      0.0
  SNOW DEPTH       0

DEGREE DAYS
 HEATING
  YESTERDAY        0                         1     -1        0
  MONTH TO DATE    2                        16    -14        9
  SINCE JUN 1     68                       184   -116      139
  SINCE JUL 1      2                        48    -46       29

 COOLING
  YESTERDAY        6                         5      1       10
  MONTH TO DATE  202                       131     71      160
  SINCE JUN 1    591                       360    231      426
  SINCE JAN 1    626                       374    252      438
..................................................................


WIND (MPH)
  HIGHEST WIND SPEED    12   HIGHEST WIND DIRECTION    NE (60)
  HIGHEST GUST SPEED    14   HIGHEST GUST DIRECTION    NE (60)
  AVERAGE WIND SPEED     3.6


SKY COVER
  POSSIBLE SUNSHINE  MM
  AVERAGE SKY COVER 0.5


WEATHER CONDITIONS
 THE FOLLOWING WEATHER WAS RECORDED YESTERDAY.
  NO SIGNIFICANT WEATHER WAS OBSERVED.


RELATIVE HUMIDITY (PERCENT)
 HIGHEST    57           600 AM
 LOWEST     20           300 PM
 AVERAGE    39

..........................................................


THE SPOKANE WA AIRPORT CLIMATE NORMALS FOR TODAY
                         NORMAL    RECORD    YEAR
 MAXIMUM TEMPERATURE (F)   82       102      1888
 MINIMUM TEMPERATURE (F)   55        40      1992
                                             1883


SUNRISE AND SUNSET
AUGUST 22 2017........SUNRISE   556 AM PDT   SUNSET   749 PM PDT
AUGUST 23 2017........SUNRISE   557 AM PDT   SUNSET   747 PM PDT


-  INDICATES NEGATIVE NUMBERS.
R  INDICATES RECORD WAS SET OR TIED.
MM INDICATES DATA IS MISSING.
T  INDICATES TRACE AMOUNT.




$$
