000
CDUS46 KOTX 292334
CLIGEG


CLIMATE REPORT
NATIONAL WEATHER SERVICE SPOKANE, WA
434 PM PDT MON AUG 29 2016


...................................

...THE SPOKANE WA AIRPORT CLIMATE SUMMARY FOR AUGUST 29 2016...
VALID AS OF 0400 PM LOCAL TIME.

CLIMATE NORMAL PERIOD 1981 TO 2010
CLIMATE RECORD PERIOD 1881 TO 2016


WEATHER ITEM   OBSERVED TIME   RECORD YEAR NORMAL DEPARTURE LAST
                VALUE   (LST)  VALUE       VALUE  FROM      YEAR
                                                  NORMAL
..................................................................
TEMPERATURE (F)
 TODAY
  MAXIMUM         90    259 PM  98    1929  79     11       83
  MINIMUM         57    455 AM  35    1965  53      4       59
  AVERAGE         74                        66      8       71

PRECIPITATION (IN)
  TODAY            0.00          1.08 1920   0.02  -0.02     0.01
  MONTH TO DATE    0.16                      0.55  -0.39     0.05
  SINCE OCT 1     15.16                     15.85  -0.69    11.80
  SINCE JAN 1      8.80                     10.07  -1.27     7.07

SNOWFALL (IN)
  TODAY            0.0           0.0  2002   0.0    0.0      0.0
                                      2001
                                      1999
  MONTH TO DATE    0.0                       0.0    0.0      0.0
  SINCE JUN 1      0.0                       0.0    0.0      0.0
  SINCE JUL 1      0.0                       0.0    0.0      0.0
  SNOW DEPTH      MM

DEGREE DAYS
 HEATING
  TODAY            0                         2     -2        0
  MONTH TO DATE   10                        29    -19        1
  SINCE JUN 1    140                       197    -57       31
  SINCE JUL 1     30                        61    -31        6

 COOLING
  TODAY            9                         3      6        6
  MONTH TO DATE  197                       161     36      251
  SINCE JUN 1    463                       390     73      776
  SINCE JAN 1    475                       404     71      808
..................................................................


WIND (MPH)
  HIGHEST WIND SPEED    14   HIGHEST WIND DIRECTION    NE (40)
  HIGHEST GUST SPEED    17   HIGHEST GUST DIRECTION    NE (50)
  AVERAGE WIND SPEED     6.7


SKY COVER
  POSSIBLE SUNSHINE  MM
  AVERAGE SKY COVER 0.5


WEATHER CONDITIONS
 THE FOLLOWING WEATHER WAS RECORDED TODAY.
  NO SIGNIFICANT WEATHER WAS OBSERVED.


RELATIVE HUMIDITY (PERCENT)
 HIGHEST    55           500 AM
 LOWEST     17           100 PM
 AVERAGE    36

..........................................................


THE SPOKANE WA AIRPORT CLIMATE NORMALS FOR TOMORROW
                         NORMAL    RECORD    YEAR
 MAXIMUM TEMPERATURE (F)   79        98      1929
 MINIMUM TEMPERATURE (F)   53        38      1965
                                             1881


SUNRISE AND SUNSET
AUGUST 29 2016........SUNRISE   605 AM PDT   SUNSET   735 PM PDT
AUGUST 30 2016........SUNRISE   607 AM PDT   SUNSET   733 PM PDT


-  INDICATES NEGATIVE NUMBERS.
R  INDICATES RECORD WAS SET OR TIED.
MM INDICATES DATA IS MISSING.
T  INDICATES TRACE AMOUNT.




$$
