000
CDUS46 KOTX 020836
CLIGEG


CLIMATE REPORT
NATIONAL WEATHER SERVICE SPOKANE, WA
136 AM PDT TUE JUN 2 2015


...................................

...THE SPOKANE WA AIRPORT CLIMATE SUMMARY FOR JUNE 1 2015...

CLIMATE NORMAL PERIOD 1981 TO 2010
CLIMATE RECORD PERIOD 1881 TO 2015


WEATHER ITEM   OBSERVED TIME   RECORD YEAR NORMAL DEPARTURE LAST
                VALUE   (LST)  VALUE       VALUE  FROM      YEAR
                                                  NORMAL
..................................................................
TEMPERATURE (F)
 YESTERDAY
  MAXIMUM         80    404 PM  94    1986  70     10       79
  MINIMUM         57   1159 PM  33    1984  48      9       48
  AVERAGE         69                        59     10       64

PRECIPITATION (IN)
  YESTERDAY        0.06          1.60 1923   0.06   0.00     0.00
  MONTH TO DATE    0.06                      0.06   0.00     0.00
  SINCE OCT 1     11.55                     13.47  -1.92     9.73
  SINCE JAN 1      6.82                      7.69  -0.87     7.40

SNOWFALL (IN)
  YESTERDAY        0.0           9.0  2005   0.0    0.0      0.0
  MONTH TO DATE    0.0                       0.0    0.0      0.0
  SINCE JUN 1      0.0                       0.0    0.0      0.0
  SINCE JUL 1     17.6                      44.9  -27.3     37.6
  SNOW DEPTH       0

DEGREE DAYS
 HEATING
  YESTERDAY        0                         7     -7        1
  MONTH TO DATE    0                         7     -7        1
  SINCE JUN 1      0                         7     -7        1
  SINCE JUL 1   5395                      6464  -1069     6588

 COOLING
  YESTERDAY        4                         1      3        0
  MONTH TO DATE    4                         1      3        0
  SINCE JUN 1      4                         1      3        0
  SINCE JAN 1     36                        15     21        6
..................................................................


WIND (MPH)
  HIGHEST WIND SPEED    28   HIGHEST WIND DIRECTION    SW (210)
  HIGHEST GUST SPEED    33   HIGHEST GUST DIRECTION    SW (220)
  AVERAGE WIND SPEED     8.7


SKY COVER
  POSSIBLE SUNSHINE  MM
  AVERAGE SKY COVER 0.8


WEATHER CONDITIONS
 THE FOLLOWING WEATHER WAS RECORDED YESTERDAY.
  THUNDERSTORM
  RAIN
  LIGHT RAIN


RELATIVE HUMIDITY (PERCENT)
 HIGHEST    93          1100 PM
 LOWEST     37           400 PM
 AVERAGE    65

..........................................................


THE SPOKANE WA AIRPORT CLIMATE NORMALS FOR TODAY
                         NORMAL    RECORD    YEAR
 MAXIMUM TEMPERATURE (F)   71        92      1937
 MINIMUM TEMPERATURE (F)   48        36      1987
                                             1977
                                             1892


SUNRISE AND SUNSET
JUNE  2 2015..........SUNRISE   456 AM PDT   SUNSET   841 PM PDT
JUNE  3 2015..........SUNRISE   455 AM PDT   SUNSET   842 PM PDT


-  INDICATES NEGATIVE NUMBERS.
R  INDICATES RECORD WAS SET OR TIED.
MM INDICATES DATA IS MISSING.
T  INDICATES TRACE AMOUNT.




$$
