000
CDUS46 KOTX 170824
CLIGEG


CLIMATE REPORT
NATIONAL WEATHER SERVICE SPOKANE, WA
1224 AM PST WED DEC 17 2014


...................................

...THE SPOKANE WA AIRPORT CLIMATE SUMMARY FOR DECEMBER 16 2014...

CLIMATE NORMAL PERIOD 1981 TO 2010
CLIMATE RECORD PERIOD 1881 TO 2014


WEATHER ITEM   OBSERVED TIME   RECORD YEAR NORMAL DEPARTURE LAST
                VALUE   (LST)  VALUE       VALUE  FROM      YEAR
                                                  NORMAL
..................................................................
TEMPERATURE (F)
 YESTERDAY
  MAXIMUM         35    230 PM  58    1941  32      3       41
  MINIMUM         30    558 AM -19    1964  22      8       29
  AVERAGE         33                        27      6       35

PRECIPITATION (IN)
  YESTERDAY        0.01          0.64 1997   0.07  -0.06     0.00
  MONTH TO DATE    0.84                      1.26  -0.42     0.24
  SINCE OCT 1      3.60                      4.74  -1.14     1.89
  SINCE JAN 1     13.86                     15.52  -1.66    10.92

SNOWFALL (IN)
  YESTERDAY        0.2           5.3  1961   0.5   -0.3      0.0
  MONTH TO DATE    0.6                       6.9   -6.3      0.2
  SINCE DEC 1      0.6                       6.9   -6.3      0.2
  SINCE JUL 1      1.1                      14.4  -13.3      3.3
  SNOW DEPTH       0

DEGREE DAYS
 HEATING
  YESTERDAY       32                        38     -6       30
  MONTH TO DATE  479                       591   -112      663
  SINCE DEC 1    479                       591   -112      663
  SINCE JUL 1   1848                      2258   -410     2318

 COOLING
  YESTERDAY        0                         0      0        0
  MONTH TO DATE    0                         0      0        0
  SINCE DEC 1      0                         0      0        0
  SINCE JAN 1    654                       450    204      709
..................................................................


WIND (MPH)
  HIGHEST WIND SPEED    14   HIGHEST WIND DIRECTION    NE (60)
  HIGHEST GUST SPEED    18   HIGHEST GUST DIRECTION    NE (60)
  AVERAGE WIND SPEED     7.5


SKY COVER
  POSSIBLE SUNSHINE  MM
  AVERAGE SKY COVER 0.9


WEATHER CONDITIONS
 THE FOLLOWING WEATHER WAS RECORDED YESTERDAY.
  LIGHT SNOW
  FOG


RELATIVE HUMIDITY (PERCENT)
 HIGHEST    92           400 PM
 LOWEST     70           100 PM
 AVERAGE    81

..........................................................


THE SPOKANE WA AIRPORT CLIMATE NORMALS FOR TODAY
                         NORMAL    RECORD    YEAR
 MAXIMUM TEMPERATURE (F)   32        53      1917
 MINIMUM TEMPERATURE (F)   22       -20      1964


SUNRISE AND SUNSET
DECEMBER 17 2014......SUNRISE   733 AM PST   SUNSET   359 PM PST
DECEMBER 18 2014......SUNRISE   734 AM PST   SUNSET   400 PM PST


-  INDICATES NEGATIVE NUMBERS.
R  INDICATES RECORD WAS SET OR TIED.
MM INDICATES DATA IS MISSING.
T  INDICATES TRACE AMOUNT.




$$
