000
CDUS46 KOTX 010827
CLIGEG


CLIMATE REPORT
NATIONAL WEATHER SERVICE SPOKANE, WA
1227 AM PST SUN MAR 1 2015


...................................

...THE SPOKANE WA AIRPORT CLIMATE SUMMARY FOR FEBRUARY 28 2015...

CLIMATE NORMAL PERIOD 1981 TO 2010
CLIMATE RECORD PERIOD 1881 TO 2015


WEATHER ITEM   OBSERVED TIME   RECORD YEAR NORMAL DEPARTURE LAST
                VALUE   (LST)  VALUE       VALUE  FROM      YEAR
                                                  NORMAL
..................................................................
TEMPERATURE (F)
 YESTERDAY
  MAXIMUM         43    220 PM  60    1988  44     -1       36
  MINIMUM         25   1139 PM -10    1890  28     -3       20
  AVERAGE         34                        36     -2       28

PRECIPITATION (IN)
  YESTERDAY        0.00          0.70 1940   0.05  -0.05      T
  MONTH TO DATE    1.04                      1.33  -0.29     1.81
  SINCE OCT 1      7.68                      8.90  -1.22     5.15
  SINCE JAN 1      2.95                      3.12  -0.17     2.82

SNOWFALL (IN)
  YESTERDAY        0.0           3.3  1955   0.2   -0.2      0.1
  MONTH TO DATE    1.1                       6.8   -5.7     17.9
  SINCE DEC 1     15.2                      32.8  -17.6     28.7
  SINCE JUL 1     15.7                      40.3  -24.6     31.8
  SNOW DEPTH       0

DEGREE DAYS
 HEATING
  YESTERDAY       31                        29      2       37
  MONTH TO DATE  713                       895   -182     1085
  SINCE DEC 1   2753                      3162   -409     3388
  SINCE JUL 1   4122                      4829   -707     5043

 COOLING
  YESTERDAY        0                         0      0        0
  MONTH TO DATE    0                         0      0        0
  SINCE DEC 1      0                         0      0        0
  SINCE JAN 1      0                         0      0        0
..................................................................


WIND (MPH)
  HIGHEST WIND SPEED    24   HIGHEST WIND DIRECTION    NE (40)
  HIGHEST GUST SPEED    27   HIGHEST GUST DIRECTION    NE (50)
  AVERAGE WIND SPEED    10.3


SKY COVER
  POSSIBLE SUNSHINE  MM
  AVERAGE SKY COVER 0.1


WEATHER CONDITIONS
 THE FOLLOWING WEATHER WAS RECORDED YESTERDAY.
  NO SIGNIFICANT WEATHER WAS OBSERVED.


RELATIVE HUMIDITY (PERCENT)
 HIGHEST    46           600 AM
 LOWEST     19           300 PM
 AVERAGE    33

..........................................................


THE SPOKANE WA AIRPORT CLIMATE NORMALS FOR TODAY
                         NORMAL    RECORD    YEAR
 MAXIMUM TEMPERATURE (F)   44        64      1905
 MINIMUM TEMPERATURE (F)   28         1      1971


SUNRISE AND SUNSET
MARCH  1 2015.........SUNRISE   631 AM PST   SUNSET   535 PM PST
MARCH  2 2015.........SUNRISE   629 AM PST   SUNSET   536 PM PST


-  INDICATES NEGATIVE NUMBERS.
R  INDICATES RECORD WAS SET OR TIED.
MM INDICATES DATA IS MISSING.
T  INDICATES TRACE AMOUNT.




$$
