000
CDUS46 KOTX 260828
CLIGEG


CLIMATE REPORT
NATIONAL WEATHER SERVICE SPOKANE, WA
1228 AM PST WED NOV 26 2014


...................................

...THE SPOKANE WA AIRPORT CLIMATE SUMMARY FOR NOVEMBER 25 2014...

CLIMATE NORMAL PERIOD 1981 TO 2010
CLIMATE RECORD PERIOD 1881 TO 2014


WEATHER ITEM   OBSERVED TIME   RECORD YEAR NORMAL DEPARTURE LAST
                VALUE   (LST)  VALUE       VALUE  FROM      YEAR
                                                  NORMAL
..................................................................
TEMPERATURE (F)
 YESTERDAY
  MAXIMUM         41    219 AM  57    1914  37      4       38
  MINIMUM         33   1159 PM  -3    1985  27      6       19
  AVERAGE         37                        32      5       29

PRECIPITATION (IN)
  YESTERDAY        0.18          0.67 1977   0.09   0.09     0.00
  MONTH TO DATE    1.22                      1.88  -0.66     1.49
  SINCE OCT 1      2.64                      3.06  -0.42     1.58
  SINCE JAN 1     12.90                     13.84  -0.94    10.61

SNOWFALL (IN)
  YESTERDAY        T             5.7  1931   0.3   -0.3      0.0
  MONTH TO DATE    0.5                       5.4   -4.9      2.7
  SINCE SEP 1      0.5                       5.5   -5.0      2.7
  SINCE JUL 1      0.5                       5.5   -5.0      2.7
  SNOW DEPTH       0

DEGREE DAYS
 HEATING
  YESTERDAY       28                        33     -5       36
  MONTH TO DATE  765                       709     56      720
  SINCE SEP 1   1216                      1432   -216     1470
  SINCE JUL 1   1228                      1497   -269     1477

 COOLING
  YESTERDAY        0                         0      0        0
  MONTH TO DATE    0                         0      0        0
  SINCE SEP 1     48                        39      9      108
  SINCE JAN 1    654                       450    204      709
..................................................................


WIND (MPH)
  HIGHEST WIND SPEED    22   HIGHEST WIND DIRECTION    SW (210)
  HIGHEST GUST SPEED    29   HIGHEST GUST DIRECTION    SW (220)
  AVERAGE WIND SPEED     6.8


SKY COVER
  POSSIBLE SUNSHINE  MM
  AVERAGE SKY COVER 1.0


WEATHER CONDITIONS
 THE FOLLOWING WEATHER WAS RECORDED YESTERDAY.
  LIGHT RAIN
  SNOW
  LIGHT SNOW
  FOG
  FOG W/VISIBILITY <= 1/4 MILE


RELATIVE HUMIDITY (PERCENT)
 HIGHEST   100           600 AM
 LOWEST     79           100 PM
 AVERAGE    90

..........................................................


THE SPOKANE WA AIRPORT CLIMATE NORMALS FOR TODAY
                         NORMAL    RECORD    YEAR
 MAXIMUM TEMPERATURE (F)   37        57      1949
 MINIMUM TEMPERATURE (F)   27         2      1993


SUNRISE AND SUNSET
NOVEMBER 26 2014......SUNRISE   711 AM PST   SUNSET   403 PM PST
NOVEMBER 27 2014......SUNRISE   712 AM PST   SUNSET   403 PM PST


-  INDICATES NEGATIVE NUMBERS.
R  INDICATES RECORD WAS SET OR TIED.
MM INDICATES DATA IS MISSING.
T  INDICATES TRACE AMOUNT.




$$
