000
CDUS46 KOTX 280830
CLIGEG


CLIMATE REPORT
NATIONAL WEATHER SERVICE SPOKANE, WA
130 AM PDT WED SEP 28 2016


...................................

...THE SPOKANE WA AIRPORT CLIMATE SUMMARY FOR SEPTEMBER 27 2016...

CLIMATE NORMAL PERIOD 1981 TO 2010
CLIMATE RECORD PERIOD 1881 TO 2016


WEATHER ITEM   OBSERVED TIME   RECORD YEAR NORMAL DEPARTURE LAST
                VALUE   (LST)  VALUE       VALUE  FROM      YEAR
                                                  NORMAL
..................................................................
TEMPERATURE (F)
 YESTERDAY
  MAXIMUM         80    246 PM  87    1967  68     12       67
                                      1963
  MINIMUM         51    217 AM  28    1999  43      8       39
                                      1972
  AVERAGE         66                        56     10       53

PRECIPITATION (IN)
  YESTERDAY        0.00          0.59 1955   0.03  -0.03     0.00
  MONTH TO DATE    0.20                      0.60  -0.40     0.52
  SINCE OCT 1     15.36                     16.49  -1.13    12.45
  SINCE JAN 1      9.00                     10.71  -1.71     7.72

SNOWFALL (IN)
  YESTERDAY        0.0           0.0  2002   0.0    0.0      0.0
                                      2001
                                      1999
  MONTH TO DATE    0.0                       0.0    0.0      0.0
  SINCE SEP 1      0.0                       0.0    0.0      0.0
  SINCE JUL 1      0.0                       0.0    0.0      0.0
  SNOW DEPTH       0

DEGREE DAYS
 HEATING
  YESTERDAY        0                        10    -10       12
  MONTH TO DATE  158                       154      4      180
  SINCE SEP 1    158                       154      4      180
  SINCE JUL 1    188                       219    -31      196

 COOLING
  YESTERDAY        1                         0      1        0
  MONTH TO DATE    5                        37    -32       20
  SINCE SEP 1      5                        37    -32       20
  SINCE JAN 1    492                       448     44      828
..................................................................


WIND (MPH)
  HIGHEST WIND SPEED    17   HIGHEST WIND DIRECTION     W (250)
  HIGHEST GUST SPEED    23   HIGHEST GUST DIRECTION    SW (210)
  AVERAGE WIND SPEED     7.9


SKY COVER
  POSSIBLE SUNSHINE  MM
  AVERAGE SKY COVER 0.2


WEATHER CONDITIONS
 THE FOLLOWING WEATHER WAS RECORDED YESTERDAY.
  NO SIGNIFICANT WEATHER WAS OBSERVED.


RELATIVE HUMIDITY (PERCENT)
 HIGHEST    64           600 AM
 LOWEST     25           300 PM
 AVERAGE    45

..........................................................


THE SPOKANE WA AIRPORT CLIMATE NORMALS FOR TODAY
                         NORMAL    RECORD    YEAR
 MAXIMUM TEMPERATURE (F)   68        89      1967
 MINIMUM TEMPERATURE (F)   43        27      1984


SUNRISE AND SUNSET
SEPTEMBER 28 2016.....SUNRISE   646 AM PDT   SUNSET   634 PM PDT
SEPTEMBER 29 2016.....SUNRISE   647 AM PDT   SUNSET   632 PM PDT


-  INDICATES NEGATIVE NUMBERS.
R  INDICATES RECORD WAS SET OR TIED.
MM INDICATES DATA IS MISSING.
T  INDICATES TRACE AMOUNT.




$$
