000
CDUS46 KOTX 030828
CLIGEG


CLIMATE REPORT
NATIONAL WEATHER SERVICE SPOKANE, WA
1227 AM PST SAT DEC 3 2016


...................................

...THE SPOKANE WA AIRPORT CLIMATE SUMMARY FOR DECEMBER 2 2016...

CLIMATE NORMAL PERIOD 1981 TO 2010
CLIMATE RECORD PERIOD 1881 TO 2016


WEATHER ITEM   OBSERVED TIME   RECORD YEAR NORMAL DEPARTURE LAST
                VALUE   (LST)  VALUE       VALUE  FROM      YEAR
                                                  NORMAL
..................................................................
TEMPERATURE (F)
 YESTERDAY
  MAXIMUM         38   1152 PM  56    1927  34      4       31
  MINIMUM         26    139 AM   4    1919  25      1       22
  AVERAGE         32                        30      2       27

PRECIPITATION (IN)
  YESTERDAY        0.02          0.97 1941   0.08  -0.06     0.08
  MONTH TO DATE    0.04                      0.17  -0.13     0.08
  SINCE OCT 1      7.84                      3.65   4.19     1.99
  SINCE JAN 1     16.85                     14.43   2.42     9.71

SNOWFALL (IN)
  YESTERDAY        T             6.0  1922   0.4   -0.4      0.8
  MONTH TO DATE    0.2                       0.8   -0.6      0.8
  SINCE DEC 1      0.2                       0.8   -0.6      0.8
  SINCE JUL 1      3.5                       8.3   -4.8      2.3
  SNOW DEPTH       0

DEGREE DAYS
 HEATING
  YESTERDAY       33                        35     -2       38
  MONTH TO DATE   65                        70     -5       79
  SINCE DEC 1     65                        70     -5       79
  SINCE JUL 1   1398                      1737   -339     1513

 COOLING
  YESTERDAY        0                         0      0        0
  MONTH TO DATE    0                         0      0        0
  SINCE DEC 1      0                         0      0        0
  SINCE JAN 1    494                       450     44      828
..................................................................


WIND (MPH)
  HIGHEST WIND SPEED    21   HIGHEST WIND DIRECTION    SW (210)
  HIGHEST GUST SPEED    26   HIGHEST GUST DIRECTION    SW (210)
  AVERAGE WIND SPEED     9.1


SKY COVER
  POSSIBLE SUNSHINE  MM
  AVERAGE SKY COVER 0.9


WEATHER CONDITIONS
 THE FOLLOWING WEATHER WAS RECORDED YESTERDAY.
  LIGHT RAIN
  LIGHT SNOW
  FOG
  FOG W/VISIBILITY <= 1/4 MILE


RELATIVE HUMIDITY (PERCENT)
 HIGHEST   100          1200 AM
 LOWEST     82           100 PM
 AVERAGE    91

..........................................................


THE SPOKANE WA AIRPORT CLIMATE NORMALS FOR TODAY
                         NORMAL    RECORD    YEAR
 MAXIMUM TEMPERATURE (F)   34        55      1918
 MINIMUM TEMPERATURE (F)   25        -4      1919


SUNRISE AND SUNSET
DECEMBER  3 2016......SUNRISE   721 AM PST   SUNSET   400 PM PST
DECEMBER  4 2016......SUNRISE   722 AM PST   SUNSET   359 PM PST


-  INDICATES NEGATIVE NUMBERS.
R  INDICATES RECORD WAS SET OR TIED.
MM INDICATES DATA IS MISSING.
T  INDICATES TRACE AMOUNT.




$$
