341
CDUS46 KOTX 180833
CLIGEG


CLIMATE REPORT
NATIONAL WEATHER SERVICE SPOKANE, WA
1232 AM PST SUN FEB 18 2018


...................................

...THE SPOKANE WA AIRPORT CLIMATE SUMMARY FOR FEBRUARY 17 2018...

CLIMATE NORMAL PERIOD 1981 TO 2010
CLIMATE RECORD PERIOD 1881 TO 2018


WEATHER ITEM   OBSERVED TIME   RECORD YEAR NORMAL DEPARTURE LAST
                VALUE   (LST)  VALUE       VALUE  FROM      YEAR
                                                  NORMAL
..................................................................
TEMPERATURE (F)
 YESTERDAY
  MAXIMUM         41    508 PM  58    1930  40      1       42
  MINIMUM         30    724 AM  -5    1881  26      4       31
  AVERAGE         36                        33      3       37

PRECIPITATION (IN)
  YESTERDAY        0.30          0.71 1940   0.05   0.25     0.02
  MONTH TO DATE    1.48                      0.80   0.68     3.17
  SINCE OCT 1     11.19                      8.37   2.82    14.31
  SINCE JAN 1      4.03                      2.59   1.44     5.02

SNOWFALL (IN)
  YESTERDAY        1.9           7.6  1989   0.3    1.6      0.0
  MONTH TO DATE   10.5                       4.5    6.0     13.8
  SINCE DEC 1     35.7                      30.5    5.2     46.3
  SINCE JUL 1     42.9                      38.0    4.9     49.6
  SNOW DEPTH       3

DEGREE DAYS
 HEATING
  YESTERDAY       29                        32     -3       28
  MONTH TO DATE  503                       558    -55      600
  SINCE DEC 1   2642                      2824   -182     3268
  SINCE JUL 1   4182                      4491   -309     4601

 COOLING
  YESTERDAY        0                         0      0        0
  MONTH TO DATE    0                         0      0        0
  SINCE DEC 1      0                         0      0        0
  SINCE JAN 1      0                         0      0        0
..................................................................


WIND (MPH)
  HIGHEST WIND SPEED    37   HIGHEST WIND DIRECTION    SW (240)
  HIGHEST GUST SPEED    49   HIGHEST GUST DIRECTION     W (250)
  AVERAGE WIND SPEED    12.7


SKY COVER
  POSSIBLE SUNSHINE  MM
  AVERAGE SKY COVER 0.9


WEATHER CONDITIONS
 THE FOLLOWING WEATHER WAS RECORDED YESTERDAY.
  LIGHT RAIN
  HAIL
  SNOW
  LIGHT SNOW
  FOG


RELATIVE HUMIDITY (PERCENT)
 HIGHEST   100          1200 AM
 LOWEST     70           500 PM
 AVERAGE    85

..........................................................


THE SPOKANE WA AIRPORT CLIMATE NORMALS FOR TODAY
                         NORMAL    RECORD    YEAR
 MAXIMUM TEMPERATURE (F)   40        60      1930
 MINIMUM TEMPERATURE (F)   26       -14      1882


SUNRISE AND SUNSET
FEBRUARY 18 2018......SUNRISE   650 AM PST   SUNSET   518 PM PST
FEBRUARY 19 2018......SUNRISE   649 AM PST   SUNSET   520 PM PST


-  INDICATES NEGATIVE NUMBERS.
R  INDICATES RECORD WAS SET OR TIED.
MM INDICATES DATA IS MISSING.
T  INDICATES TRACE AMOUNT.




$$
