000
CDUS46 KOTX 270428
CLIGEG


CLIMATE REPORT
NATIONAL WEATHER SERVICE SPOKANE, WA
927 PM PDT WED APR 26 2017


...................................

...THE SPOKANE WA AIRPORT CLIMATE SUMMARY FOR APRIL 26 2017...
VALID TODAY AS OF 0800 PM LOCAL TIME.

CLIMATE NORMAL PERIOD 1981 TO 2010
CLIMATE RECORD PERIOD 1881 TO 2017


WEATHER ITEM   OBSERVED TIME   RECORD YEAR NORMAL DEPARTURE LAST
                VALUE   (LST)  VALUE       VALUE  FROM      YEAR
                                                  NORMAL
..................................................................
TEMPERATURE (F)
 TODAY
  MAXIMUM         55    302 PM  81    1926  60     -5       63
  MINIMUM         43    759 PM  27    1950  38      5       38
  AVERAGE         49                        49      0       51

PRECIPITATION (IN)
  TODAY            0.06          0.41 2011   0.04   0.02     0.00
  MONTH TO DATE    1.60                      1.13   0.47     0.24
  SINCE OCT 1     21.24                     11.64   9.60    13.36
  SINCE JAN 1     11.95                      5.86   6.09     7.00

DEGREE DAYS
 HEATING
  TODAY           16                        16      0       14
  MONTH TO DATE  486                       480      6      264
  SINCE MAR 1   1227                      1247    -20      947
  SINCE JUL 1   6220                      6076    144     5236

 COOLING
  TODAY            0                         0      0        0
  MONTH TO DATE    0                         0      0        6
  SINCE MAR 1      0                         0      0        6
  SINCE JAN 1      0                         0      0        6
..................................................................


WIND (MPH)
  HIGHEST WIND SPEED    28   HIGHEST WIND DIRECTION    SW (230)
  HIGHEST GUST SPEED    35   HIGHEST GUST DIRECTION    SW (220)
  AVERAGE WIND SPEED    15.4


SKY COVER
  POSSIBLE SUNSHINE  MM
  AVERAGE SKY COVER 0.9


WEATHER CONDITIONS
 THE FOLLOWING WEATHER WAS RECORDED TODAY.
  THUNDERSTORM
  LIGHT RAIN
  HAIL


RELATIVE HUMIDITY (PERCENT)
 HIGHEST    96           400 AM
 LOWEST     41           100 PM
 AVERAGE    69

..........................................................


THE SPOKANE WA AIRPORT CLIMATE NORMALS FOR TOMORROW
                         NORMAL    RECORD    YEAR
 MAXIMUM TEMPERATURE (F)   61        86      1987
 MINIMUM TEMPERATURE (F)   39        25      1970


SUNRISE AND SUNSET
APRIL 26 2017.........SUNRISE   541 AM PDT   SUNSET   756 PM PDT
APRIL 27 2017.........SUNRISE   539 AM PDT   SUNSET   757 PM PDT


-  INDICATES NEGATIVE NUMBERS.
R  INDICATES RECORD WAS SET OR TIED.
MM INDICATES DATA IS MISSING.
T  INDICATES TRACE AMOUNT.




$$
