000
CDUS46 KOTX 220449
CLIGEG


CLIMATE REPORT
NATIONAL WEATHER SERVICE SPOKANE, WA
848 PM PST SAT JAN 21 2017


...................................

...THE SPOKANE WA AIRPORT CLIMATE SUMMARY FOR JANUARY 21 2017...
VALID TODAY AS OF 0800 PM LOCAL TIME.

CLIMATE NORMAL PERIOD 1981 TO 2010
CLIMATE RECORD PERIOD 1881 TO 2017


WEATHER ITEM   OBSERVED TIME   RECORD YEAR NORMAL DEPARTURE LAST
                VALUE   (LST)  VALUE       VALUE  FROM      YEAR
                                                  NORMAL
..................................................................
TEMPERATURE (F)
 TODAY
  MAXIMUM         39    137 PM  49    1909  35      4       38
  MINIMUM         32    340 AM -13    1962  26      6       32
  AVERAGE         36                        30      6       35

PRECIPITATION (IN)
  TODAY            T             1.26 1954   0.06  -0.06     0.26
  MONTH TO DATE    1.60                      1.29   0.31     1.84
  SINCE OCT 1     10.89                      7.07   3.82     8.20
  SINCE JAN 1      1.60                      1.29   0.31     1.84

SNOWFALL (IN)
  TODAY           MM            12.7  1954   0.3   MM
  MONTH TO DATE   12.3                       8.6    3.7
  SINCE DEC 1     31.3                      23.2    8.1
  SINCE JUL 1     34.6                      30.7    3.9
  SNOW DEPTH      MM

DEGREE DAYS
 HEATING
  TODAY           29                        35     -6       30
  MONTH TO DATE 1004                       759    245      753
  SINCE DEC 1   2293                      1926    367     1807
  SINCE JUL 1   3626                      3593     33     3241

 COOLING
  TODAY            0                         0      0        0
  MONTH TO DATE    0                         0      0        0
  SINCE DEC 1      0                         0      0        0
  SINCE JAN 1      0                         0      0        0
..................................................................


WIND (MPH)
  HIGHEST WIND SPEED    13   HIGHEST WIND DIRECTION     E (70)
  HIGHEST GUST SPEED    14   HIGHEST GUST DIRECTION     E (70)
  AVERAGE WIND SPEED     5.3


SKY COVER
  POSSIBLE SUNSHINE  MM
  AVERAGE SKY COVER 0.9


WEATHER CONDITIONS
 THE FOLLOWING WEATHER WAS RECORDED TODAY.
  LIGHT RAIN


RELATIVE HUMIDITY (PERCENT)
 HIGHEST    82           300 AM
 LOWEST     75          1200 AM
 AVERAGE    79

..........................................................


THE SPOKANE WA AIRPORT CLIMATE NORMALS FOR TOMORROW
                         NORMAL    RECORD    YEAR
 MAXIMUM TEMPERATURE (F)   35        56      1919
 MINIMUM TEMPERATURE (F)   26       -11      1969


SUNRISE AND SUNSET
JANUARY 21 2017.......SUNRISE   729 AM PST   SUNSET   435 PM PST
JANUARY 22 2017.......SUNRISE   728 AM PST   SUNSET   436 PM PST


-  INDICATES NEGATIVE NUMBERS.
R  INDICATES RECORD WAS SET OR TIED.
MM INDICATES DATA IS MISSING.
T  INDICATES TRACE AMOUNT.




$$
