000
CDUS46 KOTX 140826
CLIGEG


CLIMATE REPORT
NATIONAL WEATHER SERVICE SPOKANE, WA
1226 AM PST SUN FEB 14 2016


...................................

...THE SPOKANE WA AIRPORT CLIMATE SUMMARY FOR FEBRUARY 13 2016...

CLIMATE NORMAL PERIOD 1981 TO 2010
CLIMATE RECORD PERIOD 1881 TO 2016


WEATHER ITEM   OBSERVED TIME   RECORD YEAR NORMAL DEPARTURE LAST
                VALUE   (LST)  VALUE       VALUE  FROM      YEAR
                                                  NORMAL
..................................................................
TEMPERATURE (F)
 YESTERDAY
  MAXIMUM         44    301 PM  58    1898  39      5       51
  MINIMUM         36    926 PM -16    1884  26     10       35
  AVERAGE         40                        32      8       43

PRECIPITATION (IN)
  YESTERDAY        0.11          0.74 1976   0.04   0.07     0.00
  MONTH TO DATE    0.42                      0.61  -0.19     1.04
  SINCE OCT 1      9.52                      8.18   1.34     7.68
  SINCE JAN 1      3.16                      2.40   0.76     2.95

SNOWFALL (IN)
  YESTERDAY        0.0           3.4  1937   0.3   -0.3      0.0
  MONTH TO DATE    1.3                       3.5   -2.2      1.1
  SINCE DEC 1     32.1                      29.5    2.6     15.2
  SINCE JUL 1     33.6                      37.0   -3.4     15.7
  SNOW DEPTH       0

DEGREE DAYS
 HEATING
  YESTERDAY       25                        32     -7       22
  MONTH TO DATE  381                       430    -49      285
  SINCE DEC 1   2483                      2696   -213     2325
  SINCE JUL 1   3917                      4363   -446     3694

 COOLING
  YESTERDAY        0                         0      0        0
  MONTH TO DATE    0                         0      0        0
  SINCE DEC 1      0                         0      0        0
  SINCE JAN 1      0                         0      0        0
..................................................................


WIND (MPH)
  HIGHEST WIND SPEED    24   HIGHEST WIND DIRECTION    SW (240)
  HIGHEST GUST SPEED    29   HIGHEST GUST DIRECTION    SW (210)
  AVERAGE WIND SPEED    15.7


SKY COVER
  POSSIBLE SUNSHINE  MM
  AVERAGE SKY COVER 0.9


WEATHER CONDITIONS
 THE FOLLOWING WEATHER WAS RECORDED YESTERDAY.
  LIGHT RAIN
  SNOW
  FOG


RELATIVE HUMIDITY (PERCENT)
 HIGHEST    92           400 AM
 LOWEST     62           200 PM
 AVERAGE    77

..........................................................


THE SPOKANE WA AIRPORT CLIMATE NORMALS FOR TODAY
                         NORMAL    RECORD    YEAR
 MAXIMUM TEMPERATURE (F)   39        55      1924
 MINIMUM TEMPERATURE (F)   26       -12      1884


SUNRISE AND SUNSET
FEBRUARY 14 2016......SUNRISE   658 AM PST   SUNSET   511 PM PST
FEBRUARY 15 2016......SUNRISE   656 AM PST   SUNSET   513 PM PST


-  INDICATES NEGATIVE NUMBERS.
R  INDICATES RECORD WAS SET OR TIED.
MM INDICATES DATA IS MISSING.
T  INDICATES TRACE AMOUNT.




$$
